000
CXUS54 KLZK 011330
CF6M19
PRELIMINARY LOCAL CLIMATOLOGICAL DATA (WS FORM: F-6)
STATION: NEWPORT AIRPORT
MONTH: JANUARY
YEAR: 2024
LATITUDE: 35 35 N
LONGITUDE: 91 16 W
TEMPERATURE IN F: :PCPN: SNOW: WIND :SUNSHINE: SKY :PK WND
================================================================================
1 2 3 4 5 6A 6B 7 8 9 10 11 12 13 14 15 16 17 18
12Z AVG MX 2MIN
DY MAX MIN AVG DEP HDD CDD WTR SNW DPTH SPD SPD DIR MIN PSBL S-S WX SPD DR
================================================================================
1 37 29 33 -4 32 0 0.00 M M 7.3 13 350 M M 7 18 350
2 43 23 33 -4 32 0 0.00 M M 3.4 7 150 M M 0 M M
3 48 29 39 2 26 0 0.00 M M 2.8 6 230 M M 0 M M
4 37 26 32 -5 33 0 0.00 M M 9.4 17 40 M M 5 1 M M
5 36 25 31 -6 34 0 0.35 M M 7.7 15 70 M M 6 1 M M
6 43 35 39 2 26 0 T M M 7.7 10 230 M M 10 1 M M
7 52 31 42 5 23 0 0.00 M M 7.5 12 240 M M 3 M M
8 44 31 38 2 27 0 0.84 M M 12.0 22 110 M M 6 13 35 110
9 44 35 40 4 25 0 0.04 M M 18.3 30 250 M M 10 41 250
10 46 25 36 0 29 0 0.00 M M 10.5 22 170 M M 0 28 170
11 58 30 44 8 21 0 0.13 M M 9.1 37 160 M M 4 3 48 160
12 57 27 42 6 23 0 1.66 M M 17.3 33 160 M M 8 13 51 240
13 38 22 30 -6 35 0 0.00 M M 10.1 22 290 M M 0 26 290
14 23 8 16 -20 49 0 T M M 13.5 23 330 M M 5 1 31 330
15 13 6 10 -26 55 0 T M M 12.0 16 360 M M 8 21 360
16 20 4 12 -24 53 0 0.00 M M 10.4 18 330 M M 0 23 320
17 31 6 19 -17 46 0 0.00 M M 12.1 20 200 M M 0 M M
18 34 19 27 -10 38 0 0.00 M M 6.4 14 170 M M 7 12 M M
19 32 17 25 -12 40 0 0.00 M M 14.4 25 330 M M 2 12 37 330
20 24 10 17 -20 48 0 0.00 M M 9.5 14 20 M M 0 M M
21 33 10 22 -15 43 0 0.00 M M 6.2 13 100 M M 3 M M
22 38 30 34 -3 31 0 0.50 M M 7.5 16 180 M M 9 1 M M
23 51 34 43 6 22 0 1.65 M M 7.7 16 110 M M 9 12 22 250
24 52 41 47 10 18 0 0.15 M M 3.3 13 260 M M 10 12 M M
25 56 43 50 13 15 0 0.30 M M 4.2 8 220 M M 8 12 M M
26 49 44 47 10 18 0 0.00 M M 5.8 10 40 M M 10 M M
27 46 40 43 6 22 0 1.16 M M 16.4 24 40 M M 10 29 20
28 52 35 44 6 21 0 0.00 M M 9.9 17 310 M M 5 22 300
29 52 29 41 3 24 0 0.00 M M 5.1 9 150 M M 0 M M
30 67 37 52 14 13 0 0.00 M M 9.8 17 290 M M 0 23 320
31 51 31 41 3 24 0 0.00 M M 5.2 13 70 M M 1 M M
================================================================================
SM 1307 812 946 0 6.78 M 282.4 M 146
================================================================================
AV 42.2 26.2 9.1 FASTST M M 5 MAX(MPH)
MISC ----> 37 160 51 240
================================================================================
NOTES:
# LAST OF SEVERAL OCCURRENCES
COLUMN 17 PEAK WIND IN M.P.H.
PRELIMINARY LOCAL CLIMATOLOGICAL DATA (WS FORM: F-6) , PAGE 2
STATION: NEWPORT AIRPORT
MONTH: JANUARY
YEAR: 2024
LATITUDE: 35 35 N
LONGITUDE: 91 16 W
[TEMPERATURE DATA] [PRECIPITATION DATA] SYMBOLS USED IN COLUMN 16
AVERAGE MONTHLY: 34.2 TOTAL FOR MONTH: 6.78 1 = FOG OR MIST
DPTR FM NORMAL: -2.6 DPTR FM NORMAL: 3.22 2 = FOG REDUCING VISIBILITY
HIGHEST: 67 ON 30 GRTST 24HR 1.81 ON 26-27 TO 1/4 MILE OR LESS
LOWEST: 4 ON 16 3 = THUNDER
SNOW, ICE PELLETS, HAIL 4 = ICE PELLETS
TOTAL MONTH: M 5 = HAIL
GRTST 24HR M ON M 6 = FREEZING RAIN OR DRIZZLE
GRTST DEPTH: M ON M 7 = DUSTSTORM OR SANDSTORM:
VSBY 1/2 MILE OR LESS
8 = SMOKE OR HAZE
[NO. OF DAYS WITH] [WEATHER - DAYS WITH] 9 = BLOWING SNOW
X = TORNADO
MAX 32 OR BELOW: 6 0.01 INCH OR MORE: 10
MAX 90 OR ABOVE: 0 0.10 INCH OR MORE: 9
MIN 32 OR BELOW: 22 0.50 INCH OR MORE: 5
MIN 0 OR BELOW: 0 1.00 INCH OR MORE: 3
[HDD (BASE 65) ]
TOTAL THIS MO. 946 CLEAR (SCALE 0-3) 13
DPTR FM NORMAL 73 PTCLDY (SCALE 4-7) 10
TOTAL FM JUL 1 2068 CLOUDY (SCALE 8-10) 8
DPTR FM NORMAL -227
[CDD (BASE 65) ]
TOTAL THIS MO. 0
DPTR FM NORMAL 0 [PRESSURE DATA]
TOTAL FM JAN 1 0 HIGHEST SLP M ON M
DPTR FM NORMAL 0 LOWEST SLP M ON M
[REMARKS]
#FINAL-01-24#