477
CXUS54 KMAF 011110
CF6MAF
PRELIMINARY LOCAL CLIMATOLOGICAL DATA (WS FORM: F-6)
STATION: MIDLAND INTERNATIONAL AIRPORT
MONTH: JUNE
YEAR: 2020
LATITUDE: 31 57 N
LONGITUDE: 102 11 W
TEMPERATURE IN F: :PCPN: SNOW: WIND :SUNSHINE: SKY :PK WND
================================================================================
1 2 3 4 5 6A 6B 7 8 9 10 11 12 13 14 15 16 17 18
12Z AVG MX 2MIN
DY MAX MIN AVG DEP HDD CDD WTR SNW DPTH SPD SPD DIR MIN PSBL S-S WX SPD DR
================================================================================
1 83 66 75 -3 0 10 0.00 0.0 0 12.1 24 100 M M 3 3 27 100
2 89 64 77 -1 0 12 0.00 0.0 0 11.6 18 140 M M 3 1 26 150
3 93 66 80 2 0 15 0.00 0.0 0 8.3 17 150 M M 1 20 150
4 99 71 85 7 0 20 0.00 0.0 0 12.5 20 150 M M 0 27 140
5 100 72 86 7 0 21 0.00 0.0 0 13.2 29 130 M M 0 36 130
6 96 69 83 4 0 18 0.00 0.0 0 14.7 28 160 M M 0 37 180
7 98 67 83 4 0 18 0.00 0.0 M 13.9 24 150 M M 0 32 150
8 105 70 88 9 0 23 0.00 0.0 M 10.3 21 240 M M 0 8 28 240
9 90 68 79 -1 0 14 0.00 0.0 M 16.0 33 330 M M 0 78 43 320
10 92 55 74 -6 0 9 0.00 0.0 M 12.1 22 120 M M 0 8 27 120
11 95 66 81 1 0 16 0.00 0.0 0 17.0 30 140 M M 0 8 41 150
12 95 63 79 -1 0 14 0.00 0.0 0 13.9 25 140 M M 0 33 170
13 94 61 78 -2 0 13 0.00 0.0 0 13.0 24 150 M M 0 31 150
14 92 65 79 -1 0 14 0.00 0.0 0 13.0 24 170 M M 0 29 130
15 90 65 78 -2 0 13 0.00 0.0 M 14.7 25 140 M M 0 31 160
16 92 68 80 -1 0 15 0.00 0.0 M 14.6 25 160 M M 1 32 170
17 97 72 85 4 0 20 T 0.0 M 18.6 31 170 M M 1 38 39 190
18 104 71 88 7 0 23 0.00 0.0 0 13.9 30 130 M M 0 37 120
19 99 71 85 4 0 20 0.00 0.0 0 18.0 31 160 M M 0 38 68 190
20 96 66 81 0 0 16 T 0.0 0 14.2 26 330 M M 3 38 32 330
21 104 72 88 7 0 23 0.00 0.0 0 14.3 25 170 M M 0 33 170
22 106 71 89 8 0 24 0.38 0.0 0 12.3 45 240 M M 1 3 60 230
23 90 68 79 -3 0 14 T 0.0 0 11.3 38 30 M M 1 8 48 40
24 93 68 81 -1 0 16 0.00 0.0 M 8.8 18 120 M M 0 23 120
25 96 66 81 -1 0 16 0.00 0.0 0 9.4 18 150 M M 0 25 110
26 96 72 84 2 0 19 0.00 0.0 0 12.8 22 170 M M 0 29 170
27 96 72 84 2 0 19 0.00 0.0 0 14.1 25 160 M M 2 8 31 170
28 98 75 87 5 0 22 0.00 0.0 0 14.6 29 180 M M 1 8 36 180
29 101 76 89 7 0 24 0.00 0.0 M 17.3 32 160 M M 0 8 40 160
30 102 75 89 7 0 24 0.00 0.0 M 12.8 24 190 M M 0 8 31 190
================================================================================
SM 2881 2051 0 525 0.38 0.0 403.3 M 17
================================================================================
AV 96.0 68.4 13.4 FASTST M M 1 MAX(MPH)
MISC ----> 45 240 68 190
================================================================================
NOTES:
# LAST OF SEVERAL OCCURRENCES
COLUMN 17 PEAK WIND IN M.P.H.
PRELIMINARY LOCAL CLIMATOLOGICAL DATA (WS FORM: F-6) , PAGE 2
STATION: MIDLAND INTERNATIONAL AIRPORT
MONTH: JUNE
YEAR: 2020
LATITUDE: 31 57 N
LONGITUDE: 102 11 W
[TEMPERATURE DATA] [PRECIPITATION DATA] SYMBOLS USED IN COLUMN 16
AVERAGE MONTHLY: 82.2 TOTAL FOR MONTH: 0.38 1 = FOG OR MIST
DPTR FM NORMAL: 1.9 DPTR FM NORMAL: -1.42 2 = FOG REDUCING VISIBILITY
HIGHEST: 106 ON 22 GRTST 24HR 0.38 ON 22-22 TO 1/4 MILE OR LESS
LOWEST: 55 ON 10 3 = THUNDER
SNOW, ICE PELLETS, HAIL 4 = ICE PELLETS
TOTAL MONTH: 0.0 INCH 5 = HAIL
GRTST 24HR 0.0 6 = FREEZING RAIN OR DRIZZLE
GRTST DEPTH: 0 7 = DUSTSTORM OR SANDSTORM:
VSBY 1/2 MILE OR LESS
8 = SMOKE OR HAZE
[NO. OF DAYS WITH] [WEATHER - DAYS WITH] 9 = BLOWING SNOW
X = TORNADO
MAX 32 OR BELOW: 0 0.01 INCH OR MORE: 1
MAX 90 OR ABOVE: 28 0.10 INCH OR MORE: 1
MIN 32 OR BELOW: 0 0.50 INCH OR MORE: 0
MIN 0 OR BELOW: 0 1.00 INCH OR MORE: 0
[HDD (BASE 65) ]
TOTAL THIS MO. 0 CLEAR (SCALE 0-3) 30
DPTR FM NORMAL 0 PTCLDY (SCALE 4-7) 0
TOTAL FM JUL 1 2217 CLOUDY (SCALE 8-10) 0
DPTR FM NORMAL -455
[CDD (BASE 65) ]
TOTAL THIS MO. 525
DPTR FM NORMAL 64 [PRESSURE DATA]
TOTAL FM JAN 1 1116 HIGHEST SLP 30.20 ON 12
DPTR FM NORMAL 266 LOWEST SLP 29.48 ON 8
[REMARKS]
#FINAL-06-20#