000
CXUS52 KTAE 010800
CF6MAI
PRELIMINARY LOCAL CLIMATOLOGICAL DATA (WS FORM: F-6)
STATION: MARIANNA
MONTH: MAY
YEAR: 2023
LATITUDE: 30 50 N
LONGITUDE: 85 11 W
TEMPERATURE IN F: :PCPN: SNOW: WIND :SUNSHINE: SKY :PK WND
================================================================================
1 2 3 4 5 6A 6B 7 8 9 10 11 12 13 14 15 16 17 18
12Z AVG MX 2MIN
DY MAX MIN AVG DEP HDD CDD WTR SNW DPTH SPD SPD DIR MIN PSBL S-S WX SPD DR
================================================================================
1 81 52 67 -5 0 2 0.00 0.0 0 9.1 20 240 M M 0 28 280
2 82 50 66 -6 0 1 0.00 0.0 M 7.3 20 240 M M 0 27 280
3 81 50 66 -6 0 1 0.00 0.0 M 5.7 18 310 M M 0 25 320
4 82 49 66 -7 0 1 0.00 0.0 M 2.6 10 320 M M 0 18 330
5 81 58 70 -3 0 5 0.00 0.0 M 3.7 12 140 M M 4 18 160
6 86 60 73 0 0 8 0.00 0.0 M 4.7 13 70 M M 3 16 60
7 86 65 76 2 0 11 0.00 0.0 0 4.7 15 230 M M 2 20 210
8 86 64 75 1 0 10 T 0.0 0 3.9 15 250 M M 3 12 20 240
9 87 69 78 4 0 13 0.00 0.0 0 5.2 16 20 M M 4 1 21 360
10 91 64 78 4 0 13 0.00 0.0 0 3.3 14 220 M M 1 18 220
11 87 71 79 4 0 14 0.00 0.0 0 4.7 14 140 M M 3 3 21 120
12 87 67 77 2 0 12 0.04 0.0 0 5.4 23 220 M M 4 3 31 220
13 90 66 78 3 0 13 0.00 0.0 0 3.1 13 300 M M 1 18 300
14 94 65 80 4 0 15 0.00 0.0 0 3.7 14 50 M M 1 22 30
15 95 69 82 6 0 17 T 0.0 0 3.9 21 50 M M 2 3 27 60
16 88 68 78 2 0 13 0.05 0.0 0 4.3 17 180 M M 4 123 22 310
17 80 66 73 -3 0 8 0.10 0.0 M 6.2 23 320 M M 2 138 31 340
18 86 65 76 -1 0 11 0.00 M M 4.3 23 200 M M 3 12 32 190
19 83 67 75 -2 0 10 0.00 M M 6.6 14 50 M M 6 17 60
20 87 64 76 -1 0 11 0.19 M M 4.6 21 230 M M 3 1 24 250
21 90 71 81 4 0 16 0.00 0.0 0 5.2 12 230 M M 5 1 16 330
22 87 67 77 -1 0 12 1.17 0.0 0 5.5 20 60 M M 7 13 30 110
23 78 67 73 -5 0 8 T 0.0 M 9.7 17 60 M M 9 13 22 60
24 82 66 74 -4 0 9 0.00 0.0 M 10.1 21 60 M M 7 26 60
25 83 62 73 -5 0 8 0.00 0.0 M 6.7 17 10 M M 0 25 50
26 80 61 71 -7 0 6 0.00 0.0 M 10.4 20 50 M M 4 26 80
27 82 58 70 -9 0 5 0.00 0.0 M 8.7 18 20 M M 0 25 360
28 83 54 69 -10 0 4 0.00 0.0 M 4.5 15 280 M M 0 19 280
29 87 63 75 -4 0 10 0.00 0.0 M 6.7 17 300 M M 1 25 290
30 85 59 72 -7 0 7 0.00 0.0 0 1.7 12 360 M M 2 16 330
31 81 65 73 -6 0 8 0.16 0.0 0 5.5 14 160 M M 5 13 22 170
================================================================================
SM 2638 1942 0 282 1.71 0.0 171.7 M 86
================================================================================
AV 85.1 62.6 5.5 FASTST M M 3 MAX(MPH)
MISC ----> # 23 220 32 190
================================================================================
NOTES:
# LAST OF SEVERAL OCCURRENCES
COLUMN 17 PEAK WIND IN M.P.H.
PRELIMINARY LOCAL CLIMATOLOGICAL DATA (WS FORM: F-6) , PAGE 2
STATION: MARIANNA
MONTH: MAY
YEAR: 2023
LATITUDE: 30 50 N
LONGITUDE: 85 11 W
[TEMPERATURE DATA] [PRECIPITATION DATA] SYMBOLS USED IN COLUMN 16
AVERAGE MONTHLY: 73.9 TOTAL FOR MONTH: 1.71 1 = FOG OR MIST
DPTR FM NORMAL: -2.0 DPTR FM NORMAL: -1.44 2 = FOG REDUCING VISIBILITY
HIGHEST: 95 ON 15 GRTST 24HR 1.17 ON 22-22 TO 1/4 MILE OR LESS
LOWEST: 49 ON 4 3 = THUNDER
SNOW, ICE PELLETS, HAIL 4 = ICE PELLETS
TOTAL MONTH: 0.0 INCH 5 = HAIL
GRTST 24HR 0.0 6 = FREEZING RAIN OR DRIZZLE
GRTST DEPTH: 0 7 = DUSTSTORM OR SANDSTORM:
VSBY 1/2 MILE OR LESS
8 = SMOKE OR HAZE
[NO. OF DAYS WITH] [WEATHER - DAYS WITH] 9 = BLOWING SNOW
X = TORNADO
MAX 32 OR BELOW: 0 0.01 INCH OR MORE: 6
MAX 90 OR ABOVE: 5 0.10 INCH OR MORE: 4
MIN 32 OR BELOW: 0 0.50 INCH OR MORE: 1
MIN 0 OR BELOW: 0 1.00 INCH OR MORE: 1
[HDD (BASE 65) ]
TOTAL THIS MO. 0 CLEAR (SCALE 0-3) 18
DPTR FM NORMAL -2 PTCLDY (SCALE 4-7) 12
TOTAL FM JUL 1 1167 CLOUDY (SCALE 8-10) 1
DPTR FM NORMAL -351
[CDD (BASE 65) ]
TOTAL THIS MO. 282
DPTR FM NORMAL -57 [PRESSURE DATA]
TOTAL FM JAN 1 635 HIGHEST SLP M ON M
DPTR FM NORMAL 91 LOWEST SLP 29.73 ON 1
[REMARKS]
#FINAL-05-23#