000
CXUS53 KDTX 010635
CF6MBS
PRELIMINARY LOCAL CLIMATOLOGICAL DATA (WS FORM: F-6)
STATION: TRI CITIES MI
MONTH: APRIL
YEAR: 2023
LATITUDE: 43 31 N
LONGITUDE: 84 5 W
TEMPERATURE IN F: :PCPN: SNOW: WIND :SUNSHINE: SKY :PK WND
================================================================================
1 2 3 4 5 6A 6B 7 8 9 10 11 12 13 14 15 16 17 18
12Z AVG MX 2MIN
DY MAX MIN AVG DEP HDD CDD WTR SNW DPTH SPD SPD DIR MIN PSBL S-S WX SPD DR
================================================================================
1 57 30 44 4 21 0 0.18 T 0 15.2 31 240 M M 6 1 46 250
2 46 24 35 -5 30 0 0.00 0.0 0 9.1 21 170 M M 2 30 170
3 61 40 51 10 14 0 0.14 0.0 0 10.7 21 220 M M 5 1 25 180
4 44 38 41 0 24 0 0.29 0.0 0 14.3 29 50 M M 10 1 36 50
5 70 42 56 14 9 0 1.06 0.0 0 14.9 35 250 M M 5 13 49 240
6 50 35 43 1 22 0 0.00 0.0 0 17.4 31 260 M M 1 40 260
7 48 28 38 -4 27 0 0.00 0.0 0 7.3 16 330 M M 0 21 340
8 49 30 40 -3 25 0 0.00 0.0 0 6.8 15 40 M M 7 18 70
9 64 30 47 4 18 0 0.00 0.0 0 6.2 13 250 M M 0 16 240
10 68 44 56 12 9 0 0.00 0.0 0 11.6 21 220 M M 0 27 230
11 73 48 61 17 4 0 0.00 0.0 0 13.7 26 250 M M 0 35 260
12 80 54 67 23 0 2 0.00 0.0 0 16.2 33 250 M M 0 44 240
13 82 57 70 25 0 5 0.00 0.0 0 12.6 25 220 M M 0 32 220
14 83 51 67 22 0 2 0.00 0.0 0 5.2 13 180 M M 0 18 230
15 84 55 70 24 0 5 T 0.0 0 6.0 24 250 M M 3 33 250
16 76 43 60 14 5 0 0.18 0.0 0 13.1 35 230 M M 6 13 45 220
17 43 34 39 -7 26 0 0.05 T 0 17.3 31 260 M M 10 1 38 260
18 45 31 38 -9 27 0 T T 0 16.0 26 280 M M 8 37 280
19 50 28 39 -8 26 0 0.05 0.0 0 8.3 26 110 M M 3 34 100
20 58 40 49 1 16 0 0.09 0.0 0 10.4 29 110 M M 6 37 120
21 59 47 53 5 12 0 T 0.0 0 9.1 20 240 M M 5 27 240
22 51 38 45 -4 20 0 0.12 0.0 0 7.9 21 260 M M 9 1 28 260
23 47 32 40 -9 25 0 0.04 0.0 0 9.2 21 260 M M 7 1 26 260
24 49 34 42 -8 23 0 T T 0 7.5 18 270 M M 8 25 260
25 51 31 41 -9 24 0 0.00 0.0 0 5.3 15 30 M M 5 19 30
26 49 30 40 -10 25 0 0.00 0.0 0 5.3 12 10 M M 4 16 10
27 63 31 47 -4 18 0 0.00 0.0 0 8.1 17 160 M M 0 24 170
28 52 37 45 -6 20 0 0.09 0.0 0 11.3 18 30 M M 5 1 21 30
29 61 44 53 1 12 0 0.51 0.0 0 7.7 21 220 M M 9 13 32 200
30 52 41 47 -5 18 0 0.04 0.0 0 8.1 20 220 M M 8 24 230
================================================================================
SM 1765 1147 500 14 2.84 T 311.8 M 132
================================================================================
AV 58.8 38.2 10.4 FASTST M M 4 MAX(MPH)
MISC ----> # 35 250 49 240
================================================================================
NOTES:
# LAST OF SEVERAL OCCURRENCES
COLUMN 17 PEAK WIND IN M.P.H.
PRELIMINARY LOCAL CLIMATOLOGICAL DATA (WS FORM: F-6) , PAGE 2
STATION: TRI CITIES MI
MONTH: APRIL
YEAR: 2023
LATITUDE: 43 31 N
LONGITUDE: 84 5 W
[TEMPERATURE DATA] [PRECIPITATION DATA] SYMBOLS USED IN COLUMN 16
AVERAGE MONTHLY: 48.5 TOTAL FOR MONTH: 2.84 1 = FOG OR MIST
DPTR FM NORMAL: 2.6 DPTR FM NORMAL: -0.35 2 = FOG REDUCING VISIBILITY
HIGHEST: 84 ON 15 GRTST 24HR 1.08 ON 4- 5 TO 1/4 MILE OR LESS
LOWEST: 24 ON 2 3 = THUNDER
SNOW, ICE PELLETS, HAIL 4 = ICE PELLETS
TOTAL MONTH: T 5 = HAIL
GRTST 24HR T ON 1- 1 6 = FREEZING RAIN OR DRIZZLE
GRTST DEPTH: 0 7 = DUSTSTORM OR SANDSTORM:
VSBY 1/2 MILE OR LESS
8 = SMOKE OR HAZE
[NO. OF DAYS WITH] [WEATHER - DAYS WITH] 9 = BLOWING SNOW
X = TORNADO
MAX 32 OR BELOW: 0 0.01 INCH OR MORE: 13
MAX 90 OR ABOVE: 0 0.10 INCH OR MORE: 7
MIN 32 OR BELOW: 11 0.50 INCH OR MORE: 2
MIN 0 OR BELOW: 0 1.00 INCH OR MORE: 1
[HDD (BASE 65) ]
TOTAL THIS MO. 500 CLEAR (SCALE 0-3) 11
DPTR FM NORMAL -74 PTCLDY (SCALE 4-7) 13
TOTAL FM JUL 1 5809 CLOUDY (SCALE 8-10) 6
DPTR FM NORMAL -671
[CDD (BASE 65) ]
TOTAL THIS MO. 14
DPTR FM NORMAL 12 [PRESSURE DATA]
TOTAL FM JAN 1 14 HIGHEST SLP M ON M
DPTR FM NORMAL 11 LOWEST SLP 29.19 ON 1
[REMARKS]
#FINAL-04-23#