000
CXUS53 KDTX 011849
CF6MBS
PRELIMINARY LOCAL CLIMATOLOGICAL DATA (WS FORM: F-6)
STATION: TRI CITIES MI
MONTH: JANUARY
YEAR: 2022
LATITUDE: 43 31 N
LONGITUDE: 84 5 W
TEMPERATURE IN F: :PCPN: SNOW: WIND :SUNSHINE: SKY :PK WND
================================================================================
1 2 3 4 5 6A 6B 7 8 9 10 11 12 13 14 15 16 17 18
12Z AVG MX 2MIN
DY MAX MIN AVG DEP HDD CDD WTR SNW DPTH SPD SPD DIR MIN PSBL S-S WX SPD DR
================================================================================
1 34 19 27 2 38 0 T T T 14.6 22 10 M M 10 1 29 10
2 22 13 18 -7 47 0 0.02 0.5 1 10.3 20 350 M M 7 1 25 350
3 27 7 17 -8 48 0 0.00 0.0 1 9.3 21 220 M M 4 28 220
4 34 19 27 3 38 0 0.00 0.0 1 12.0 18 220 M M 1 25 220
5 35 19 27 3 38 0 0.02 0.4 1 18.3 36 220 M M 9 18 46 220
6 24 5 15 -9 50 0 0.06 1.8 3 7.3 20 230 M M 10 18 26 250
7 18 -3 8 -16 57 0 0.00 0.0 5 6.3 12 300 M M 0 15 280
8 31 -1 15 -9 50 0 0.00 0.0 4 10.7 21 190 M M 5 18 30 190
9 35 10 23 -1 42 0 T T 3 18.0 32 270 M M 7 18 42 280
10 13 5 9 -14 56 0 0.00 0.0 2 13.8 25 280 M M 7 33 280
11 30 -2 14 -9 51 0 0.00 0.0 2 13.3 29 220 M M 4 41 220
12 35 30 33 10 32 0 0.00 0.0 2 8.9 26 220 M M 9 36 220
13 32 25 29 6 36 0 T T 2 5.8 14 30 M M 9 1 17 30
14 31 9 20 -3 45 0 0.03 0.7 2 16.1 25 40 M M 10 8 31 40
15 16 1 9 -14 56 0 0.01 0.2 3 8.4 16 70 M M 5 18 22 60
16 21 -5 8 -15 57 0 0.00 0.0 3 3.8 10 330 M M 0 12 330
17 30 13 22 0 43 0 0.00 0.0 3 12.4 22 330 M M 8 31 320
18 38 26 32 10 33 0 T T 2 10.8 22 200 M M 9 8 33 210
19 39 18 29 7 36 0 T T 1 17.5 26 270 M M 9 37 280
20 18 15 17 -5 48 0 T 0.1 1 7.7 14 340 M M 10 17 330
21 20 13 17 -5 48 0 0.00 0.0 1 4.2 14 190 M M 4 19 200
22 25 15 20 -2 45 0 0.02 0.5 1 15.1 28 220 M M 6 18 40 230
23 20 10 15 -7 50 0 0.08 1.0 2 7.4 15 350 M M 8 18 18 340
24 21 12 17 -5 48 0 0.17 3.7 2 7.9 14 330 M M 9 18 19 180
25 17 2 10 -12 55 0 T T 5 8.9 16 250 M M 7 22 280
26 18 -4 7 -15 58 0 0.00 0.0 5 9.8 20 200 M M 2 1 28 190
27 28 10 19 -3 46 0 0.03 0.8 5 16.4 26 220 M M 8 18 35 220
28 17 0 9 -13 56 0 0.00 0.0 5 7.1 16 360 M M 0 22 10
29 20 -4 8 -14 57 0 T T 5 6.3 14 210 M M 8 8 17 240
30 25 14 20 -2 45 0 T 0.1 5 5.4 13 220 M M 9 18 16 230
31 29 18 24 2 41 0 0.00 0.0 4 4.9 13 150 M M 6 18 17 160
================================================================================
SM 803 309 1450 0 0.44 9.8 318.7 M 200
================================================================================
AV 25.9 10.0 10.3 FASTST M M 6 MAX(MPH)
MISC ----> 36 220 46 220
================================================================================
NOTES:
# LAST OF SEVERAL OCCURRENCES
COLUMN 17 PEAK WIND IN M.P.H.
PRELIMINARY LOCAL CLIMATOLOGICAL DATA (WS FORM: F-6) , PAGE 2
STATION: TRI CITIES MI
MONTH: JANUARY
YEAR: 2022
LATITUDE: 43 31 N
LONGITUDE: 84 5 W
[TEMPERATURE DATA] [PRECIPITATION DATA] SYMBOLS USED IN COLUMN 16
AVERAGE MONTHLY: 17.9 TOTAL FOR MONTH: 0.44 1 = FOG OR MIST
DPTR FM NORMAL: -5.1 DPTR FM NORMAL: -1.48 2 = FOG REDUCING VISIBILITY
HIGHEST: 39 ON 19 GRTST 24HR 0.22 ON 1- 2 TO 1/4 MILE OR LESS
LOWEST: -5 ON 16 3 = THUNDER
SNOW, ICE PELLETS, HAIL 4 = ICE PELLETS
TOTAL MONTH: 9.8 INCHES 5 = HAIL
GRTST 24HR 3.7 ON 24-24 6 = FREEZING RAIN OR DRIZZLE
GRTST DEPTH: 5 ON 30,29 7 = DUSTSTORM OR SANDSTORM:
VSBY 1/2 MILE OR LESS
8 = SMOKE OR HAZE
[NO. OF DAYS WITH] [WEATHER - DAYS WITH] 9 = BLOWING SNOW
X = TORNADO
MAX 32 OR BELOW: 24 0.01 INCH OR MORE: 9
MAX 90 OR ABOVE: 0 0.10 INCH OR MORE: 1
MIN 32 OR BELOW: 31 0.50 INCH OR MORE: 0
MIN 0 OR BELOW: 7 1.00 INCH OR MORE: 0
[HDD (BASE 65) ]
TOTAL THIS MO. 1450 CLEAR (SCALE 0-3) 5
DPTR FM NORMAL 147 PTCLDY (SCALE 4-7) 15
TOTAL FM JUL 1 3524 CLOUDY (SCALE 8-10) 11
DPTR FM NORMAL -289
[CDD (BASE 65) ]
TOTAL THIS MO. 0
DPTR FM NORMAL 0 [PRESSURE DATA]
TOTAL FM JAN 1 0 HIGHEST SLP 30.66 ON 21
DPTR FM NORMAL 0 LOWEST SLP 29.42 ON 5
[REMARKS]
#FINAL-01-22#
CORRECTED LIQUID PRECIP AMOUNTS ON 1/5 AND 1/6.