000
CXUS54 KLIX 010910
CF6MCB
PRELIMINARY LOCAL CLIMATOLOGICAL DATA (WS FORM: F-6)
STATION: MCCOMB
MONTH: NOVEMBER
YEAR: 2020
LATITUDE: 31 10 N
LONGITUDE: 90 28 W
TEMPERATURE IN F: :PCPN: SNOW: WIND :SUNSHINE: SKY :PK WND
================================================================================
1 2 3 4 5 6A 6B 7 8 9 10 11 12 13 14 15 16 17 18
12Z AVG MX 2MIN
DY MAX MIN AVG DEP HDD CDD WTR SNW DPTH SPD SPD DIR MIN PSBL S-S WX SPD DR
================================================================================
1 74 48 61 -1 4 0 0.00 M M 8.9 21 340 M M 0 1 26 350
2 65 41 53 -9 12 0 0.00 M M 5.8 14 340 M M 0 18 340
3 73 37 55 -6 10 0 0.00 M M 0.9 7 310 M M 0 12 290
4 74 42 58 -3 7 0 0.00 M M 2.3 10 140 M M 0 14 150
5 76 44 60 -1 5 0 0.00 M M 2.5 8 90 M M 0 11 80
6 78 57 68 8 0 3 0.00 M M 4.6 12 40 M M 3 17 30
7 75 64 70 10 0 5 0.12 M M 4.3 9 110 M M 6 1 14 120
8 79 66 73 13 0 8 T M M 5.5 14 120 M M 6 19 120
9 77 66 72 12 0 7 0.00 M M 4.1 10 100 M M 5 14 110
10 77 69 73 14 0 8 0.01 M M 2.2 7 100 M M 9 1 11 90
11 83 64 74 15 0 9 0.02 M M 4.5 15 340 M M 8 1 18 340
12 79 53 66 8 0 1 0.00 M M 4.4 10 360 M M 0 17 330
13 79 49 64 6 1 0 0.00 M M 2.1 12 20 M M 0 17 40
14 80 51 66 8 0 1 0.00 M M 7.4 18 170 M M 1 26 170
15 74 43 59 1 6 0 0.01 M M 8.0 30 330 M M 5 1 36 330
16 68 41 55 -2 10 0 0.00 M M 3.8 13 80 M M 0 19 60
17 72 42 57 0 8 0 0.00 M M 6.2 15 360 M M 0 22 50
18 70 43 57 0 8 0 0.00 M M 3.8 10 80 M M 0 15 80
19 73 44 59 3 6 0 0.00 M M 5.0 13 150 M M 1 1 18 170
20 78 53 66 10 0 1 0.00 M M 3.0 12 150 M M 2 14 160
21 76 51 64 8 1 0 0.00 M M 2.0 9 40 M M 0 1 14 60
22 77 49 63 7 2 0 0.00 M M 4.2 15 330 M M 1 18 360
23 66 45 56 1 9 0 0.00 M M 5.5 14 360 M M 4 18 40
24 74 41 58 3 7 0 T M M 6.6 15 160 M M 4 20 140
25 73 59 66 11 0 1 0.87 M M 6.9 18 300 M M 9 123 25 290
26 75 55 65 11 0 0 0.08 M M 3.6 12 160 M M 7 1 13 150
27 70 64 67 13 0 2 1.72 M M 4.8 16 230 M M 10 123 22 170
28 64 56 60 6 5 0 0.14 M M 4.1 14 340 M M 10 1 17 340
29 62 47 55 1 10 0 2.44 M M 9.8 22 320 M M 10 1 29 310
30 50 29 40 -13 25 0 0.00 M M 10.6 23 340 M M 4 31 330
================================================================================
SM 2191 1513 136 46 5.41 M 147.4 M 105
================================================================================
AV 73.0 50.4 4.9 FASTST M M 4 MAX(MPH)
MISC ----> 30 330 36 330
================================================================================
NOTES:
# LAST OF SEVERAL OCCURRENCES
COLUMN 17 PEAK WIND IN M.P.H.
PRELIMINARY LOCAL CLIMATOLOGICAL DATA (WS FORM: F-6) , PAGE 2
STATION: MCCOMB
MONTH: NOVEMBER
YEAR: 2020
LATITUDE: 31 10 N
LONGITUDE: 90 28 W
[TEMPERATURE DATA] [PRECIPITATION DATA] SYMBOLS USED IN COLUMN 16
AVERAGE MONTHLY: 61.7 TOTAL FOR MONTH: 5.41 1 = FOG OR MIST
DPTR FM NORMAL: 4.2 DPTR FM NORMAL: 1.03 2 = FOG REDUCING VISIBILITY
HIGHEST: 83 ON 11 GRTST 24HR 2.58 ON 28-29 TO 1/4 MILE OR LESS
LOWEST: 29 ON 30 3 = THUNDER
SNOW, ICE PELLETS, HAIL 4 = ICE PELLETS
TOTAL MONTH: M 5 = HAIL
GRTST 24HR M ON M 6 = FREEZING RAIN OR DRIZZLE
GRTST DEPTH: M ON M 7 = DUSTSTORM OR SANDSTORM:
VSBY 1/2 MILE OR LESS
8 = SMOKE OR HAZE
[NO. OF DAYS WITH] [WEATHER - DAYS WITH] 9 = BLOWING SNOW
X = TORNADO
MAX 32 OR BELOW: 0 0.01 INCH OR MORE: 9
MAX 90 OR ABOVE: 0 0.10 INCH OR MORE: 5
MIN 32 OR BELOW: 1 0.50 INCH OR MORE: 3
MIN 0 OR BELOW: 0 1.00 INCH OR MORE: 2
[HDD (BASE 65) ]
TOTAL THIS MO. 136 CLEAR (SCALE 0-3) 15
DPTR FM NORMAL -118 PTCLDY (SCALE 4-7) 10
TOTAL FM JUL 1 169 CLOUDY (SCALE 8-10) 5
DPTR FM NORMAL -164
[CDD (BASE 65) ]
TOTAL THIS MO. 46
DPTR FM NORMAL 17 [PRESSURE DATA]
TOTAL FM JAN 1 2607 HIGHEST SLP 30.50 ON 18
DPTR FM NORMAL 345 LOWEST SLP 29.79 ON 29
[REMARKS]
#FINAL-11-20#