000
CXUS53 KEAX 010836
CF6MCI
PRELIMINARY LOCAL CLIMATOLOGICAL DATA (WS FORM: F-6)
STATION: KANSAS CITY INTERNATIONAL MO
MONTH: JANUARY
YEAR: 2022
LATITUDE: 39 19 N
LONGITUDE: 94 43 W
TEMPERATURE IN F: :PCPN: SNOW: WIND :SUNSHINE: SKY :PK WND
================================================================================
1 2 3 4 5 6A 6B 7 8 9 10 11 12 13 14 15 16 17 18
12Z AVG MX 2MIN
DY MAX MIN AVG DEP HDD CDD WTR SNW DPTH SPD SPD DIR MIN PSBL S-S WX SPD DR
================================================================================
1 31 8 20 -10 45 0 0.29 2.1 T 17.9 25 360 M M 10 1468 34 360
2 17 1 9 -21 56 0 T T 2 8.0 21 350 M M 2 29 350
3 43 10 27 -2 38 0 0.00 0.0 2 9.9 20 190 M M 1 27 180
4 48 28 38 9 27 0 0.00 0.0 0 18.1 30 320 M M 3 45 320
5 28 13 21 -8 44 0 0.00 0.0 0 13.5 23 300 M M 5 34 320
6 15 6 11 -18 54 0 T T T 10.4 21 360 M M 6 27 330
7 26 6 16 -13 49 0 0.00 0.0 0 9.3 17 160 M M 6 23 150
8 42 24 33 4 32 0 T 0.0 0 11.5 22 150 M M 9 12 29 160
9 35 16 26 -3 39 0 T T 0 10.9 26 10 M M 4 1 35 360
10 44 17 31 2 34 0 0.00 0.0 0 6.9 14 120 M M 1 17 110
11 60 26 43 14 22 0 0.00 0.0 0 12.6 26 220 M M 3 8 37 210
12 53 26 40 11 25 0 0.00 0.0 0 8.8 15 290 M M 6 21 230
13 58 38 48 19 17 0 0.00 0.0 0 8.1 17 320 M M 3 24 320
14 51 33 42 13 23 0 0.22 0.3 T 8.8 16 320 M M 9 1 21 310
15 33 18 26 -2 39 0 0.28 2.9 2 15.7 30 20 M M 10 189 39 30
16 35 16 26 -2 39 0 0.00 0.0 3 7.5 15 250 M M 8 128 22 240
17 43 25 34 6 31 0 0.00 0.0 2 8.7 16 180 M M 4 19 180
18 55 36 46 17 19 0 0.00 0.0 T 10.4 18 220 M M 6 8 25 240
19 40 10 25 -4 40 0 0.00 0.0 0 18.0 29 10 M M 8 36 20
20 19 3 11 -18 54 0 0.00 0.0 0 7.0 18 10 M M 1 26 360
21 26 3 15 -14 50 0 0.00 0.0 0 8.4 15 160 M M 3 19 160
22 49 24 37 8 28 0 0.00 0.0 0 9.4 20 220 M M 6 27 210
23 43 33 38 9 27 0 0.00 0.0 0 9.2 20 210 M M 6 26 200
24 55 18 37 8 28 0 0.00 0.0 0 12.8 26 350 M M 6 34 350
25 24 10 17 -12 48 0 0.00 0.0 0 8.7 17 20 M M 4 22 30
26 34 6 20 -9 45 0 0.00 0.0 0 10.4 21 200 M M 4 8 27 200
27 46 29 38 9 27 0 0.00 0.0 0 10.6 22 340 M M 7 31 320
28 34 13 24 -5 41 0 0.00 0.0 0 9.0 22 340 M M 4 29 340
29 54 19 37 8 28 0 0.00 0.0 0 10.3 16 240 M M 2 24 190
30 46 28 37 7 28 0 0.00 0.0 0 7.0 14 340 M M 4 18 350
31 65 28 47 17 18 0 0.00 0.0 0 12.7 23 200 M M 5 8 34 200
================================================================================
SM 1252 571 1095 0 0.79 5.3 330.5 M 156
================================================================================
AV 40.4 18.4 10.7 FASTST M M 5 MAX(MPH)
MISC ----> # 30 320 45 320
================================================================================
NOTES:
# LAST OF SEVERAL OCCURRENCES
COLUMN 17 PEAK WIND IN M.P.H.
PRELIMINARY LOCAL CLIMATOLOGICAL DATA (WS FORM: F-6) , PAGE 2
STATION: KANSAS CITY INTERNATIONAL MO
MONTH: JANUARY
YEAR: 2022
LATITUDE: 39 19 N
LONGITUDE: 94 43 W
[TEMPERATURE DATA] [PRECIPITATION DATA] SYMBOLS USED IN COLUMN 16
AVERAGE MONTHLY: 29.4 TOTAL FOR MONTH: 0.79 1 = FOG OR MIST
DPTR FM NORMAL: 0.4 DPTR FM NORMAL: -0.37 2 = FOG REDUCING VISIBILITY
HIGHEST: 65 ON 31 GRTST 24HR 0.43 ON 1- 1 TO 1/4 MILE OR LESS
LOWEST: 1 ON 2 3 = THUNDER
SNOW, ICE PELLETS, HAIL 4 = ICE PELLETS
TOTAL MONTH: 5.3 INCHES 5 = HAIL
GRTST 24HR 2.9 ON 15-15 6 = FREEZING RAIN OR DRIZZLE
GRTST DEPTH: 3 ON 16 7 = DUSTSTORM OR SANDSTORM:
VSBY 1/2 MILE OR LESS
8 = SMOKE OR HAZE
[NO. OF DAYS WITH] [WEATHER - DAYS WITH] 9 = BLOWING SNOW
X = TORNADO
MAX 32 OR BELOW: 8 0.01 INCH OR MORE: 3
MAX 90 OR ABOVE: 0 0.10 INCH OR MORE: 3
MIN 32 OR BELOW: 27 0.50 INCH OR MORE: 0
MIN 0 OR BELOW: 0 1.00 INCH OR MORE: 0
[HDD (BASE 65) ]
TOTAL THIS MO. 1095 CLEAR (SCALE 0-3) 9
DPTR FM NORMAL -22 PTCLDY (SCALE 4-7) 18
TOTAL FM JUL 1 2525 CLOUDY (SCALE 8-10) 4
DPTR FM NORMAL -577
[CDD (BASE 65) ]
TOTAL THIS MO. 0
DPTR FM NORMAL 0 [PRESSURE DATA]
TOTAL FM JAN 1 0 HIGHEST SLP 30.76 ON 20
DPTR FM NORMAL 0 LOWEST SLP 29.55 ON 4
[REMARKS]
#FINAL-01-22#