000
CXUS53 KGLD 041406
CLMMCK
CLIMATE REPORT
NATIONAL WEATHER SERVICE
806 AM MDT SUN JUN 04 2023
...................................
...THE MCCOOK NE CLIMATE SUMMARY FOR THE MONTH OF MAY 2023...
CLIMATE NORMAL PERIOD: 1991 TO 2020
CLIMATE RECORD PERIOD: 1896 TO 2023
WEATHER OBSERVED NORMAL DEPART LAST YEAR`S
VALUE DATE(S) VALUE FROM VALUE DATE(S)
NORMAL
................................................................
TEMPERATURE (F)
RECORD
HIGH 106 05/31/2002
LOW 14 05/01/1909
HIGHEST 85 05/30 93 -8 99 05/11
LOWEST 27 05/01 33 -6 32 05/03
AVG. MAXIMUM 75.8 74.8 1.0 76.8
AVG. MINIMUM 50.8 47.5 3.3 46.4
MEAN 63.3 61.1 2.2 61.6
DAYS MAX >= 90 0 3.2 -3.2 6
DAYS MAX <= 32 0 0.0 0.0 0
DAYS MIN <= 32 2 1.5 0.5 1
DAYS MIN <= 0 0 0.0 0.0 0
PRECIPITATION (INCHES)
RECORD
MAXIMUM 7.21 2008
MINIMUM 0.35 1994
TOTALS 10.94 3.08 7.86 2.50
DAILY AVG. 0.35 0.10 0.25 0.08
DAYS >= .01 9 10.3 -1.3 7
DAYS >= .10 9 5.3 3.7 3
DAYS >= .50 5 1.7 3.3 1
DAYS >= 1.00 2 0.6 1.4 1
GREATEST
24 HR. TOTAL 6.34 05/25 TO 05/26 1.88
STORM TOTAL 6.06
(MM/DD(HH))
................................................................
- INDICATES NEGATIVE NUMBERS.
R INDICATES RECORD WAS SET OR TIED.
MM INDICATES DATA IS MISSING.
T INDICATES TRACE AMOUNT.
$$