000
CXUS52 KMLB 010624
CF6MCO
PRELIMINARY LOCAL CLIMATOLOGICAL DATA (WS FORM: F-6)
STATION: ORLANDO INTL
MONTH: JUNE
YEAR: 2022
LATITUDE: 28 25 N
LONGITUDE: 81 19 W
TEMPERATURE IN F: :PCPN: SNOW: WIND :SUNSHINE: SKY :PK WND
================================================================================
1 2 3 4 5 6A 6B 7 8 9 10 11 12 13 14 15 16 17 18
12Z AVG MX 2MIN
DY MAX MIN AVG DEP HDD CDD WTR SNW DPTH SPD SPD DIR MIN PSBL S-S WX SPD DR
================================================================================
1 90 72 81 1 0 16 T 0.0 0 11.3 28 40 M M 4 33 50
2 92 71 82 2 0 17 0.00 0.0 0 8.2 17 120 M M 4 18 23 100
3 87 72 80 0 0 15 T 0.0 0 7.4 17 140 M M 8 22 120
4 82 73 78 -2 0 13 0.31 0.0 0 10.2 21 40 M M 9 18 26 30
5 93 71 82 2 0 17 0.20 0.0 0 5.8 20 10 M M 4 23 20
6 93 74 84 4 0 19 0.00 0.0 0 5.1 24 40 M M 5 38 32 40
7 96 71 84 4 0 19 0.00 0.0 0 4.8 17 70 M M 3 22 80
8 96 73 85 4 0 20 0.75 0.0 0 5.5 20 320 M M 6 13 27 290
9 93 73 83 2 0 18 T 0.0 0 8.1 18 230 M M 6 3 23 260
10 93 74 84 3 0 19 0.34 0.0 0 9.8 28 260 M M 8 13 37 260
11 91 73 82 1 0 17 0.31 0.0 0 8.8 22 180 M M 8 13 27 180
12 91 73 82 1 0 17 0.49 0.0 0 8.2 30 260 M M 6 3 36 260
13 94 74 84 3 0 19 T 0.0 0 5.0 15 260 M M 6 13 19 250
14 97 78 88 7 0 23 0.00 0.0 0 5.2 14 130 M M 5 3 22 100
15 98 77 88 7 0 23 0.21 0.0 0 3.9 25 40 M M 4 38 30 40
16 96 76 86 5 0 21 0.00 0.0 0 6.4 17 60 M M 4 24 60
17 96 76 86 5 0 21 0.00 0.0 0 7.2 16 20 M M 3 19 20
18 98 73 86 4 0 21 0.01 0.0 0 6.7 36 340 M M 5 3 45 350
19 95 72 84 2 0 19 0.06 0.0 0 5.2 25 10 M M 7 13 32 30
20 92 76 84 2 0 19 T 0.0 0 8.8 21 60 M M 5 3 26 60
21 90 73 82 0 0 17 0.00 0.0 0 9.5 20 60 M M 7 23 50
22 92 72 82 0 0 17 0.00 0.0 0 5.2 14 100 M M 6 23 110
23 99 69 84 2 0 19 0.13 0.0 0 5.8 25 320 M M 4 3 36 310
24 99 74 87 5 0 22 1.42 0.0 0 7.9 33 100 M M 5 13 41 100
25 93 74 84 2 0 19 T 0.0 0 6.5 18 50 M M 8 3 22 50
26 91 75 83 1 0 18 0.22 0.0 0 10.4 20 120 M M 6 1 25 120
27 92 74 83 1 0 18 0.16 0.0 0 5.1 22 30 M M 5 138 26 40
28 92 74 83 1 0 18 0.00 0.0 0 6.5 20 140 M M 6 3 23 140
29 93 75 84 2 0 19 0.00 0.0 0 6.9 17 110 M M 6 22 130
30 95 76 86 4 0 21 T 0.0 0 4.4 21 30 M M 6 3 24 30
================================================================================
SM 2799 2208 0 561 4.61 0.0 209.8 M 169
================================================================================
AV 93.3 73.6 7.0 FASTST M M 6 MAX(MPH)
MISC ----> 36 340 45 350
================================================================================
NOTES:
# LAST OF SEVERAL OCCURRENCES
COLUMN 17 PEAK WIND IN M.P.H.
PRELIMINARY LOCAL CLIMATOLOGICAL DATA (WS FORM: F-6) , PAGE 2
STATION: ORLANDO INTL
MONTH: JUNE
YEAR: 2022
LATITUDE: 28 25 N
LONGITUDE: 81 19 W
[TEMPERATURE DATA] [PRECIPITATION DATA] SYMBOLS USED IN COLUMN 16
AVERAGE MONTHLY: 83.5 TOTAL FOR MONTH: 4.61 1 = FOG OR MIST
DPTR FM NORMAL: 2.3 DPTR FM NORMAL: -3.44 2 = FOG REDUCING VISIBILITY
HIGHEST: 99 ON 24,23 GRTST 24HR 1.54 ON 23-24 TO 1/4 MILE OR LESS
LOWEST: 69 ON 23 3 = THUNDER
SNOW, ICE PELLETS, HAIL 4 = ICE PELLETS
TOTAL MONTH: 0.0 INCH 5 = HAIL
GRTST 24HR 0.0 6 = FREEZING RAIN OR DRIZZLE
GRTST DEPTH: 0 7 = DUSTSTORM OR SANDSTORM:
VSBY 1/2 MILE OR LESS
8 = SMOKE OR HAZE
[NO. OF DAYS WITH] [WEATHER - DAYS WITH] 9 = BLOWING SNOW
X = TORNADO
MAX 32 OR BELOW: 0 0.01 INCH OR MORE: 13
MAX 90 OR ABOVE: 28 0.10 INCH OR MORE: 11
MIN 32 OR BELOW: 0 0.50 INCH OR MORE: 2
MIN 0 OR BELOW: 0 1.00 INCH OR MORE: 1
[HDD (BASE 65) ]
TOTAL THIS MO. 0 CLEAR (SCALE 0-3) 1
DPTR FM NORMAL 0 PTCLDY (SCALE 4-7) 26
TOTAL FM JUL 1 278 CLOUDY (SCALE 8-10) 3
DPTR FM NORMAL -247
[CDD (BASE 65) ]
TOTAL THIS MO. 561
DPTR FM NORMAL 75 [PRESSURE DATA]
TOTAL FM JAN 1 1743 HIGHEST SLP M ON M
DPTR FM NORMAL 410 LOWEST SLP 29.66 ON 4
[REMARKS]
#FINAL-06-22#