000
CXUS52 KMLB 011601
CLMMCO
CLIMATE REPORT
NATIONAL WEATHER SERVICE MELBOURNE FL
1101 AM EST MON JAN 01 2024
...................................
...THE ORLANDO INTL CLIMATE SUMMARY FOR THE MONTH OF DECEMBER 2023...
CLIMATE NORMAL PERIOD 1991 TO 2020
CLIMATE RECORD PERIOD 1892 TO 2023
WEATHER OBSERVED NORMAL DEPART LAST YEAR`S
VALUE DATE(S) VALUE FROM VALUE
NORMAL
..............................................................
TEMPERATURE (F)
MONTHLY RECORD
WARMEST 75.6 2015
COLDEST 70.2 1901
DAILY RECORD
HIGH 91 12/05/1928
LOW 18 12/28/1894
DECEMBER 2023
HIGHEST 86 12/02 84
12/03
LOWEST 44 12/31 30
AVG. MAXIMUM 73.3 73.8 -0.5 73.6
AVG. MINIMUM 56.9 52.9 4.0 54.7
MEAN 65.1 63.3 1.8 64.2
DAYS MAX >= 90 0 0.0 0.0 0
DAYS MAX <= 32 0 0.0 0.0 0
DAYS MIN <= 32 0 0.3 -0.3 2
DAYS MIN <= 0 0 0.0 0.0 0
PRECIPITATION (INCHES)
MONTHLY RECORD
MAXIMUM 12.63 1997
MINIMUM T 1944
DAILY RECORD
MAXIMUM 4.25 12/01/1925
DECEMBER 2023
TOTALS 3.67 2.48 1.19 0.95
DAYS >= .01 7 7.1 -0.1 6
DAYS >= .10 4 3.7 0.3 2
DAYS >= .50 2 1.5 0.5 1
DAYS >= 1.00 1 0.7 0.3 0
GREATEST
24 HR. TOTAL 2.91 12/16 TO 12/17
SNOWFALL (INCHES)
TOTALS 0.0 0.0 0.0 0.0
SINCE 7/1 0.0 0.0 0.0 MM
DAYS >= TRACE 0 0
DEGREE DAYS
HEATING TOTAL 77 127 -50 121
SINCE 7/1 105 177 -72 MM
COOLING TOTAL 90 76 14 104
SINCE 1/1 4212 3451 761 MM
..............................................................
WIND (MPH)
AVERAGE WIND SPEED 8.9
HIGHEST WIND SPEED/DIRECTION 30/060 DATE 12/14
30/210 12/17
HIGHEST GUST SPEED/DIRECTION 43/200 DATE 12/17
SKY COVER
POSSIBLE SUNSHINE (PERCENT) MM
AVERAGE SKY COVER 0.66
NUMBER OF DAYS FAIR 3
NUMBER OF DAYS PC 12
NUMBER OF DAYS CLOUDY 16
AVERAGE RH (PERCENT) 73
WEATHER CONDITIONS. NUMBER OF DAYS WITH
THUNDERSTORM 1 MIXED PRECIP 0
HEAVY RAIN 2 RAIN 4
LIGHT RAIN 15 LT FREEZING RAIN 0
HAIL 0 LIGHT SNOW 0
SLEET 0 FOG 11
FOG W/VIS <= 1/4 MILE 0 HAZE 0
- INDICATES NEGATIVE NUMBERS.
R INDICATES RECORD WAS SET OR TIED.
MM INDICATES DATA IS MISSING.
T INDICATES TRACE AMOUNT.
$$