000
CXUS54 KMAF 011110
CF6MDD
PRELIMINARY LOCAL CLIMATOLOGICAL DATA (WS FORM: F-6)
STATION: MIDLAND AIRPARK
MONTH: AUGUST
YEAR: 2023
LATITUDE: 32 2 N
LONGITUDE: 102 6 W
TEMPERATURE IN F: :PCPN: SNOW: WIND :SUNSHINE: SKY :PK WND
================================================================================
1 2 3 4 5 6A 6B 7 8 9 10 11 12 13 14 15 16 17 18
12Z AVG MX 2MIN
DY MAX MIN AVG DEP HDD CDD WTR SNW DPTH SPD SPD DIR MIN PSBL S-S WX SPD DR
================================================================================
1 102 79 91 M 0 26 M M M 10.5 16 120 M M 0 23 120
2 101 77 89 M 0 24 M M M 9.7 18 170 M M 0 22 170
3 102 78 90 M 0 25 M M M 10.2 15 180 M M 0 24 160
4 105 80 93 M 0 28 M M M 10.3 17 130 M M 0 18 190
5 106 80 93 M 0 28 M M M 12.7 17 130 M M 0 24 130
6 107 78 93 M 0 28 M M M 12.2 18 160 M M 0 24 130
7 108 81 95 M 0 30 M M M 11.0 20 30 M M 0 26 30
8 102 76 89 M 0 24 M M M 7.6 18 190 M M 0 28 360
9 106 83 95 M 0 30 M M M 8.2 18 200 M M 0 8 22 200
10 108 78 93 M 0 28 0.15 M M 6.2 16 140 M M 0 3 39 290
11 107 78 93 M 0 28 0.01 M M 8.1 15 290 M M 0 21 160
12 106 83 95 M 0 30 M M M 9.5 17 200 M M 0 22 200
13 103 82 93 M 0 28 M M M 12.0 16 170 M M 0 23 200
14 95 79 87 M 0 22 M M M 14.3 20 70 M M 0 28 70
15 94 72 83 M 0 18 M M M 7.8 14 80 M M 0 20 80
16 101 77 89 M 0 24 M M M 7.4 14 220 M M 0 18 160
17 106 77 92 M 0 27 M M M 8.0 15 130 M M 0 21 130
18 104 81 93 M 0 28 M M M 10.1 17 140 M M 0 24 170
19 102 75 89 M 0 24 M M M 9.2 22 140 M M 0 29 140
20 101 75 88 M 0 23 M M M 11.7 22 120 M M 0 29 130
21 102 75 89 M 0 24 M M M 6.7 21 70 M M 1 26 70
22 95 78 87 M 0 22 M M M 9.0 22 180 M M 1 29 180
23 93 74 84 M 0 19 M M M 12.2 24 140 M M 3 31 140
24 98 74 86 M 0 21 M M M 9.1 15 170 M M 0 21 170
25 100 72 86 M 0 21 M M M 9.1 23 200 M M 1 26 200
26 99 75 87 M 0 22 M M M 5.6 13 250 M M 1 23 110
27 94 77 86 M 0 21 M M M 10.3 17 320 M M 2 30 40
28 89 75 82 M 0 17 M M M 8.5 15 70 M M 4 20 50
29 95 68 82 M 0 17 M M M 6.4 18 30 M M 1 8 29 10
30 93 71 82 M 0 17 M M M 5.7 10 80 M M 3 18 80
31 98 68 83 M 0 18 M M M 4.3 12 160 M M 0 17 100
================================================================================
SM 3122 2376 0 742 0.16 M 283.5 M 17
================================================================================
AV100.7 76.6 9.1 FASTST M M 1 MAX(MPH)
MISC ----> 24 140 39 290
================================================================================
NOTES:
# LAST OF SEVERAL OCCURRENCES
COLUMN 17 PEAK WIND IN M.P.H.
PRELIMINARY LOCAL CLIMATOLOGICAL DATA (WS FORM: F-6) , PAGE 2
STATION: MIDLAND AIRPARK
MONTH: AUGUST
YEAR: 2023
LATITUDE: 32 2 N
LONGITUDE: 102 6 W
[TEMPERATURE DATA] [PRECIPITATION DATA] SYMBOLS USED IN COLUMN 16
AVERAGE MONTHLY: 88.7 TOTAL FOR MONTH: 0.16 1 = FOG OR MIST
DPTR FM NORMAL: 0.0 DPTR FM NORMAL: M 2 = FOG REDUCING VISIBILITY
HIGHEST: 108 ON 10, 7 GRTST 24HR 0.15 ON 10-10 TO 1/4 MILE OR LESS
LOWEST: 68 ON 31,29 3 = THUNDER
SNOW, ICE PELLETS, HAIL 4 = ICE PELLETS
TOTAL MONTH: M 5 = HAIL
GRTST 24HR M ON M 6 = FREEZING RAIN OR DRIZZLE
GRTST DEPTH: M ON M 7 = DUSTSTORM OR SANDSTORM:
VSBY 1/2 MILE OR LESS
8 = SMOKE OR HAZE
[NO. OF DAYS WITH] [WEATHER - DAYS WITH] 9 = BLOWING SNOW
X = TORNADO
MAX 32 OR BELOW: 0 0.01 INCH OR MORE: 2
MAX 90 OR ABOVE: 30 0.10 INCH OR MORE: 1
MIN 32 OR BELOW: 0 0.50 INCH OR MORE: 0
MIN 0 OR BELOW: 0 1.00 INCH OR MORE: 0
[HDD (BASE 65) ]
TOTAL THIS MO. 0 CLEAR (SCALE 0-3) 30
DPTR FM NORMAL M PTCLDY (SCALE 4-7) 1
TOTAL FM JUL 1 0 CLOUDY (SCALE 8-10) 0
DPTR FM NORMAL M
[CDD (BASE 65) ]
TOTAL THIS MO. 742
DPTR FM NORMAL M [PRESSURE DATA]
TOTAL FM JAN 1 1434 HIGHEST SLP M ON M
DPTR FM NORMAL M LOWEST SLP M ON M
[REMARKS]
#FINAL-08-23#