000
CXUS55 KPAH 010700
CF6MDH
PRELIMINARY LOCAL CLIMATOLOGICAL DATA (WS FORM: F-6)
STATION: CARBONDALE IL
MONTH: AUGUST
YEAR: 2020
LATITUDE: 37 46 N
LONGITUDE: 89 15 W
TEMPERATURE IN F: :PCPN: SNOW: WIND :SUNSHINE: SKY :PK WND
================================================================================
1 2 3 4 5 6A 6B 7 8 9 10 11 12 13 14 15 16 17 18
12Z AVG MX 2MIN
DY MAX MIN AVG DEP HDD CDD WTR SNW DPTH SPD SPD DIR MIN PSBL S-S WX SPD DR
================================================================================
1 72 65 69 -9 0 4 0.25 M M 7.5 15 330 M M 9 1 22 360
2 81 63 72 -6 0 7 0.24 M M 5.4 21 250 M M 3 18 26 250
3 84 67 76 -2 0 11 0.56 M M 4.9 22 350 M M 6 138 29 350
4 78 59 69 -9 0 4 0.00 M M 6.5 14 330 M M 6 18 340
5 79 55 67 -11 0 2 0.00 M M 2.3 10 340 M M 2 12 13 360
6 81 58 70 -8 0 5 0.00 M M 3.1 10 50 M M 0 1 16 80
7 85 61 73 -5 0 8 0.00 M M 1.4 8 120 M M 0 1 11 90
8 89 63 76 -2 0 11 0.01 M M 3.8 10 120 M M 1 15 200
9 89 74 82 4 0 17 0.21 M M 5.4 14 190 M M 3 13 18 200
10 93 70 82 5 0 17 1.06 M M 7.8 32 350 M M 2 13 43 330
11 86 69 78 1 0 13 0.00 M M 2.9 12 210 M M 4 16 200
12 84 72 78 1 0 13 0.01 M M 3.1 13 320 M M 5 13 18 310
13 85 72 79 2 0 14 0.21 M M 3.6 14 50 M M 6 13 18 60
14 88 70 79 2 0 14 0.00 M M 3.1 10 40 M M 4 1 15 10
15 90 67 79 2 0 14 0.00 M M 2.6 10 320 M M 1 1 17 330
16 85 65 75 -2 0 10 0.00 M M 6.2 15 360 M M 0 21 340
17 87 62 75 -2 0 10 0.00 M M 4.4 16 200 M M 0 1 23 210
18 84 65 75 -2 0 10 0.00 M M 6.4 16 360 M M 4 28 10
19 81 59 70 -6 0 5 0.00 M M 4.9 14 30 M M 0 23 50
20 83 57 70 -6 0 5 0.00 M M 3.0 10 20 M M 0 1 14 60
21 86 60 73 -3 0 8 0.00 M M 3.0 8 30 M M 3 12 11 30
22 87 63 75 -1 0 10 0.00 M M 1.6 9 280 M M 4 12 11 280
23 89 63 76 0 0 11 0.00 M M 3.7 10 230 M M 2 12 15 230
24 92 67 80 4 0 15 0.00 M M 3.1 10 200 M M 2 1 14 210
25 92 66 79 4 0 14 0.00 M M 1.7 8 130 M M 2 128 11 120
26 88 68 78 3 0 13 0.09 M M 6.3 16 220 M M 4 13 19 170
27 86 74 80 5 0 15 0.02 M M 5.1 20 130 M M 1 29 140
28 81 70 76 1 0 11 0.81 M M 7.3 17 120 M M 7 18 27 120
29 86 69 78 4 0 13 T M M 5.3 13 300 M M 4 1 17 300
30 79 66 73 -1 0 8 0.07 M M 2.9 8 140 M M 7 1 12 90
31 85 64 75 1 0 10 0.09 M M 4.7 17 150 M M 6 123 23 160
================================================================================
SM 2635 2023 0 322 3.63 M 133.0 M 98
================================================================================
AV 85.0 65.3 4.3 FASTST M M 3 MAX(MPH)
MISC ----> 32 350 43 330
================================================================================
NOTES:
# LAST OF SEVERAL OCCURRENCES
COLUMN 17 PEAK WIND IN M.P.H.
PRELIMINARY LOCAL CLIMATOLOGICAL DATA (WS FORM: F-6) , PAGE 2
STATION: CARBONDALE IL
MONTH: AUGUST
YEAR: 2020
LATITUDE: 37 46 N
LONGITUDE: 89 15 W
[TEMPERATURE DATA] [PRECIPITATION DATA] SYMBOLS USED IN COLUMN 16
AVERAGE MONTHLY: 75.1 TOTAL FOR MONTH: 3.63 1 = FOG OR MIST
DPTR FM NORMAL: -1.4 DPTR FM NORMAL: 0.75 2 = FOG REDUCING VISIBILITY
HIGHEST: 93 ON 10 GRTST 24HR 1.06 ON 10-10 TO 1/4 MILE OR LESS
LOWEST: 55 ON 5 3 = THUNDER
SNOW, ICE PELLETS, HAIL 4 = ICE PELLETS
TOTAL MONTH: M 5 = HAIL
GRTST 24HR M ON M 6 = FREEZING RAIN OR DRIZZLE
GRTST DEPTH: M ON M 7 = DUSTSTORM OR SANDSTORM:
VSBY 1/2 MILE OR LESS
8 = SMOKE OR HAZE
[NO. OF DAYS WITH] [WEATHER - DAYS WITH] 9 = BLOWING SNOW
X = TORNADO
MAX 32 OR BELOW: 0 0.01 INCH OR MORE: 13
MAX 90 OR ABOVE: 4 0.10 INCH OR MORE: 7
MIN 32 OR BELOW: 0 0.50 INCH OR MORE: 3
MIN 0 OR BELOW: 0 1.00 INCH OR MORE: 1
[HDD (BASE 65) ]
TOTAL THIS MO. 0 CLEAR (SCALE 0-3) 17
DPTR FM NORMAL -1 PTCLDY (SCALE 4-7) 13
TOTAL FM JUL 1 0 CLOUDY (SCALE 8-10) 1
DPTR FM NORMAL 0
[CDD (BASE 65) ]
TOTAL THIS MO. 322
DPTR FM NORMAL -35 [PRESSURE DATA]
TOTAL FM JAN 1 1269 HIGHEST SLP M ON M
DPTR FM NORMAL 72 LOWEST SLP 29.63 ON 28
[REMARKS]
#FINAL-08-20#