000
CXUS51 KCTP 010800
CF6MDT
PRELIMINARY LOCAL CLIMATOLOGICAL DATA (WS FORM: F-6)
STATION: HARRISBURG PA
MONTH: MAY
YEAR: 2020
LATITUDE: 40 11 N
LONGITUDE: 76 46 W
TEMPERATURE IN F: :PCPN: SNOW: WIND :SUNSHINE: SKY :PK WND
================================================================================
1 2 3 4 5 6A 6B 7 8 9 10 11 12 13 14 15 16 17 18
12Z AVG MX 2MIN
DY MAX MIN AVG DEP HDD CDD WTR SNW DPTH SPD SPD DIR MIN PSBL S-S WX SPD DR
================================================================================
1 66 52 59 1 6 0 0.02 0.0 0 10.9 22 320 M M 8 1 26 300
2 72 47 60 2 5 0 0.00 0.0 0 8.1 16 230 M M 6 26 250
3 76 53 65 7 0 0 0.06 0.0 0 7.8 24 260 M M 8 1 41 270
4 70 50 60 2 5 0 0.00 0.0 0 15.1 29 310 M M 5 38 330
5 56 45 51 -8 14 0 0.00 0.0 0 7.3 17 270 M M 9 24 270
6 51 43 47 -12 18 0 0.22 0.0 0 6.4 17 110 M M 10 1 21 120
7 65 42 54 -5 11 0 T 0.0 0 11.3 26 260 M M 5 40 270
8 57 37 47 -13 18 0 0.53 0.0 0 9.2 26 320 M M 9 1 35 350
9 46 33 40 -20 25 0 T T 0 17.1 31 290 M M 5 48 270
10 63 30 47 -13 18 0 0.00 0.0 0 9.6 23 230 M M 4 36 250
11 56 42 49 -12 16 0 0.01 0.0 0 13.5 32 300 M M 8 42 270
12 60 43 52 -9 13 0 0.00 0.0 0 12.7 26 310 M M 7 38 270
13 66 37 52 -9 13 0 0.00 0.0 0 3.0 15 310 M M 1 8 20 310
14 71 39 55 -7 10 0 T 0.0 0 3.8 17 190 M M 6 22 190
15 85 59 72 10 0 7 0.07 0.0 0 6.4 20 200 M M 8 18 28 200
16 74 56 65 3 0 0 T 0.0 0 5.4 16 320 M M 8 23 320
17 68 55 62 0 3 0 T 0.0 0 7.1 14 140 M M 8 20 130
18 71 56 64 1 1 0 0.00 0.0 0 9.2 21 110 M M 10 25 50
19 71 50 61 -2 4 0 0.00 0.0 0 12.1 26 110 M M 8 40 80
20 66 49 58 -5 7 0 0.00 0.0 0 12.1 23 120 M M 9 31 80
21 75 42 59 -5 6 0 0.00 0.0 0 5.9 13 130 M M 7 17 150
22 69 60 65 1 0 0 0.26 0.0 0 4.9 12 100 M M 10 1 16 100
23 79 62 71 7 0 6 0.41 0.0 0 6.5 18 50 M M 8 1 26 40
24 71 56 64 0 1 0 0.00 0.0 0 7.5 15 100 M M 10 1 18 100
25 76 58 67 2 0 2 0.00 0.0 0 3.9 10 110 M M 6 18 12 120
26 84 59 72 7 0 7 0.00 0.0 0 5.0 12 130 M M 1 1 13 150
27 81 62 72 6 0 7 0.00 0.0 0 4.8 10 160 M M 7 18 14 160
28 81 67 74 8 0 9 0.05 0.0 0 9.9 16 140 M M 9 18 25 180
29 87 67 77 11 0 12 0.26 0.0 0 9.5 28 250 M M 8 13 42 270
30 79 63 71 5 0 6 T 0.0 0 9.9 21 310 M M 4 27 320
31 71 54 63 -4 2 0 0.00 0.0 0 9.3 21 310 M M 3 27 310
================================================================================
SM 2163 1568 196 56 1.89 T 265.2 M 215
================================================================================
AV 69.8 50.6 8.6 FASTST M M 7 MAX(MPH)
MISC ----> 32 300 48 270
================================================================================
NOTES:
# LAST OF SEVERAL OCCURRENCES
COLUMN 17 PEAK WIND IN M.P.H.
PRELIMINARY LOCAL CLIMATOLOGICAL DATA (WS FORM: F-6) , PAGE 2
STATION: HARRISBURG PA
MONTH: MAY
YEAR: 2020
LATITUDE: 40 11 N
LONGITUDE: 76 46 W
[TEMPERATURE DATA] [PRECIPITATION DATA] SYMBOLS USED IN COLUMN 16
AVERAGE MONTHLY: 60.2 TOTAL FOR MONTH: 1.89 1 = FOG OR MIST
DPTR FM NORMAL: -1.9 DPTR FM NORMAL: -1.90 2 = FOG REDUCING VISIBILITY
HIGHEST: 87 ON 29 GRTST 24HR 1.21 ON 30- 1 TO 1/4 MILE OR LESS
LOWEST: 30 ON 10 3 = THUNDER
SNOW, ICE PELLETS, HAIL 4 = ICE PELLETS
TOTAL MONTH: T 5 = HAIL
GRTST 24HR T ON 9- 9 6 = FREEZING RAIN OR DRIZZLE
GRTST DEPTH: 0 7 = DUSTSTORM OR SANDSTORM:
VSBY 1/2 MILE OR LESS
8 = SMOKE OR HAZE
[NO. OF DAYS WITH] [WEATHER - DAYS WITH] 9 = BLOWING SNOW
X = TORNADO
MAX 32 OR BELOW: 0 0.01 INCH OR MORE: 10
MAX 90 OR ABOVE: 0 0.10 INCH OR MORE: 5
MIN 32 OR BELOW: 1 0.50 INCH OR MORE: 1
MIN 0 OR BELOW: 0 1.00 INCH OR MORE: 0
[HDD (BASE 65) ]
TOTAL THIS MO. 196 CLEAR (SCALE 0-3) 3
DPTR FM NORMAL 48 PTCLDY (SCALE 4-7) 17
TOTAL FM JUL 1 4574 CLOUDY (SCALE 8-10) 11
DPTR FM NORMAL -676
[CDD (BASE 65) ]
TOTAL THIS MO. 56
DPTR FM NORMAL -2 [PRESSURE DATA]
TOTAL FM JAN 1 56 HIGHEST SLP 30.40 ON 21
DPTR FM NORMAL -9 LOWEST SLP 29.63 ON 8
[REMARKS]
#FINAL-05-20#