000
CXUS53 KARX 010930
CF6MDZ
PRELIMINARY LOCAL CLIMATOLOGICAL DATA (WS FORM: F-6)
STATION: MEDFORD WI
MONTH: MAY
YEAR: 2020
LATITUDE: 45 5 N
LONGITUDE: 90 18 W
TEMPERATURE IN F: :PCPN: SNOW: WIND :SUNSHINE: SKY :PK WND
================================================================================
1 2 3 4 5 6A 6B 7 8 9 10 11 12 13 14 15 16 17 18
12Z AVG MX 2MIN
DY MAX MIN AVG DEP HDD CDD WTR SNW DPTH SPD SPD DIR MIN PSBL S-S WX SPD DR
================================================================================
1 61 32 47 M 18 0 0.03 0.0 0 7.2 13 140 M M 4 20 150
2 68 50 59 M 6 0 0.00 0.0 0 13.1 21 280 M M 2 32 280
3 58 35 47 M 18 0 0.00 0.0 0 12.0 24 280 M M 0 29 290
4 55 29 42 M 23 0 0.00 0.0 0 5.9 8 70 M M 1 M M
5 55 33 44 M 21 0 0.00 0.0 0 4.4 9 110 M M 1 M M
6 62 32 47 M 18 0 0.00 0.0 0 6.2 14 280 M M 3 21 280
7 53 32 43 M 22 0 0.00 0.0 0 10.3 18 340 M M 0 25 320
8 39 25 32 M 33 0 0.00 0.0 0 9.8 16 340 M M 6 24 360
9 49 27 38 M 27 0 0.02 0.0 0 8.4 15 50 M M 5 20 260
10 39 30 35 M 30 0 0.02 M 0 9.6 16 360 M M 10 22 360
11 49 27 38 M 27 0 0.00 0.0 0 6.7 16 280 M M 3 23 280
12 53 25 39 M 26 0 0.00 0.0 0 3.2 8 300 M M 0 M M
13 57 30 44 M 21 0 0.01 0.0 0 9.5 16 130 M M 6 27 130
14 60 43 52 M 13 0 0.06 0.0 0 5.6 8 250 M M 7 1 M M
15 66 44 55 M 10 0 0.00 0.0 0 8.2 14 10 M M 2 20 10
16 67 43 55 M 10 0 0.00 0.0 0 7.7 15 80 M M 4 20 80
17 52 47 50 M 15 0 0.78 0.0 0 17.9 25 60 M M 10 37 60
18 58 47 53 M 12 0 0.14 0.0 0 17.9 22 50 M M 10 32 50
19 69 49 59 M 6 0 0.00 0.0 0 10.9 21 90 M M 8 31 90
20 74 46 60 M 5 0 0.00 0.0 0 6.6 13 140 M M 1 21 110
21 71 49 60 M 5 0 0.00 0.0 0 5.8 13 170 M M 4 18 140
22 65 51 58 M 7 0 0.00 0.0 0 4.1 9 110 M M 9 17 110
23 71 55 63 M 2 0 0.03 0.0 0 5.7 10 120 M M 8 1 16 120
24 75 57 66 M 0 1 0.01 0.0 0 4.2 12 160 M M 7 M M
25 78 60 69 M 0 4 M 0.0 0 4.3 13 160 M M 4 13 18 160
26 78 59 69 M 0 4 0.24 0.0 0 6.0 21 210 M M 5 13 28 210
27 77 62 70 M 0 5 0.58 0.0 0 8.2 14 210 M M 5 20 210
28 69 55 62 M 3 0 0.26 0.0 0 5.2 13 350 M M 5 1 17 350
29 59 46 53 M 12 0 0.00 0.0 0 8.3 16 330 M M 7 25 320
30 61 40 51 M 14 0 0.00 0.0 0 7.7 15 320 M M 3 21 320
31 66 38 52 M 13 0 0.00 0.0 0 5.8 10 260 M M 0 M M
================================================================================
SM 1914 1298 417 14 2.18 0.0 246.4 M 140
================================================================================
AV 61.7 41.9 7.9 FASTST M M 5 MAX(MPH)
MISC ----> # 25 60 # 37 60
================================================================================
NOTES:
# LAST OF SEVERAL OCCURRENCES
COLUMN 17 PEAK WIND IN M.P.H.
PRELIMINARY LOCAL CLIMATOLOGICAL DATA (WS FORM: F-6) , PAGE 2
STATION: MEDFORD WI
MONTH: MAY
YEAR: 2020
LATITUDE: 45 5 N
LONGITUDE: 90 18 W
[TEMPERATURE DATA] [PRECIPITATION DATA] SYMBOLS USED IN COLUMN 16
AVERAGE MONTHLY: 51.8 TOTAL FOR MONTH: 2.18 1 = FOG OR MIST
DPTR FM NORMAL: M DPTR FM NORMAL: M 2 = FOG REDUCING VISIBILITY
HIGHEST: 78 ON 26,25 GRTST 24HR 0.78 ON 17-17 TO 1/4 MILE OR LESS
LOWEST: 25 ON 12, 8 3 = THUNDER
SNOW, ICE PELLETS, HAIL 4 = ICE PELLETS
TOTAL MONTH: 0.0 INCH 5 = HAIL
GRTST 24HR 0.0 6 = FREEZING RAIN OR DRIZZLE
GRTST DEPTH: 0 7 = DUSTSTORM OR SANDSTORM:
VSBY 1/2 MILE OR LESS
8 = SMOKE OR HAZE
[NO. OF DAYS WITH] [WEATHER - DAYS WITH] 9 = BLOWING SNOW
X = TORNADO
MAX 32 OR BELOW: 0 0.01 INCH OR MORE: 12
MAX 90 OR ABOVE: 0 0.10 INCH OR MORE: 5
MIN 32 OR BELOW: 10 0.50 INCH OR MORE: 2
MIN 0 OR BELOW: 0 1.00 INCH OR MORE: 0
[HDD (BASE 65) ]
TOTAL THIS MO. 417 CLEAR (SCALE 0-3) 11
DPTR FM NORMAL M PTCLDY (SCALE 4-7) 15
TOTAL FM JUL 1 8783 CLOUDY (SCALE 8-10) 5
DPTR FM NORMAL M
[CDD (BASE 65) ]
TOTAL THIS MO. 14
DPTR FM NORMAL M [PRESSURE DATA]
TOTAL FM JAN 1 14 HIGHEST SLP M ON M
DPTR FM NORMAL M LOWEST SLP M ON M
[REMARKS]
#FINAL-05-20#