000
CXUS54 KJAN 012348
CF6MEI
PRELIMINARY LOCAL CLIMATOLOGICAL DATA (WS FORM: F-6)
STATION: MERIDIAN
MONTH: NOVEMBER
YEAR: 2020
LATITUDE: 32 19 N
LONGITUDE: 88 45 W
TEMPERATURE IN F: :PCPN: SNOW: WIND :SUNSHINE: SKY :PK WND
================================================================================
1 2 3 4 5 6A 6B 7 8 9 10 11 12 13 14 15 16 17 18
12Z AVG MX 2MIN
DY MAX MIN AVG DEP HDD CDD WTR SNW DPTH SPD SPD DIR MIN PSBL S-S WX SPD DR
================================================================================
1 75 47 61 2 4 0 0.00 0.0 0 7.7 20 360 M M 0 1 28 360
2 63 38 51 -8 14 0 0.00 0.0 0 6.7 20 40 M M 0 27 40
3 72 36 54 -4 11 0 0.00 0.0 0 0.5 6 290 M M 0 1 9 40
4 74 38 56 -2 9 0 0.00 0.0 0 1.1 8 130 M M 0 12 90
5 73 43 58 0 7 0 0.00 0.0 0 2.7 9 160 M M 0 12 120
6 78 49 64 7 1 0 0.00 0.0 0 5.8 14 60 M M 1 22 70
7 77 57 67 10 0 2 0.00 0.0 0 6.9 13 110 M M 5 17 80
8 73 62 68 11 0 3 0.00 0.0 0 7.3 16 100 M M 7 22 100
9 78 63 71 15 0 6 0.00 0.0 0 4.9 15 100 M M 7 22 90
10 76 63 70 14 0 5 0.04 0.0 0 3.3 10 140 M M 8 18 14 140
11 80 64 72 16 0 7 T 0.0 0 5.3 13 350 M M 10 1 18 350
12 77 50 64 8 1 0 0.00 0.0 0 5.2 13 320 M M 4 1 18 340
13 76 46 61 6 4 0 0.00 0.0 0 2.1 15 20 M M 0 20 30
14 79 47 63 8 2 0 0.00 0.0 0 5.0 15 160 M M 0 21 170
15 71 39 55 0 10 0 T 0.0 0 7.1 20 350 M M 5 31 330
16 67 34 51 -3 14 0 0.00 0.0 0 1.7 14 20 M M 0 20 40
17 69 35 52 -2 13 0 0.00 0.0 0 5.2 18 20 M M 0 26 20
18 67 36 52 -2 13 0 0.00 0.0 0 3.2 13 50 M M 0 18 40
19 69 36 53 -1 12 0 0.00 0.0 0 2.9 12 170 M M 0 18 120
20 75 39 57 4 8 0 0.00 0.0 0 1.6 9 110 M M 0 16 50
21 75 43 59 6 6 0 0.00 0.0 0 2.2 9 70 M M 1 18 13 60
22 75 46 61 8 4 0 0.00 0.0 0 4.0 20 360 M M 3 1 24 10
23 63 36 50 -2 15 0 0.00 0.0 0 7.2 17 10 M M 3 25 20
24 70 31 51 -1 14 0 0.00 0.0 0 6.0 23 140 M M 1 8 30 140
25 70 59 65 13 0 0 0.40 0.0 0 8.8 21 280 M M 8 1 29 150
26 72 51 62 10 3 0 0.00 0.0 0 3.7 9 30 M M 5 12 10
27 71 51 61 10 4 0 1.76 0.0 0 2.8 18 350 M M 9 13 27 250
28 60 50 55 4 10 0 0.00 0.0 0 7.0 14 50 M M 5 1 19 30
29 58 46 52 1 13 0 1.60 0.0 0 6.2 21 310 M M 7 1 30 320
30 48 28 38 -12 27 0 0.00 0.0 0 10.0 23 310 M M 6 35 310
================================================================================
SM 2131 1363 219 23 3.80 0.0 144.1 M 95
================================================================================
AV 71.0 45.4 4.8 FASTST M M 3 MAX(MPH)
MISC ----> # 23 140 # 35 310
================================================================================
NOTES:
# LAST OF SEVERAL OCCURRENCES
COLUMN 17 PEAK WIND IN M.P.H.
PRELIMINARY LOCAL CLIMATOLOGICAL DATA (WS FORM: F-6) , PAGE 2
STATION: MERIDIAN
MONTH: NOVEMBER
YEAR: 2020
LATITUDE: 32 19 N
LONGITUDE: 88 45 W
[TEMPERATURE DATA] [PRECIPITATION DATA] SYMBOLS USED IN COLUMN 16
AVERAGE MONTHLY: 58.2 TOTAL FOR MONTH: 3.80 1 = FOG OR MIST
DPTR FM NORMAL: 3.5 DPTR FM NORMAL: -1.15 2 = FOG REDUCING VISIBILITY
HIGHEST: 80 ON 11 GRTST 24HR 1.76 ON 27-27 TO 1/4 MILE OR LESS
LOWEST: 28 ON 30 3 = THUNDER
SNOW, ICE PELLETS, HAIL 4 = ICE PELLETS
TOTAL MONTH: 0.0 INCH 5 = HAIL
GRTST 24HR 0.0 6 = FREEZING RAIN OR DRIZZLE
GRTST DEPTH: 0 7 = DUSTSTORM OR SANDSTORM:
VSBY 1/2 MILE OR LESS
8 = SMOKE OR HAZE
[NO. OF DAYS WITH] [WEATHER - DAYS WITH] 9 = BLOWING SNOW
X = TORNADO
MAX 32 OR BELOW: 0 0.01 INCH OR MORE: 4
MAX 90 OR ABOVE: 0 0.10 INCH OR MORE: 3
MIN 32 OR BELOW: 2 0.50 INCH OR MORE: 2
MIN 0 OR BELOW: 0 1.00 INCH OR MORE: 2
[HDD (BASE 65) ]
TOTAL THIS MO. 219 CLEAR (SCALE 0-3) 15
DPTR FM NORMAL -107 PTCLDY (SCALE 4-7) 12
TOTAL FM JUL 1 262 CLOUDY (SCALE 8-10) 3
DPTR FM NORMAL -188
[CDD (BASE 65) ]
TOTAL THIS MO. 23
DPTR FM NORMAL 7 [PRESSURE DATA]
TOTAL FM JAN 1 2512 HIGHEST SLP M ON M
DPTR FM NORMAL 483 LOWEST SLP 29.83 ON M
[REMARKS]
#FINAL-11-20#