000
CXUS54 KJAN 011414
CF6MEI
PRELIMINARY LOCAL CLIMATOLOGICAL DATA (WS FORM: F-6)
STATION: MERIDIAN
MONTH: APRIL
YEAR: 2020
LATITUDE: 32 19 N
LONGITUDE: 88 45 W
TEMPERATURE IN F: :PCPN: SNOW: WIND :SUNSHINE: SKY :PK WND
================================================================================
1 2 3 4 5 6A 6B 7 8 9 10 11 12 13 14 15 16 17 18
12Z AVG MX 2MIN
DY MAX MIN AVG DEP HDD CDD WTR SNW DPTH SPD SPD DIR MIN PSBL S-S WX SPD DR
================================================================================
1 76 42 59 0 6 0 0.00 0.0 0 2.8 13 350 M M 1 1 17 350
2 77 45 61 2 4 0 0.00 0.0 0 2.7 10 80 M M 0 14 80
3 80 52 66 6 0 1 0.00 0.0 0 1.3 8 240 M M 1 11 230
4 79 57 68 8 0 3 T 0.0 0 3.2 14 30 M M 3 20 30
5 81 61 71 11 0 6 0.00 0.0 0 2.6 6 40 M M 4 13 30
6 81 57 69 9 0 4 0.00 0.0 0 2.1 10 180 M M 1 8 13 180
7 79 64 72 12 0 7 T 0.0 0 4.4 16 40 M M 5 1 20 40
8 88 68 78 17 0 13 0.57 0.0 0 6.5 28 310 M M 6 135 44 280
9 81 65 73 12 0 8 0.00 0.0 0 9.1 24 40 M M 4 18 33 20
10 68 44 56 -5 9 0 0.00 0.0 0 9.1 24 10 M M 2 33 20
11 76 40 58 -3 7 0 0.00 0.0 0 4.2 14 100 M M 0 19 190
12 84 56 70 8 0 5 1.76 0.0 0 13.5 37 170 M M 9 13 49 170
13 68 49 59 -3 6 0 0.00 0.0 0 8.1 16 10 M M 7 21 10
14 68 44 56 -6 9 0 0.00 0.0 0 10.7 18 10 M M 1 27 10
15 66 41 54 -8 11 0 0.00 0.0 0 9.3 22 10 M M 0 30 360
16 74 36 55 -8 10 0 0.00 0.0 0 3.1 16 60 M M 0 21 60
17 81 42 62 -1 3 0 0.00 0.0 0 5.9 20 190 M M 1 25 190
18 74 58 66 3 0 1 0.01 0.0 0 6.5 20 350 M M 5 13 24 350
19 74 57 66 2 0 1 2.75 0.0 0 7.0 35 320 M M 10 13 55 310
20 76 55 66 2 0 1 0.04 0.0 0 3.9 20 310 M M 3 1 31 290
21 83 50 67 3 0 2 0.00 0.0 0 3.8 14 350 M M 1 1 20 350
22 76 54 65 1 0 0 0.36 0.0 0 5.9 16 120 M M 3 13 23 130
23 80 58 69 4 0 4 1.77 0.0 0 8.5 21 330 M M 3 13 29 260
24 82 52 67 2 0 2 0.00 0.0 0 4.3 15 330 M M 0 1 20 360
25 80 58 69 4 0 4 0.02 0.0 0 8.2 21 260 M M 5 1 32 260
26 76 51 64 -1 1 0 0.00 0.0 0 7.9 23 320 M M 0 32 360
27 79 45 62 -4 3 0 0.00 0.0 0 1.7 9 70 M M 0 13 60
28 81 55 68 2 0 3 0.00 0.0 0 8.8 29 180 M M 1 37 180
29 74 57 66 0 0 1 0.07 0.0 0 7.3 30 140 M M 5 38 140
30 76 50 63 -3 2 0 0.00 0.0 0 6.6 21 310 M M 1 29 320
================================================================================
SM 2318 1563 71 66 7.35 0.0 179.0 M 82
================================================================================
AV 77.3 52.1 6.0 FASTST M M 3 MAX(MPH)
MISC ----> # 37 170 # 55 310
================================================================================
NOTES:
# LAST OF SEVERAL OCCURRENCES
COLUMN 17 PEAK WIND IN M.P.H.
PRELIMINARY LOCAL CLIMATOLOGICAL DATA (WS FORM: F-6) , PAGE 2
STATION: MERIDIAN
MONTH: APRIL
YEAR: 2020
LATITUDE: 32 19 N
LONGITUDE: 88 45 W
[TEMPERATURE DATA] [PRECIPITATION DATA] SYMBOLS USED IN COLUMN 16
AVERAGE MONTHLY: 64.7 TOTAL FOR MONTH: 7.35 1 = FOG OR MIST
DPTR FM NORMAL: 2.0 DPTR FM NORMAL: 2.57 2 = FOG REDUCING VISIBILITY
HIGHEST: 88 ON 8 GRTST 24HR 2.75 ON 19-19 TO 1/4 MILE OR LESS
LOWEST: 36 ON 16 3 = THUNDER
SNOW, ICE PELLETS, HAIL 4 = ICE PELLETS
TOTAL MONTH: 0.0 INCH 5 = HAIL
GRTST 24HR 0.0 6 = FREEZING RAIN OR DRIZZLE
GRTST DEPTH: 0 7 = DUSTSTORM OR SANDSTORM:
VSBY 1/2 MILE OR LESS
8 = SMOKE OR HAZE
[NO. OF DAYS WITH] [WEATHER - DAYS WITH] 9 = BLOWING SNOW
X = TORNADO
MAX 32 OR BELOW: 0 0.01 INCH OR MORE: 9
MAX 90 OR ABOVE: 0 0.10 INCH OR MORE: 5
MIN 32 OR BELOW: 0 0.50 INCH OR MORE: 4
MIN 0 OR BELOW: 0 1.00 INCH OR MORE: 3
[HDD (BASE 65) ]
TOTAL THIS MO. 71 CLEAR (SCALE 0-3) 19
DPTR FM NORMAL -59 PTCLDY (SCALE 4-7) 9
TOTAL FM JUL 1 1652 CLOUDY (SCALE 8-10) 2
DPTR FM NORMAL -882
[CDD (BASE 65) ]
TOTAL THIS MO. 66
DPTR FM NORMAL 7 [PRESSURE DATA]
TOTAL FM JAN 1 234 HIGHEST SLP M ON M
DPTR FM NORMAL 151 LOWEST SLP 29.45 ON 12
[REMARKS]
#FINAL-04-20#