000
CXUS54 KBRO 010800
CF6MFE
PRELIMINARY LOCAL CLIMATOLOGICAL DATA (WS FORM: F-6)
STATION: MCALLEN
MONTH: JULY
YEAR: 2023
LATITUDE: 26 10 N
LONGITUDE: 98 14 W
TEMPERATURE IN F: :PCPN: SNOW: WIND :SUNSHINE: SKY :PK WND
================================================================================
1 2 3 4 5 6A 6B 7 8 9 10 11 12 13 14 15 16 17 18
12Z AVG MX 2MIN
DY MAX MIN AVG DEP HDD CDD WTR SNW DPTH SPD SPD DIR MIN PSBL S-S WX SPD DR
================================================================================
1 101 81 91 3 0 26 0.00 0.0 0 13.6 23 130 M M 3 32 130
2 101 77 89 1 0 24 0.00 0.0 0 10.6 23 120 M M 1 28 120
3 101 77 89 1 0 24 0.00 0.0 0 11.3 22 120 M M 2 29 120
4 101 78 90 2 0 25 0.00 0.0 0 13.4 23 130 M M 1 1 30 130
5 97 79 88 0 0 23 0.01 0.0 0 11.0 22 140 M M 5 30 140
6 83 77 80 -8 0 15 0.34 0.0 0 10.1 21 150 M M 9 13 26 160
7 94 78 86 -2 0 21 0.06 0.0 0 10.8 23 110 M M 2 3 31 130
8 98 78 88 0 0 23 0.00 0.0 0 12.2 22 160 M M 2 1 30 160
9 100 80 90 2 0 25 0.00 0.0 0 14.6 23 130 M M 2 32 120
10 101 80 91 3 0 26 0.00 0.0 0 15.0 23 150 M M 3 39 120
11 100 81 91 3 0 26 0.00 0.0 0 15.2 23 140 M M 3 18 36 130
12 100 81 91 3 0 26 0.00 0.0 0 18.5 28 140 M M 2 8 37 150
13 102 81 92 4 0 27 0.00 0.0 0 18.6 28 130 M M 2 40 120
14 101 81 91 3 0 26 0.00 0.0 0 18.2 30 130 M M 2 1 39 130
15 101 81 91 3 0 26 0.00 0.0 0 18.4 26 130 M M 2 37 140
16 103 80 92 4 0 27 0.00 0.0 0 13.8 23 130 M M 3 18 30 150
17 102 77 90 1 0 25 0.00 0.0 0 12.5 21 130 M M 1 1 28 150
18 103 79 91 2 0 26 0.00 0.0 0 15.1 25 130 M M 1 18 32 120
19 102 80 91 2 0 26 0.00 0.0 0 16.1 25 130 M M 1 8 34 130
20 102 80 91 2 0 26 0.00 0.0 0 14.6 24 120 M M 1 33 130
21 102 77 90 1 0 25 0.00 0.0 0 12.0 22 130 M M 1 30 120
22 102 77 90 1 0 25 0.00 0.0 0 10.6 22 130 M M 1 28 140
23 101 79 90 1 0 25 0.00 0.0 0 10.7 21 110 M M 1 29 120
24 101 79 90 1 0 25 T 0.0 0 7.7 22 120 M M 2 3 27 100
25 100 76 88 -1 0 23 0.00 0.0 0 10.6 22 140 M M 1 8 29 120
26 101 79 90 1 0 25 0.00 0.0 0 15.0 25 130 M M 0 8 35 130
27 101 77 89 0 0 24 0.00 0.0 0 13.7 23 130 M M 1 18 32 130
28 100 77 89 -1 0 24 0.00 0.0 0 12.1 33 130 M M 0 44 130
29 100 73 87 -3 0 22 0.00 0.0 0 11.4 25 130 M M 1 31 130
30 101 78 90 0 0 25 0.00 0.0 0 9.9 20 120 M M 2 26 110
31 103 79 91 1 0 26 0.00 0.0 0 10.6 26 110 M M 2 8 34 110
================================================================================
SM 3105 2437 0 762 0.41 0.0 407.9 M 60
================================================================================
AV100.2 78.6 13.2 FASTST M M 2 MAX(MPH)
MISC ----> 33 130 44 130
================================================================================
NOTES:
# LAST OF SEVERAL OCCURRENCES
COLUMN 17 PEAK WIND IN M.P.H.
PRELIMINARY LOCAL CLIMATOLOGICAL DATA (WS FORM: F-6) , PAGE 2
STATION: MCALLEN
MONTH: JULY
YEAR: 2023
LATITUDE: 26 10 N
LONGITUDE: 98 14 W
[TEMPERATURE DATA] [PRECIPITATION DATA] SYMBOLS USED IN COLUMN 16
AVERAGE MONTHLY: 89.4 TOTAL FOR MONTH: 0.41 1 = FOG OR MIST
DPTR FM NORMAL: 0.8 DPTR FM NORMAL: -1.62 2 = FOG REDUCING VISIBILITY
HIGHEST: 103 ON 31,18 GRTST 24HR 0.34 ON 6- 6 TO 1/4 MILE OR LESS
LOWEST: 73 ON 29 3 = THUNDER
SNOW, ICE PELLETS, HAIL 4 = ICE PELLETS
TOTAL MONTH: 0.0 INCH 5 = HAIL
GRTST 24HR 0.0 6 = FREEZING RAIN OR DRIZZLE
GRTST DEPTH: 0 7 = DUSTSTORM OR SANDSTORM:
VSBY 1/2 MILE OR LESS
8 = SMOKE OR HAZE
[NO. OF DAYS WITH] [WEATHER - DAYS WITH] 9 = BLOWING SNOW
X = TORNADO
MAX 32 OR BELOW: 0 0.01 INCH OR MORE: 3
MAX 90 OR ABOVE: 30 0.10 INCH OR MORE: 1
MIN 32 OR BELOW: 0 0.50 INCH OR MORE: 0
MIN 0 OR BELOW: 0 1.00 INCH OR MORE: 0
[HDD (BASE 65) ]
TOTAL THIS MO. 0 CLEAR (SCALE 0-3) 28
DPTR FM NORMAL 0 PTCLDY (SCALE 4-7) 2
TOTAL FM JUL 1 0 CLOUDY (SCALE 8-10) 1
DPTR FM NORMAL 0
[CDD (BASE 65) ]
TOTAL THIS MO. 762
DPTR FM NORMAL 29 [PRESSURE DATA]
TOTAL FM JAN 1 3004 HIGHEST SLP M ON M
DPTR FM NORMAL 113 LOWEST SLP 29.78 ON 13
[REMARKS]
#FINAL-07-23#