000
CXUS53 KGRB 280708
CF6MFI
PRELIMINARY LOCAL CLIMATOLOGICAL DATA (WS FORM: F-6)
STATION: MARSHFIELD WI
MONTH: MARCH
YEAR: 2024
LATITUDE: 44 37 N
LONGITUDE: 90 11 W
TEMPERATURE IN F: :PCPN: SNOW: WIND :SUNSHINE: SKY :PK WND
================================================================================
1 2 3 4 5 6A 6B 7 8 9 10 11 12 13 14 15 16 17 18
12Z AVG MX 2MIN
DY MAX MIN AVG DEP HDD CDD WTR SNW DPTH SPD SPD DIR MIN PSBL S-S WX SPD DR
================================================================================
1 53 27 40 16 25 0 0.00 0.0 0 13.6 25 180 M M 0 34 180
2 58 28 43 19 22 0 0.00 0.0 0 8.8 17 170 M M 0 1 22 180
3 69 38 54 29 11 0 0.03 0.0 0 15.1 29 170 M M 3 138 41 270
4 41 27 34 9 31 0 0.88 0.3 T 6.4 6 190 M M 2 24 350
5 49 27 38 12 27 0 0.00 0.0 0 6.3 14 50 M M M 21 10
6 49 24 37 11 28 0 0.00 0.0 0 8.1 23 120 M M M 16 110
7 54 30 42 16 23 0 0.00 0.0 0 7.4 15 140 M M M 19 170
8 45 28 37 10 28 0 0.00 0.0 0 9.6 17 350 M M 7 1 23 340
9 39 23 31 4 34 0 0.00 0.0 0 14.1 25 340 M M 2 37 330
10 44 20 32 4 33 0 0.00 0.0 0 5.9 14 270 M M 0 18 330
11 62 25 44 16 21 0 0.00 0.0 0 6.4 14 240 M M 0 8 20 230
12 66 38 52 23 13 0 0.00 0.0 0 9.1 18 240 M M 0 26 250
13 66 33 50 21 15 0 0.00 0.0 0 5.2 12 50 M M 0 16 50
14 54 37 46 16 19 0 0.00 0.0 0 10.6 20 50 M M 2 26 50
15 53 25 39 9 26 0 0.00 0.0 0 7.1 21 240 M M 2 27 250
16 48 30 39 9 26 0 0.00 0.0 0 17.7 30 310 M M 8 42 310
17 30 20 25 -6 40 0 T T 0 17.2 28 330 M M 10 8 38 320
18 34 20 27 -4 38 0 T T 0 12.0 18 350 M M 7 26 250
19 49 28 39 7 26 0 0.00 0.0 0 16.6 30 310 M M 3 40 310
20 30 17 24 -8 41 0 0.00 0.0 0 13.4 24 330 M M 1 32 320
21 34 17 26 -7 39 0 0.03 M T 3.9 10 190 M M 7 1 14 280
22 32 14 23 -10 42 0 0.25 4.6 5 6.9 17 330 M M 9 1 22 360
23 29 9 19 -15 46 0 0.00 0.0 5 5.0 10 320 M M 3 16 360
24 33 23 28 -6 37 0 0.32 5.3 7 12.3 23 130 M M 10 12 32 130
25 34 32 33 -1 32 0 0.35 M 7 14.3 17 90 M M 10 1 27 90
26 M M M M M M M M M M M M M M M M M
27 30 17 24 -11 41 0 T M M 15.0 24 300 M M 8 1 34 290
================================================================================
SM 1185 657 764 0 1.86 10.2 268.0 M 94
================================================================================
AV 45.6 25.3 10.3 FASTST M M 4 MAX(MPH)
MISC ----> # 30 310 42 310
================================================================================
NOTES:
# LAST OF SEVERAL OCCURRENCES
COLUMN 17 PEAK WIND IN M.P.H.
PRELIMINARY LOCAL CLIMATOLOGICAL DATA (WS FORM: F-6) , PAGE 2
STATION: MARSHFIELD WI
MONTH: MARCH
YEAR: 2024
LATITUDE: 44 37 N
LONGITUDE: 90 11 W
[TEMPERATURE DATA] [PRECIPITATION DATA] SYMBOLS USED IN COLUMN 16
AVERAGE MONTHLY: 35.4 TOTAL FOR MONTH: 1.86 1 = FOG OR MIST
DPTR FM NORMAL: 5.9 DPTR FM NORMAL: 0.85 2 = FOG REDUCING VISIBILITY
HIGHEST: 69 ON 3 GRTST 24HR 0.88 ON 4- 4 TO 1/4 MILE OR LESS
LOWEST: 9 ON 23 3 = THUNDER
SNOW, ICE PELLETS, HAIL 4 = ICE PELLETS
TOTAL MONTH: 10.2 INCHES 5 = HAIL
GRTST 24HR 5.3 ON 24-24 6 = FREEZING RAIN OR DRIZZLE
GRTST DEPTH: 7 ON 25,24 7 = DUSTSTORM OR SANDSTORM:
VSBY 1/2 MILE OR LESS
8 = SMOKE OR HAZE
[NO. OF DAYS WITH] [WEATHER - DAYS WITH] 9 = BLOWING SNOW
X = TORNADO
MAX 32 OR BELOW: 5 0.01 INCH OR MORE: 6
MAX 90 OR ABOVE: 0 0.10 INCH OR MORE: 4
MIN 32 OR BELOW: 22 0.50 INCH OR MORE: 1
MIN 0 OR BELOW: 0 1.00 INCH OR MORE: 0
[HDD (BASE 65) ]
TOTAL THIS MO. 764 CLEAR (SCALE 0-3) 13
DPTR FM NORMAL -192 PTCLDY (SCALE 4-7) 5
TOTAL FM JUL 1 5690 CLOUDY (SCALE 8-10) 9
DPTR FM NORMAL -1302
[CDD (BASE 65) ]
TOTAL THIS MO. 0
DPTR FM NORMAL 0 [PRESSURE DATA]
TOTAL FM JAN 1 0 HIGHEST SLP M ON M
DPTR FM NORMAL 0 LOWEST SLP 29.45 ON 3
[REMARKS]