000
CXUS53 KGRB 241320
CF6MFI
PRELIMINARY LOCAL CLIMATOLOGICAL DATA (WS FORM: F-6)
STATION: MARSHFIELD WI
MONTH: JUNE
YEAR: 2022
LATITUDE: 44 37 N
LONGITUDE: 90 11 W
TEMPERATURE IN F: :PCPN: SNOW: WIND :SUNSHINE: SKY :PK WND
================================================================================
1 2 3 4 5 6A 6B 7 8 9 10 11 12 13 14 15 16 17 18
12Z AVG MX 2MIN
DY MAX MIN AVG DEP HDD CDD WTR SNW DPTH SPD SPD DIR MIN PSBL S-S WX SPD DR
================================================================================
1 70 49 60 -2 5 0 0.00 0.0 0 9.4 23 320 M M 1 32 310
2 75 46 61 -1 4 0 T 0.0 0 8.5 28 290 M M 2 45 290
3 68 45 57 -5 8 0 0.00 0.0 0 11.1 24 310 M M 0 34 300
4 69 39 54 -8 11 0 0.00 0.0 0 6.1 16 260 M M 0 12 21 250
5 62 46 54 -9 11 0 0.29 0.0 0 5.4 13 110 M M 10 12 18 120
6 70 54 62 -1 3 0 0.28 0.0 0 8.0 16 70 M M 8 1 22 70
7 73 54 64 1 1 0 0.00 0.0 0 3.8 12 50 M M 6 16 40
8 72 54 63 -1 2 0 0.01 0.0 0 4.7 12 220 M M 7 1 15 210
9 76 48 62 -2 3 0 0.00 0.0 0 9.0 21 330 M M 2 33 260
10 79 50 65 1 0 0 0.00 0.0 0 5.4 15 320 M M 3 22 330
11 68 56 62 -2 3 0 0.04 0.0 0 4.5 10 80 M M 8 1 15 250
12 73 54 64 -1 1 0 0.00 0.0 0 9.0 14 120 M M 3 20 140
13 69 55 62 -3 3 0 0.12 0.0 0 9.5 31 140 M M 7 13 45 140
14 94 65 80 15 0 15 0.00 0.0 0 12.3 24 180 M M 4 18 34 220
15 80 56 68 3 0 3 1.14 0.0 0 8.0 23 310 M M 4 123 32 300
16 77 56 67 1 0 2 0.00 0.0 0 13.6 29 280 M M 2 1 42 280
17 79 55 67 1 0 2 0.00 0.0 0 10.2 21 320 M M 0 29 330
18 74 50 62 -4 3 0 0.00 0.0 0 7.9 14 180 M M 0 20 180
19 82 53 68 2 0 3 0.00 0.0 0 9.5 17 180 M M 3 26 180
20 90 64 77 11 0 12 0.00 0.0 0 10.3 20 220 M M 0 28 210
21 89 66 78 11 0 13 T 0.0 0 10.0 21 290 M M 1 30 280
22 79 58 69 2 0 4 0.00 0.0 0 10.4 21 320 M M 0 28 320
23 85 55 70 3 0 5 0.00 0.0 0 6.9 16 220 M M 0 23 220
24 88 65 77 10 0 12 0.00 0.0 0 8.1 17 190 M M 1 25 190
25 76 63 70 3 0 5 0.03 0.0 0 8.3 18 310 M M 6 1 27 300
26 71 51 61 -7 4 0 0.00 0.0 0 14.5 29 320 M M 3 42 290
27 75 47 61 -7 4 0 0.00 0.0 0 8.1 17 330 M M 0 23 310
28 75 55 65 -3 0 0 1.16 0.0 0 6.4 21 250 M M 6 123 29 250
29 78 54 66 -2 0 1 0.00 0.0 0 7.9 15 160 M M 3 12 22 130
30 77 66 72 4 0 7 0.11 0.0 0 7.9 21 190 M M 3 13 28 190
================================================================================
SM 2293 1629 66 84 3.18 0.0 254.7 M 93
================================================================================
AV 76.4 54.3 8.5 FASTST M M 3 MAX(MPH)
MISC ----> 31 140 # 45 290
================================================================================
NOTES:
# LAST OF SEVERAL OCCURRENCES
COLUMN 17 PEAK WIND IN M.P.H.
PRELIMINARY LOCAL CLIMATOLOGICAL DATA (WS FORM: F-6) , PAGE 2
STATION: MARSHFIELD WI
MONTH: JUNE
YEAR: 2022
LATITUDE: 44 37 N
LONGITUDE: 90 11 W
[TEMPERATURE DATA] [PRECIPITATION DATA] SYMBOLS USED IN COLUMN 16
AVERAGE MONTHLY: 65.4 TOTAL FOR MONTH: 3.18 1 = FOG OR MIST
DPTR FM NORMAL: 0.2 DPTR FM NORMAL: -0.65 2 = FOG REDUCING VISIBILITY
HIGHEST: 94 ON 14 GRTST 24HR 1.16 ON 28-28 TO 1/4 MILE OR LESS
LOWEST: 39 ON 4 3 = THUNDER
SNOW, ICE PELLETS, HAIL 4 = ICE PELLETS
TOTAL MONTH: 0.0 INCH 5 = HAIL
GRTST 24HR 0.0 6 = FREEZING RAIN OR DRIZZLE
GRTST DEPTH: 0 7 = DUSTSTORM OR SANDSTORM:
VSBY 1/2 MILE OR LESS
8 = SMOKE OR HAZE
[NO. OF DAYS WITH] [WEATHER - DAYS WITH] 9 = BLOWING SNOW
X = TORNADO
MAX 32 OR BELOW: 0 0.01 INCH OR MORE: 9
MAX 90 OR ABOVE: 2 0.10 INCH OR MORE: 6
MIN 32 OR BELOW: 0 0.50 INCH OR MORE: 2
MIN 0 OR BELOW: 0 1.00 INCH OR MORE: 2
[HDD (BASE 65) ]
TOTAL THIS MO. 66 CLEAR (SCALE 0-3) 18
DPTR FM NORMAL -7 PTCLDY (SCALE 4-7) 11
TOTAL FM JUL 1 8051 CLOUDY (SCALE 8-10) 1
DPTR FM NORMAL -67
[CDD (BASE 65) ]
TOTAL THIS MO. 84
DPTR FM NORMAL 5 [PRESSURE DATA]
TOTAL FM JAN 1 144 HIGHEST SLP 30.33 ON 18
DPTR FM NORMAL 46 LOWEST SLP 29.62 ON 15
[REMARKS]
#FINAL-06-22#