000
CXUS53 KGRB 311421
CF6MFI
PRELIMINARY LOCAL CLIMATOLOGICAL DATA (WS FORM: F-6)
STATION: MARSHFIELD WI
MONTH: MAY
YEAR: 2020
LATITUDE: 44 37 N
LONGITUDE: 90 11 W
TEMPERATURE IN F: :PCPN: SNOW: WIND :SUNSHINE: SKY :PK WND
================================================================================
1 2 3 4 5 6A 6B 7 8 9 10 11 12 13 14 15 16 17 18
12Z AVG MX 2MIN
DY MAX MIN AVG DEP HDD CDD WTR SNW DPTH SPD SPD DIR MIN PSBL S-S WX SPD DR
================================================================================
1 66 37 52 1 13 0 T 0.0 0 7.8 16 150 M M 4 24 150
2 74 53 64 12 1 0 0.00 0.0 0 13.1 24 280 M M 1 34 300
3 66 38 52 0 13 0 0.00 0.0 0 14.4 32 320 M M 0 44 310
4 57 33 45 -7 20 0 0.00 0.0 0 9.2 14 130 M M 0 22 130
5 57 36 47 -5 18 0 0.00 0.0 0 7.4 17 80 M M 1 23 80
6 66 37 52 -1 13 0 0.00 0.0 0 7.9 20 310 M M 4 26 310
7 57 35 46 -7 19 0 0.00 0.0 0 11.0 21 320 M M 0 30 350
8 44 27 36 -17 29 0 0.00 0.0 0 11.3 25 320 M M 2 36 320
9 53 27 40 -14 25 0 T 0.0 0 9.8 20 70 M M 6 1 30 270
10 42 34 38 -16 27 0 0.16 T 0 11.4 20 330 M M 10 1 27 360
11 53 30 42 -12 23 0 0.00 0.0 0 9.4 21 300 M M 3 29 340
12 56 29 43 -11 22 0 0.00 0.0 0 4.3 15 330 M M 0 20 340
13 62 31 47 -8 18 0 0.01 0.0 0 11.6 21 190 M M 6 30 130
14 64 49 57 2 8 0 0.02 0.0 0 6.3 18 170 M M 7 18 23 170
15 71 48 60 5 5 0 0.00 0.0 0 9.7 20 330 M M 1 26 350
16 71 44 58 2 7 0 0.00 0.0 0 11.5 20 90 M M 3 30 90
17 53 50 52 -4 13 0 0.34 0.0 0 19.0 32 80 M M 10 1 53 90
18 55 49 52 -4 13 0 0.12 0.0 0 19.9 28 70 M M 10 1 43 70
19 70 49 60 4 5 0 0.00 0.0 0 12.4 23 90 M M 9 18 32 90
20 75 50 63 6 2 0 0.00 0.0 0 9.5 21 110 M M 1 27 120
21 74 50 62 5 3 0 0.00 0.0 0 7.0 20 120 M M 4 25 120
22 65 59 62 5 3 0 T 0.0 0 5.2 9 130 M M 10 18 12 150
23 76 55 66 8 0 1 0.01 0.0 0 8.2 17 120 M M 8 1 26 80
24 79 60 70 12 0 5 T 0.0 0 5.1 13 170 M M 6 17 170
25 84 62 73 15 0 8 0.41 0.0 0 6.9 22 250 M M 1 13 33 240
26 84 63 74 16 0 9 0.01 0.0 0 9.2 25 160 M M 3 3 33 170
27 82 64 73 14 0 8 0.02 0.0 0 7.0 15 210 M M 4 18 20 210
28 71 57 64 5 1 0 0.90 0.0 0 6.9 18 350 M M 6 13 25 350
29 64 49 57 -2 8 0 0.00 0.0 0 9.8 23 330 M M 6 29 330
30 65 46 56 -4 9 0 0.00 0.0 0 8.9 20 330 M M 4 27 340
31 70 40 55 -5 10 0 0.00 0.0 0 5.7 13 280 M M 0 18 300
================================================================================
SM 2026 1391 328 31 2.00 T 296.8 M 130
================================================================================
AV 65.4 44.9 9.6 FASTST M M 4 MAX(MPH)
MISC ----> # 32 320 # 53 90
================================================================================
NOTES:
# LAST OF SEVERAL OCCURRENCES
COLUMN 17 PEAK WIND IN M.P.H.
PRELIMINARY LOCAL CLIMATOLOGICAL DATA (WS FORM: F-6) , PAGE 2
STATION: MARSHFIELD WI
MONTH: MAY
YEAR: 2020
LATITUDE: 44 37 N
LONGITUDE: 90 11 W
[TEMPERATURE DATA] [PRECIPITATION DATA] SYMBOLS USED IN COLUMN 16
AVERAGE MONTHLY: 55.1 TOTAL FOR MONTH: 2.00 1 = FOG OR MIST
DPTR FM NORMAL: -0.5 DPTR FM NORMAL: -0.79 2 = FOG REDUCING VISIBILITY
HIGHEST: 84 ON 26,25 GRTST 24HR 0.90 ON 28-28 TO 1/4 MILE OR LESS
LOWEST: 27 ON 9, 8 3 = THUNDER
SNOW, ICE PELLETS, HAIL 4 = ICE PELLETS
TOTAL MONTH: T 5 = HAIL
GRTST 24HR T ON 10-10 6 = FREEZING RAIN OR DRIZZLE
GRTST DEPTH: 0 7 = DUSTSTORM OR SANDSTORM:
VSBY 1/2 MILE OR LESS
8 = SMOKE OR HAZE
[NO. OF DAYS WITH] [WEATHER - DAYS WITH] 9 = BLOWING SNOW
X = TORNADO
MAX 32 OR BELOW: 0 0.01 INCH OR MORE: 10
MAX 90 OR ABOVE: 0 0.10 INCH OR MORE: 5
MIN 32 OR BELOW: 5 0.50 INCH OR MORE: 1
MIN 0 OR BELOW: 0 1.00 INCH OR MORE: 0
[HDD (BASE 65) ]
TOTAL THIS MO. 328 CLEAR (SCALE 0-3) 13
DPTR FM NORMAL 22 PTCLDY (SCALE 4-7) 13
TOTAL FM JUL 1 7945 CLOUDY (SCALE 8-10) 5
DPTR FM NORMAL -157
[CDD (BASE 65) ]
TOTAL THIS MO. 31
DPTR FM NORMAL 16 [PRESSURE DATA]
TOTAL FM JAN 1 31 HIGHEST SLP 30.37 ON 31
DPTR FM NORMAL 15 LOWEST SLP 29.72 ON 2
[REMARKS]
#FINAL-05-20#