000
CXUS56 KMFR 020344
CF6MFR
PRELIMINARY LOCAL CLIMATOLOGICAL DATA (WS FORM: F-6)
STATION: MEDFORD OR
MONTH: JULY
YEAR: 2023
LATITUDE: 42 22 N
LONGITUDE: 122 52 W
TEMPERATURE IN F: :PCPN: SNOW: WIND :SUNSHINE: SKY :PK WND
================================================================================
1 2 3 4 5 6A 6B 7 8 9 10 11 12 13 14 15 16 17 18
12Z AVG MX 2MIN
DY MAX MIN AVG DEP HDD CDD WTR SNW DPTH SPD SPD DIR MIN PSBL S-S WX SPD DR
================================================================================
1 98 64 81 10 0 16 0.00 0.0 0 5.0 16 350 M M 0 21 280
2 99 60 80 8 0 15 0.00 0.0 0 4.3 15 350 M M 0 21 300
3 97 61 79 7 0 14 0.00 0.0 0 4.7 17 350 M M 0 26 280
4 100 59 80 8 0 15 0.00 0.0 0 3.1 15 330 M M 0 8 22 320
5 100 65 83 10 0 18 0.00 0.0 0 4.5 17 340 M M 0 8 25 360
6 96 65 81 8 0 16 0.00 0.0 0 4.6 16 340 M M 0 8 24 320
7 94 61 78 5 0 13 0.00 0.0 0 5.9 18 360 M M 0 8 24 10
8 92 57 75 1 0 10 0.00 0.0 0 4.7 16 280 M M 0 24 290
9 92 59 76 2 0 11 0.00 0.0 0 5.8 18 320 M M 0 28 290
10 89 59 74 0 0 9 0.00 0.0 0 6.3 15 350 M M 0 18 290
11 92 57 75 1 0 10 0.00 0.0 0 4.6 17 350 M M 0 8 25 270
12 91 61 76 1 0 11 0.00 0.0 0 4.4 17 360 M M 0 25 290
13 96 62 79 4 0 14 0.00 0.0 0 4.6 18 10 M M 0 8 23 340
14 101 65 83 8 0 18 0.00 0.0 0 3.5 15 20 M M 0 8 19 340
15 102 66 84 8 0 19 0.00 0.0 0 4.5 17 340 M M 0 23 270
16 99 66 83 7 0 18 0.00 0.0 0 5.2 18 350 M M 0 25 280
17 92 64 78 2 0 13 0.00 0.0 0 6.3 16 340 M M 0 8 23 350
18 97 60 79 3 0 14 0.00 0.0 0 4.2 15 290 M M 0 8 22 280
19 100 64 82 6 0 17 0.00 0.0 0 5.2 18 280 M M 0 8 25 290
20 97 68 83 7 0 18 0.00 0.0 0 5.1 15 310 M M 0 8 23 320
21 99 63 81 5 0 16 0.00 0.0 M 4.4 15 340 M M 0 8 22 340
22 98 63 81 4 0 16 0.00 0.0 M 3.3 15 330 M M 0 8 21 320
23 96 64 80 3 0 15 0.00 0.0 M 5.1 16 350 M M 0 8 22 310
24 89 63 76 -1 0 11 0.00 0.0 0 6.8 16 300 M M 0 8 24 310
25 92 62 77 0 0 12 0.00 0.0 0 4.3 20 10 M M 0 24 10
26 93 64 79 2 0 14 0.00 0.0 0 5.2 18 10 M M M 25 290
27 90 63 77 0 0 12 0.00 0.0 0 5.4 20 10 M M 0 25 20
28 92 61 77 0 0 12 0.00 0.0 0 5.8 17 350 M M 0 8 24 340
29 90 63 77 0 0 12 0.00 0.0 0 6.4 17 360 M M 0 8 22 360
30 90 62 76 -1 0 11 0.00 0.0 0 5.9 17 350 M M 0 22 360
31 93 60 77 0 0 12 0.00 0.0 0 5.5 17 360 M M 0 8 22 290
================================================================================
SM 2946 1931 0 432 0.00 0.0 154.6 M 0
================================================================================
AV 95.0 62.3 5.0 FASTST M M 0 MAX(MPH)
MISC ----> # 20 10 28 290
================================================================================
NOTES:
# LAST OF SEVERAL OCCURRENCES
COLUMN 17 PEAK WIND IN M.P.H.
PRELIMINARY LOCAL CLIMATOLOGICAL DATA (WS FORM: F-6) , PAGE 2
STATION: MEDFORD OR
MONTH: JULY
YEAR: 2023
LATITUDE: 42 22 N
LONGITUDE: 122 52 W
[TEMPERATURE DATA] [PRECIPITATION DATA] SYMBOLS USED IN COLUMN 16
AVERAGE MONTHLY: 78.7 TOTAL FOR MONTH: 0.00 1 = FOG OR MIST
DPTR FM NORMAL: 3.6 DPTR FM NORMAL: -0.24 2 = FOG REDUCING VISIBILITY
HIGHEST: 102 ON 15 GRTST 24HR 0.00 ON 1- 1 TO 1/4 MILE OR LESS
LOWEST: 57 ON 11, 8 3 = THUNDER
SNOW, ICE PELLETS, HAIL 4 = ICE PELLETS
TOTAL MONTH: 0.0 INCH 5 = HAIL
GRTST 24HR 0.0 6 = FREEZING RAIN OR DRIZZLE
GRTST DEPTH: 0 7 = DUSTSTORM OR SANDSTORM:
VSBY 1/2 MILE OR LESS
8 = SMOKE OR HAZE
[NO. OF DAYS WITH] [WEATHER - DAYS WITH] 9 = BLOWING SNOW
X = TORNADO
MAX 32 OR BELOW: 0 0.01 INCH OR MORE: 0
MAX 90 OR ABOVE: 29 0.10 INCH OR MORE: 0
MIN 32 OR BELOW: 0 0.50 INCH OR MORE: 0
MIN 0 OR BELOW: 0 1.00 INCH OR MORE: 0
[HDD (BASE 65) ]
TOTAL THIS MO. 0 CLEAR (SCALE 0-3) 30
DPTR FM NORMAL -4 PTCLDY (SCALE 4-7) 0
TOTAL FM JUL 1 0 CLOUDY (SCALE 8-10) 1
DPTR FM NORMAL 0
[CDD (BASE 65) ]
TOTAL THIS MO. 432
DPTR FM NORMAL 115 [PRESSURE DATA]
TOTAL FM JAN 1 734 HIGHEST SLP 30.14 ON 25
DPTR FM NORMAL 265 LOWEST SLP 29.72 ON 7
[REMARKS]
#FINAL-07-23#