000
CXUS51 KPBZ 010730
CF6MGW
PRELIMINARY LOCAL CLIMATOLOGICAL DATA (WS FORM: F-6)
STATION: MORGANTOWN WV
MONTH: MAY
YEAR: 2023
LATITUDE: 39 39 N
LONGITUDE: 79 55 W
TEMPERATURE IN F: :PCPN: SNOW: WIND :SUNSHINE: SKY :PK WND
================================================================================
1 2 3 4 5 6A 6B 7 8 9 10 11 12 13 14 15 16 17 18
12Z AVG MX 2MIN
DY MAX MIN AVG DEP HDD CDD WTR SNW DPTH SPD SPD DIR MIN PSBL S-S WX SPD DR
================================================================================
1 49 38 44 -15 21 0 0.35 M M 9.4 20 230 M M 10 18 33 210
2 45 37 41 -18 24 0 0.57 M M 6.4 15 290 M M 10 1 20 310
3 47 37 42 -18 23 0 0.28 M M 5.1 14 270 M M 10 1 24 290
4 58 42 50 -10 15 0 0.01 M M 3.7 12 280 M M 9 18 17 270
5 68 35 52 -8 13 0 0.00 M M 2.7 10 50 M M 1 1 14 20
6 77 48 63 3 2 0 0.00 M M 3.4 9 330 M M 0 12 340
7 68 52 60 0 5 0 0.27 M M 3.5 12 220 M M 9 1 15 220
8 79 61 70 9 0 5 0.11 M M 5.7 13 220 M M 8 1 19 210
9 73 50 62 1 3 0 0.34 M M 4.9 13 10 M M 6 123 18 10
10 72 41 57 -4 8 0 0.00 M M 2.9 9 10 M M 0 13 350
11 80 43 62 1 3 0 0.00 M M 1.3 7 360 M M 0 9 310
12 83 48 66 4 0 1 0.00 M M 1.2 8 140 M M 3 8 10 150
13 67 55 61 -1 4 0 0.51 M M 3.9 10 30 M M 9 128 15 220
14 78 53 66 4 0 1 0.00 M M 3.9 12 20 M M 4 12 21 340
15 79 56 68 6 0 3 0.00 M M 4.3 8 330 M M 0 12 220
16 70 54 62 0 3 0 0.15 M M 4.3 13 230 M M 6 1 19 220
17 69 48 59 -4 6 0 0.00 M M 5.7 14 350 M M 4 1 19 340
18 78 41 60 -3 5 0 0.00 M M 4.7 13 170 M M 1 19 160
19 81 54 68 5 0 3 0.00 M M 5.9 13 230 M M 6 8 18 230
20 69 53 61 -2 4 0 0.24 M M 3.3 13 220 M M 7 18 19 230
21 75 46 61 -3 4 0 0.00 M M 4.0 9 350 M M 2 12 14 350
22 78 46 62 -2 3 0 0.00 M M 3.0 10 340 M M 1 14 90
23 78 55 67 3 0 2 0.00 M M 6.0 16 160 M M 2 22 100
24 79 50 65 1 0 0 0.00 M M 4.2 16 10 M M 2 23 360
25 71 48 60 -5 5 0 0.00 M M 7.8 15 350 M M 1 20 350
26 76 42 59 -6 6 0 0.00 M M 4.8 12 10 M M 0 17 360
27 78 47 63 -2 2 0 0.00 M M 5.3 14 100 M M 0 20 110
28 78 51 65 0 0 0 0.00 M M 5.5 15 30 M M 4 22 100
29 84 60 72 6 0 7 0.00 M M 5.4 14 130 M M 6 19 110
30 83 62 73 7 0 8 0.00 M M 6.7 14 120 M M 3 19 100
31 84 53 69 3 0 4 0.00 M M 4.2 10 120 M M 0 14 30
================================================================================
SM 2254 1506 159 34 2.83 M 143.1 M 124
================================================================================
AV 72.7 48.6 4.6 FASTST M M 4 MAX(MPH)
MISC ----> 20 230 33 210
================================================================================
NOTES:
# LAST OF SEVERAL OCCURRENCES
COLUMN 17 PEAK WIND IN M.P.H.
PRELIMINARY LOCAL CLIMATOLOGICAL DATA (WS FORM: F-6) , PAGE 2
STATION: MORGANTOWN WV
MONTH: MAY
YEAR: 2023
LATITUDE: 39 39 N
LONGITUDE: 79 55 W
[TEMPERATURE DATA] [PRECIPITATION DATA] SYMBOLS USED IN COLUMN 16
AVERAGE MONTHLY: 60.6 TOTAL FOR MONTH: 2.83 1 = FOG OR MIST
DPTR FM NORMAL: -2.0 DPTR FM NORMAL: -1.50 2 = FOG REDUCING VISIBILITY
HIGHEST: 84 ON 31,29 GRTST 24HR 0.67 ON 1- 2 TO 1/4 MILE OR LESS
LOWEST: 35 ON 5 3 = THUNDER
SNOW, ICE PELLETS, HAIL 4 = ICE PELLETS
TOTAL MONTH: M 5 = HAIL
GRTST 24HR M ON M 6 = FREEZING RAIN OR DRIZZLE
GRTST DEPTH: M ON M 7 = DUSTSTORM OR SANDSTORM:
VSBY 1/2 MILE OR LESS
8 = SMOKE OR HAZE
[NO. OF DAYS WITH] [WEATHER - DAYS WITH] 9 = BLOWING SNOW
X = TORNADO
MAX 32 OR BELOW: 0 0.01 INCH OR MORE: 10
MAX 90 OR ABOVE: 0 0.10 INCH OR MORE: 9
MIN 32 OR BELOW: 0 0.50 INCH OR MORE: 2
MIN 0 OR BELOW: 0 1.00 INCH OR MORE: 0
[HDD (BASE 65) ]
TOTAL THIS MO. 159 CLEAR (SCALE 0-3) 16
DPTR FM NORMAL 13 PTCLDY (SCALE 4-7) 9
TOTAL FM JUL 1 4337 CLOUDY (SCALE 8-10) 6
DPTR FM NORMAL -603
[CDD (BASE 65) ]
TOTAL THIS MO. 34
DPTR FM NORMAL -36 [PRESSURE DATA]
TOTAL FM JAN 1 54 HIGHEST SLP 30.32 ON 27
DPTR FM NORMAL -35 LOWEST SLP 29.37 ON 1
[REMARKS]
#FINAL-05-23#