000
CXUS51 KPBZ 010830
CF6MGW
PRELIMINARY LOCAL CLIMATOLOGICAL DATA (WS FORM: F-6)
STATION: MORGANTOWN WV
MONTH: FEBRUARY
YEAR: 2024
LATITUDE: 39 39 N
LONGITUDE: 79 55 W
TEMPERATURE IN F: :PCPN: SNOW: WIND :SUNSHINE: SKY :PK WND
================================================================================
1 2 3 4 5 6A 6B 7 8 9 10 11 12 13 14 15 16 17 18
12Z AVG MX 2MIN
DY MAX MIN AVG DEP HDD CDD WTR SNW DPTH SPD SPD DIR MIN PSBL S-S WX SPD DR
================================================================================
1 47 37 42 10 23 0 0.00 M M 7.8 15 210 M M 8 24 170
2 47 34 41 9 24 0 0.02 M M 5.8 12 350 M M 9 1 19 350
3 46 29 38 6 27 0 0.00 M M 2.4 8 60 M M 4 1 12 60
4 58 26 42 9 23 0 0.00 M M 3.9 8 20 M M 0 13 350
5 51 28 40 7 25 0 0.00 M M 5.9 14 20 M M 0 22 350
6 47 25 36 3 29 0 0.00 M M 3.6 12 360 M M 0 17 30
7 56 24 40 7 25 0 0.00 M M 1.0 7 330 M M 0 10 330
8 64 28 46 13 19 0 0.00 M M 3.0 12 220 M M 1 19 230
9 62 51 57 23 8 0 T M M 7.9 17 220 M M 6 26 200
10 63 52 58 24 7 0 0.03 M M 6.1 14 220 M M 6 1 22 220
11 54 40 47 13 18 0 T M M 3.8 10 350 M M 9 16 20
12 47 33 40 6 25 0 0.49 M M 4.1 9 30 M M 8 1 14 10
13 45 33 39 5 26 0 0.55 M M 7.5 15 280 M M 9 1 26 290
14 44 28 36 2 29 0 0.00 M M 4.0 10 320 M M 4 17 290
15 59 24 42 7 23 0 T M M 7.6 28 220 M M 3 43 190
16 43 30 37 2 28 0 0.21 M M 6.7 13 280 M M 6 1 22 270
17 31 21 26 -9 39 0 0.05 M M 7.3 18 280 M M 8 18 31 320
18 40 20 30 -5 35 0 0.00 M M 10.1 20 210 M M 0 34 190
19 46 22 34 -2 31 0 0.00 M M 0.5 7 40 M M 0 12 340
20 56 22 39 3 26 0 0.00 M M 2.3 9 140 M M 0 13 120
21 61 28 45 9 20 0 0.00 M M 5.3 13 150 M M 0 20 220
22 53 45 49 13 16 0 0.93 M M 4.7 14 200 M M 7 138 23 220
23 57 41 49 13 16 0 0.12 M M 4.6 15 230 M M 9 1 28 230
24 41 23 32 -5 33 0 0.13 M M 5.8 15 360 M M 7 18 23 360
25 48 21 35 -2 30 0 0.00 M M 5.2 13 180 M M 0 20 200
26 67 35 51 14 14 0 0.00 M M 5.0 12 160 M M 1 19 170
27 66 53 60 22 5 0 0.16 M M 7.9 16 230 M M 5 3 35 190
28 68 29 49 11 16 0 0.98 M M 11.1 22 300 M M 9 138 45 220
29 42 26 34 -4 31 0 0.00 M M 5.8 15 280 M M 3 25 270
================================================================================
SM 1509 908 671 0 3.67 M 156.7 M 122
================================================================================
AV 52.0 31.3 5.4 FASTST M M 4 MAX(MPH)
MISC ----> 28 220 45 220
================================================================================
NOTES:
# LAST OF SEVERAL OCCURRENCES
COLUMN 17 PEAK WIND IN M.P.H.
PRELIMINARY LOCAL CLIMATOLOGICAL DATA (WS FORM: F-6) , PAGE 2
STATION: MORGANTOWN WV
MONTH: FEBRUARY
YEAR: 2024
LATITUDE: 39 39 N
LONGITUDE: 79 55 W
[TEMPERATURE DATA] [PRECIPITATION DATA] SYMBOLS USED IN COLUMN 16
AVERAGE MONTHLY: 41.7 TOTAL FOR MONTH: 3.67 1 = FOG OR MIST
DPTR FM NORMAL: 6.9 DPTR FM NORMAL: 0.86 2 = FOG REDUCING VISIBILITY
HIGHEST: 68 ON 28 GRTST 24HR 1.04 ON 12-13 TO 1/4 MILE OR LESS
LOWEST: 20 ON 18 3 = THUNDER
SNOW, ICE PELLETS, HAIL 4 = ICE PELLETS
TOTAL MONTH: M 5 = HAIL
GRTST 24HR M ON M 6 = FREEZING RAIN OR DRIZZLE
GRTST DEPTH: M ON M 7 = DUSTSTORM OR SANDSTORM:
VSBY 1/2 MILE OR LESS
8 = SMOKE OR HAZE
[NO. OF DAYS WITH] [WEATHER - DAYS WITH] 9 = BLOWING SNOW
X = TORNADO
MAX 32 OR BELOW: 1 0.01 INCH OR MORE: 11
MAX 90 OR ABOVE: 0 0.10 INCH OR MORE: 8
MIN 32 OR BELOW: 18 0.50 INCH OR MORE: 3
MIN 0 OR BELOW: 0 1.00 INCH OR MORE: 0
[HDD (BASE 65) ]
TOTAL THIS MO. 671 CLEAR (SCALE 0-3) 11
DPTR FM NORMAL -176 PTCLDY (SCALE 4-7) 12
TOTAL FM JUL 1 3192 CLOUDY (SCALE 8-10) 6
DPTR FM NORMAL -607
[CDD (BASE 65) ]
TOTAL THIS MO. 0
DPTR FM NORMAL 0 [PRESSURE DATA]
TOTAL FM JAN 1 0 HIGHEST SLP 30.51 ON 29
DPTR FM NORMAL 0 LOWEST SLP 29.46 ON 28
[REMARKS]
#FINAL-02-24#