000
CDUS43 KFSD 302226
CLIMHE


CLIMATE REPORT
NATIONAL WEATHER SERVICE SIOUX FALLS SD
526 PM CDT SAT JUL 30 2016


...................................

...THE MITCHELL SD CLIMATE SUMMARY FOR JULY 30 2016...
VALID TODAY AS OF 0500 PM LOCAL TIME.

CLIMATE NORMAL PERIOD 1981 TO 2010
CLIMATE RECORD PERIOD 1893 TO 2016


WEATHER ITEM   OBSERVED TIME   RECORD YEAR NORMAL DEPARTURE LAST
                VALUE   (LST)  VALUE       VALUE  FROM      YEAR
                                                  NORMAL
..................................................................
TEMPERATURE (F)
 TODAY
  MAXIMUM         85    344 PM 106    2006  86     -1       90
                                      1955
  MINIMUM         59    538 AM  39    1971  63     -4       56
  AVERAGE         72                        74     -2       73

PRECIPITATION (IN)
  TODAY            0.00          2.52 1941   0.10  -0.10     0.00
  MONTH TO DATE    1.53                      3.02  -1.49     2.27
  SINCE JUN 1      3.57                      7.15  -3.58     6.18
  SINCE JAN 1     16.09                     13.88   2.21    13.27

SNOWFALL (IN)
  TODAY            0.0           0.0    MM  MM     MM        0.0
  MONTH TO DATE    0.0                      MM     MM        0.0
  SINCE JUN 1      0.0                      MM     MM        0.0
  SINCE JUL 1      0.0                      MM     MM        0.0
  SNOW DEPTH       0

DEGREE DAYS
 HEATING
  TODAY            0                         0      0        0
  MONTH TO DATE    3                         0      3        2
  SINCE JUN 1      7                        35    -28        5
  SINCE JUL 1      3                         0      3        2

 COOLING
  TODAY            7                         9     -2        8
  MONTH TO DATE  316                       295     21      284
  SINCE JUN 1    600                       465    135      481
  SINCE JAN 1    644                       505    139      512
..................................................................


WIND (MPH)
  HIGHEST WIND SPEED    20   HIGHEST WIND DIRECTION     S (170)
  HIGHEST GUST SPEED    26   HIGHEST GUST DIRECTION     S (170)
  AVERAGE WIND SPEED    10.0


SKY COVER
  POSSIBLE SUNSHINE  MM
  AVERAGE SKY COVER 0.1


WEATHER CONDITIONS
 THE FOLLOWING WEATHER WAS RECORDED TODAY.
  NO SIGNIFICANT WEATHER WAS OBSERVED.


RELATIVE HUMIDITY (PERCENT)
 HIGHEST    90           600 AM
 LOWEST     44           200 PM
 AVERAGE    67

..........................................................


THE MITCHELL SD CLIMATE NORMALS FOR TOMORROW
                         NORMAL    RECORD    YEAR
 MAXIMUM TEMPERATURE (F)   85       109      2002
 MINIMUM TEMPERATURE (F)   63        47      1903


SUNRISE AND SUNSET
JULY 30 2016..........SUNRISE   619 AM CDT   SUNSET   857 PM CDT
JULY 31 2016..........SUNRISE   620 AM CDT   SUNSET   856 PM CDT


-  INDICATES NEGATIVE NUMBERS.
R  INDICATES RECORD WAS SET OR TIED.
MM INDICATES DATA IS MISSING.
T  INDICATES TRACE AMOUNT.




$$
