000
CDUS43 KFSD 200712
CLIMHE


CLIMATE REPORT
NATIONAL WEATHER SERVICE SIOUX FALLS SD
212 AM CDT SAT SEP 20 2014


...................................

...THE MITCHELL SD CLIMATE SUMMARY FOR SEPTEMBER 19 2014...

CLIMATE NORMAL PERIOD 1981 TO 2010
CLIMATE RECORD PERIOD 1893 TO 2014


WEATHER ITEM   OBSERVED TIME   RECORD YEAR NORMAL DEPARTURE LAST
                VALUE   (LST)  VALUE       VALUE  FROM      YEAR
                                                  NORMAL
..................................................................
TEMPERATURE (F)
 YESTERDAY
  MAXIMUM         88    414 PM  98    1984  75     13       77
                                      1939
  MINIMUM         62    411 AM  22    1896  48     14       51
  AVERAGE         75                        61     14       64

PRECIPITATION (IN)
  YESTERDAY        T             1.72 1993   0.08  -0.08     0.95
  MONTH TO DATE    0.88                      1.49  -0.61     1.18
  SINCE SEP 1      0.88                      1.49  -0.61     1.18
  SINCE JAN 1     15.98                     17.84  -1.86    19.67

SNOWFALL (IN)
  YESTERDAY        0.0           0.0    MM  MM     MM        0.0
  MONTH TO DATE    0.0                      MM     MM        0.0
  SINCE SEP 1      0.0                      MM     MM        0.0
  SINCE JUL 1      0.0                      MM     MM        0.0
  SNOW DEPTH       0

DEGREE DAYS
 HEATING
  YESTERDAY        0                         5     -5        1
  MONTH TO DATE  104                        59     45       14
  SINCE SEP 1    104                        59     45       14
  SINCE JUL 1    116                        76     40       37

 COOLING
  YESTERDAY       10                         1      9        0
  MONTH TO DATE   36                        62    -26      130
  SINCE SEP 1     36                        62    -26      130
  SINCE JAN 1    682                       807   -125      911
..................................................................


WIND (MPH)
  HIGHEST WIND SPEED    24   HIGHEST WIND DIRECTION     S (170)
  HIGHEST GUST SPEED    32   HIGHEST GUST DIRECTION     S (170)
  AVERAGE WIND SPEED    10.6


SKY COVER
  POSSIBLE SUNSHINE  MM
  AVERAGE SKY COVER 0.3


WEATHER CONDITIONS
 THE FOLLOWING WEATHER WAS RECORDED YESTERDAY.
  LIGHT RAIN


RELATIVE HUMIDITY (PERCENT)
 HIGHEST    93           400 AM
 LOWEST     40           400 PM
 AVERAGE    67

..........................................................


THE MITCHELL SD CLIMATE NORMALS FOR TODAY
                         NORMAL    RECORD    YEAR
 MAXIMUM TEMPERATURE (F)   74        93      2010
                                             2007
                                             1941
 MINIMUM TEMPERATURE (F)   47        22      1896


SUNRISE AND SUNSET
SEPTEMBER 20 2014.....SUNRISE   717 AM CDT   SUNSET   733 PM CDT
SEPTEMBER 21 2014.....SUNRISE   718 AM CDT   SUNSET   731 PM CDT


-  INDICATES NEGATIVE NUMBERS.
R  INDICATES RECORD WAS SET OR TIED.
MM INDICATES DATA IS MISSING.
T  INDICATES TRACE AMOUNT.




$$
