000
CDUS43 KFSD 230633
CLIMHE


CLIMATE REPORT
NATIONAL WEATHER SERVICE SIOUX FALLS SD
1230 AM CST SUN NOV 23 2014


...................................

...THE MITCHELL SD CLIMATE SUMMARY FOR NOVEMBER 22 2014...

CLIMATE NORMAL PERIOD 1981 TO 2010
CLIMATE RECORD PERIOD 1893 TO 2014


WEATHER ITEM   OBSERVED TIME   RECORD YEAR NORMAL DEPARTURE LAST
                VALUE   (LST)  VALUE       VALUE  FROM      YEAR
                                                  NORMAL
..................................................................
TEMPERATURE (F)
 YESTERDAY
  MAXIMUM         50    406 PM  72    1974  40     10       33
  MINIMUM         22    625 AM  -7    1929  20      2        1
                                      1898
  AVERAGE         36                        30      6       17

PRECIPITATION (IN)
  YESTERDAY        0.00          0.75 1963   0.02  -0.02     0.00
  MONTH TO DATE    0.45                      0.64  -0.19     0.39
  SINCE SEP 1      2.83                      4.58  -1.75     7.17
  SINCE JAN 1     17.93                     20.93  -3.00    25.66

SNOWFALL (IN)
  YESTERDAY        0.0           6.0  1909  MM     MM        0.0
  MONTH TO DATE    5.1                      MM     MM        4.0
  SINCE SEP 1      5.1                      MM     MM        4.0
  SINCE JUL 1      5.1                      MM     MM        4.0
  SNOW DEPTH       1

DEGREE DAYS
 HEATING
  YESTERDAY       29                        35     -6       48
  MONTH TO DATE  788                       628    160      607
  SINCE SEP 1   1316                      1252     64     1167
  SINCE JUL 1   1328                      1269     59     1190

 COOLING
  YESTERDAY        0                         0      0        0
  MONTH TO DATE    0                         0      0        0
  SINCE SEP 1     78                        79     -1      165
  SINCE JAN 1    724                       824   -100      946
..................................................................


WIND (MPH)
  HIGHEST WIND SPEED    18   HIGHEST WIND DIRECTION     S (160)
  HIGHEST GUST SPEED    22   HIGHEST GUST DIRECTION     S (160)
  AVERAGE WIND SPEED     8.5


SKY COVER
  POSSIBLE SUNSHINE  MM
  AVERAGE SKY COVER 0.1


WEATHER CONDITIONS
 THE FOLLOWING WEATHER WAS RECORDED YESTERDAY.
  FOG


RELATIVE HUMIDITY (PERCENT)
 HIGHEST    96           600 AM
 LOWEST     60           900 PM
 AVERAGE    78

..........................................................


THE MITCHELL SD CLIMATE NORMALS FOR TODAY
                         NORMAL    RECORD    YEAR
 MAXIMUM TEMPERATURE (F)   39        74      1899
 MINIMUM TEMPERATURE (F)   20       -13      1898


SUNRISE AND SUNSET
NOVEMBER 23 2014......SUNRISE   737 AM CST   SUNSET   500 PM CST
NOVEMBER 24 2014......SUNRISE   738 AM CST   SUNSET   459 PM CST


-  INDICATES NEGATIVE NUMBERS.
R  INDICATES RECORD WAS SET OR TIED.
MM INDICATES DATA IS MISSING.
T  INDICATES TRACE AMOUNT.




$$
