000
CDUS43 KFSD 310647
CLIMHE


CLIMATE REPORT
NATIONAL WEATHER SERVICE SIOUX FALLS SD
147 AM CDT FRI OCT 31 2014


...................................

...THE MITCHELL SD CLIMATE SUMMARY FOR OCTOBER 30 2014...

CLIMATE NORMAL PERIOD 1981 TO 2010
CLIMATE RECORD PERIOD 1893 TO 2014


WEATHER ITEM   OBSERVED TIME   RECORD YEAR NORMAL DEPARTURE LAST
                VALUE   (LST)  VALUE       VALUE  FROM      YEAR
                                                  NORMAL
..................................................................
TEMPERATURE (F)
 YESTERDAY
  MAXIMUM         49   1058 AM  91    1950  55     -6       40
  MINIMUM         26   1159 PM   6    1925  32     -6       35
  AVERAGE         38                        44     -6       38

PRECIPITATION (IN)
  YESTERDAY        0.00          1.27 1896   0.02  -0.02     0.00
  MONTH TO DATE    0.64                      1.59  -0.95     4.34
  SINCE SEP 1      2.38                      3.91  -1.53     6.78
  SINCE JAN 1     17.48                     20.26  -2.78    25.27

SNOWFALL (IN)
  YESTERDAY        0.0           3.0  1929  MM     MM        0.0
                                      1896
  MONTH TO DATE    0.0                      MM     MM         T
  SINCE SEP 1      0.0                      MM     MM         T
  SINCE JUL 1      0.0                      MM     MM         T
  SNOW DEPTH       0

DEGREE DAYS
 HEATING
  YESTERDAY       27                        21      6       27
  MONTH TO DATE  373                       461    -88      501
  SINCE SEP 1    491                       602   -111      539
  SINCE JUL 1    503                       619   -116      562

 COOLING
  YESTERDAY        0                         0      0        0
  MONTH TO DATE    0                         7     -7        2
  SINCE SEP 1     78                        79     -1      165
  SINCE JAN 1    724                       824   -100      946
..................................................................


WIND (MPH)
  HIGHEST WIND SPEED    28   HIGHEST WIND DIRECTION     N (340)
  HIGHEST GUST SPEED    35   HIGHEST GUST DIRECTION     N (350)
  AVERAGE WIND SPEED    16.0


SKY COVER
  POSSIBLE SUNSHINE  MM
  AVERAGE SKY COVER 0.6


WEATHER CONDITIONS
 THE FOLLOWING WEATHER WAS RECORDED YESTERDAY.
  NO SIGNIFICANT WEATHER WAS OBSERVED.


RELATIVE HUMIDITY (PERCENT)
 HIGHEST    85           700 AM
 LOWEST     60          1200 AM
 AVERAGE    73

..........................................................


THE MITCHELL SD CLIMATE NORMALS FOR TODAY
                         NORMAL    RECORD    YEAR
 MAXIMUM TEMPERATURE (F)   54        82      1933
 MINIMUM TEMPERATURE (F)   32        11      1917


SUNRISE AND SUNSET
OCTOBER 31 2014.......SUNRISE   807 AM CDT   SUNSET   624 PM CDT
NOVEMBER  1 2014......SUNRISE   808 AM CDT   SUNSET   623 PM CDT


-  INDICATES NEGATIVE NUMBERS.
R  INDICATES RECORD WAS SET OR TIED.
MM INDICATES DATA IS MISSING.
T  INDICATES TRACE AMOUNT.




$$
