000
CDUS43 KFSD 260653
CLIMHE


CLIMATE REPORT
NATIONAL WEATHER SERVICE SIOUX FALLS SD
151 AM CDT MON JUN 26 2017


...................................

...THE MITCHELL SD CLIMATE SUMMARY FOR JUNE 25 2017...

CLIMATE NORMAL PERIOD 1981 TO 2010
CLIMATE RECORD PERIOD 1893 TO 2017


WEATHER ITEM   OBSERVED TIME   RECORD YEAR NORMAL DEPARTURE LAST
                VALUE   (LST)  VALUE       VALUE  FROM      YEAR
                                                  NORMAL
..................................................................
TEMPERATURE (F)
 YESTERDAY
  MAXIMUM         76    533 PM 111    1936  84     -8       85
  MINIMUM         45    456 AM  39    1958  61    -16       65
  AVERAGE         61                        73    -12       75

PRECIPITATION (IN)
  YESTERDAY        0.01          1.60 1905   0.10  -0.09     0.00
  MONTH TO DATE    0.75                      3.65  -2.90     2.04
  SINCE JUN 1      0.75                      3.65  -2.90     2.04
  SINCE JAN 1      7.77                     10.38  -2.61    14.56

SNOWFALL (IN)
  YESTERDAY        0.0           0.0    MM  MM     MM        0.0
  MONTH TO DATE    0.0                      MM     MM        0.0
  SINCE JUN 1      0.0                      MM     MM        0.0
  SINCE JUL 1     30.6                      MM     MM       46.3
  SNOW DEPTH       0

DEGREE DAYS
 HEATING
  YESTERDAY        4                         0      4        0
  MONTH TO DATE    9                        33    -24        4
  SINCE JUN 1      9                        33    -24        4
  SINCE JUL 1   6292                      7243   -951     6149

 COOLING
  YESTERDAY        0                         8     -8       10
  MONTH TO DATE  198                       125     73      246
  SINCE JUN 1    198                       125     73      246
  SINCE JAN 1    230                       165     65      290
..................................................................


WIND (MPH)
  HIGHEST WIND SPEED    17   HIGHEST WIND DIRECTION    NW (320)
  HIGHEST GUST SPEED    23   HIGHEST GUST DIRECTION    NW (310)
  AVERAGE WIND SPEED     8.4


SKY COVER
  POSSIBLE SUNSHINE  MM
  AVERAGE SKY COVER 0.3


WEATHER CONDITIONS
 THE FOLLOWING WEATHER WAS RECORDED YESTERDAY.
  LIGHT RAIN


RELATIVE HUMIDITY (PERCENT)
 HIGHEST    72           900 PM
 LOWEST     27           500 PM
 AVERAGE    50

..........................................................


THE MITCHELL SD CLIMATE NORMALS FOR TODAY
                         NORMAL    RECORD    YEAR
 MAXIMUM TEMPERATURE (F)   85       108      1933
                                             1931
 MINIMUM TEMPERATURE (F)   61        41      1926


SUNRISE AND SUNSET
JUNE 26 2017..........SUNRISE   552 AM CDT   SUNSET   918 PM CDT
JUNE 27 2017..........SUNRISE   552 AM CDT   SUNSET   918 PM CDT


-  INDICATES NEGATIVE NUMBERS.
R  INDICATES RECORD WAS SET OR TIED.
MM INDICATES DATA IS MISSING.
T  INDICATES TRACE AMOUNT.




$$
