893
CDUS43 KFSD 110652
CLIMHE


CLIMATE REPORT
NATIONAL WEATHER SERVICE SIOUX FALLS SD
1251 AM CST SUN DEC 11 2016


...................................

...THE MITCHELL SD CLIMATE SUMMARY FOR DECEMBER 10 2016...

CLIMATE NORMAL PERIOD 1981 TO 2010
CLIMATE RECORD PERIOD 1893 TO 2016


WEATHER ITEM   OBSERVED TIME   RECORD YEAR NORMAL DEPARTURE LAST
                VALUE   (LST)  VALUE       VALUE  FROM      YEAR
                                                  NORMAL
..................................................................
TEMPERATURE (F)
 YESTERDAY
  MAXIMUM         23   1159 PM  64    1979  31     -8       55
  MINIMUM          5   1258 AM -21    1917  13     -8       32
  AVERAGE         14                        22     -8       44

PRECIPITATION (IN)
  YESTERDAY        0.09          0.39 1970   0.01   0.08     0.03
  MONTH TO DATE    0.15                      0.21  -0.06     0.19
  SINCE DEC 1      0.15                      0.21  -0.06     0.19
  SINCE JAN 1     25.36                     21.28   4.08    22.60

SNOWFALL (IN)
  YESTERDAY        1.3           6.0  1970  MM     MM        0.0
  MONTH TO DATE    1.6                      MM     MM        2.6
  SINCE DEC 1      1.6                      MM     MM        2.6
  SINCE JUL 1      7.1                      MM     MM       15.8
  SNOW DEPTH       T

DEGREE DAYS
 HEATING
  YESTERDAY       51                        43      8       21
  MONTH TO DATE  423                       416      7      318
  SINCE DEC 1    423                       416      7      318
  SINCE JUL 1   1517                      1984   -467     1501

 COOLING
  YESTERDAY        0                         0      0        0
  MONTH TO DATE    0                         0      0        0
  SINCE DEC 1      0                         0      0        0
  SINCE JAN 1   1036                       824    212      894
..................................................................


WIND (MPH)
  HIGHEST WIND SPEED    23   HIGHEST WIND DIRECTION    SE (120)
  HIGHEST GUST SPEED    28   HIGHEST GUST DIRECTION    SE (120)
  AVERAGE WIND SPEED    13.2


SKY COVER
  POSSIBLE SUNSHINE  MM
  AVERAGE SKY COVER 1.0


WEATHER CONDITIONS
 THE FOLLOWING WEATHER WAS RECORDED YESTERDAY.
  LIGHT SNOW
  FOG


RELATIVE HUMIDITY (PERCENT)
 HIGHEST    92          1100 AM
 LOWEST     80          1200 AM
 AVERAGE    86

..........................................................


THE MITCHELL SD CLIMATE NORMALS FOR TODAY
                         NORMAL    RECORD    YEAR
 MAXIMUM TEMPERATURE (F)   31        65      1968
 MINIMUM TEMPERATURE (F)   13       -18      1917


SUNRISE AND SUNSET
DECEMBER 11 2016......SUNRISE   756 AM CST   SUNSET   455 PM CST
DECEMBER 12 2016......SUNRISE   757 AM CST   SUNSET   455 PM CST


-  INDICATES NEGATIVE NUMBERS.
R  INDICATES RECORD WAS SET OR TIED.
MM INDICATES DATA IS MISSING.
T  INDICATES TRACE AMOUNT.




$$
