000
CDUS43 KFSD 232234
CLIMHE


CLIMATE REPORT
NATIONAL WEATHER SERVICE SIOUX FALLS SD
533 PM CDT TUE AUG 23 2016


...................................

...THE MITCHELL SD CLIMATE SUMMARY FOR AUGUST 23 2016...
VALID TODAY AS OF 0500 PM LOCAL TIME.

CLIMATE NORMAL PERIOD 1981 TO 2010
CLIMATE RECORD PERIOD 1893 TO 2016


WEATHER ITEM   OBSERVED TIME   RECORD YEAR NORMAL DEPARTURE LAST
                VALUE   (LST)  VALUE       VALUE  FROM      YEAR
                                                  NORMAL
..................................................................
TEMPERATURE (F)
 TODAY
  MAXIMUM         83    325 PM 105    1936  83      0       72
  MINIMUM         65    626 AM  41    1927  60      5       50
  AVERAGE         74                        71      3       61

PRECIPITATION (IN)
  TODAY            0.00          3.41 1957   0.07  -0.07     0.00
  MONTH TO DATE    3.31                      1.82   1.49     3.49
  SINCE JUN 1      6.89                      9.06  -2.17     9.67
  SINCE JAN 1     19.41                     15.79   3.62    16.76

SNOWFALL (IN)
  TODAY            0.0           0.0    MM  MM     MM        0.0
  MONTH TO DATE    0.0                      MM     MM        0.0
  SINCE JUN 1      0.0                      MM     MM        0.0
  SINCE JUL 1      0.0                      MM     MM        0.0
  SNOW DEPTH       0

DEGREE DAYS
 HEATING
  TODAY            0                         0      0        4
  MONTH TO DATE    0                         0      0       17
  SINCE JUN 1      7                        40    -33       22
  SINCE JUL 1      3                         5     -2       19

 COOLING
  TODAY            9                         6      3        0
  MONTH TO DATE  216                       183     33      162
  SINCE JUN 1    831                       661    170      652
  SINCE JAN 1    875                       701    174      683
..................................................................


WIND (MPH)
  HIGHEST WIND SPEED    28   HIGHEST WIND DIRECTION     S (160)
  HIGHEST GUST SPEED    35   HIGHEST GUST DIRECTION     S (160)
  AVERAGE WIND SPEED    15.2


SKY COVER
  POSSIBLE SUNSHINE  MM
  AVERAGE SKY COVER 0.1


WEATHER CONDITIONS
 THE FOLLOWING WEATHER WAS RECORDED TODAY.
  NO SIGNIFICANT WEATHER WAS OBSERVED.


RELATIVE HUMIDITY (PERCENT)
 HIGHEST    81           700 AM
 LOWEST     55          1100 AM
 AVERAGE    68

..........................................................


THE MITCHELL SD CLIMATE NORMALS FOR TOMORROW
                         NORMAL    RECORD    YEAR
 MAXIMUM TEMPERATURE (F)   82       110      1936
 MINIMUM TEMPERATURE (F)   59        40      1896


SUNRISE AND SUNSET
AUGUST 23 2016........SUNRISE   646 AM CDT   SUNSET   822 PM CDT
AUGUST 24 2016........SUNRISE   647 AM CDT   SUNSET   821 PM CDT


-  INDICATES NEGATIVE NUMBERS.
R  INDICATES RECORD WAS SET OR TIED.
MM INDICATES DATA IS MISSING.
T  INDICATES TRACE AMOUNT.




$$
