000
CDUS43 KFSD 190621
CLIMHE


CLIMATE REPORT
NATIONAL WEATHER SERVICE SIOUX FALLS SD
1220 AM CST SUN NOV 19 2017


...................................

...THE MITCHELL SD CLIMATE SUMMARY FOR NOVEMBER 18 2017...

CLIMATE NORMAL PERIOD 1981 TO 2010
CLIMATE RECORD PERIOD 1893 TO 2017


WEATHER ITEM   OBSERVED TIME   RECORD YEAR NORMAL DEPARTURE LAST
                VALUE   (LST)  VALUE       VALUE  FROM      YEAR
                                                  NORMAL
..................................................................
TEMPERATURE (F)
 YESTERDAY
  MAXIMUM         38    325 PM  77    1904  43     -5       34
  MINIMUM         22   1056 PM  -1    1927  23     -1       26
  AVERAGE         30                        32     -2       30

PRECIPITATION (IN)
  YESTERDAY        0.00          0.61 1948   0.01  -0.01     0.46
  MONTH TO DATE    0.10                      0.56  -0.46     0.52
  SINCE SEP 1      5.78                      4.50   1.28     4.62
  SINCE JAN 1     19.60                     20.85  -1.25    24.03

SNOWFALL (IN)
  YESTERDAY        0.0           6.0  1948  MM     MM        4.2
  MONTH TO DATE    1.2                      MM     MM        4.2
  SINCE SEP 1      1.2                      MM     MM        4.2
  SINCE JUL 1      1.2                      MM     MM        4.2
  SNOW DEPTH       0

DEGREE DAYS
 HEATING
  YESTERDAY       35                        32      3       35
  MONTH TO DATE  558                       492     66      269
  SINCE SEP 1   1096                      1116    -20      712
  SINCE JUL 1   1098                      1133    -35      720

 COOLING
  YESTERDAY        0                         0      0        0
  MONTH TO DATE    0                         0      0        0
  SINCE SEP 1    120                        79     41      104
  SINCE JAN 1    890                       824     66     1036
..................................................................


WIND (MPH)
  HIGHEST WIND SPEED    28   HIGHEST WIND DIRECTION    NW (320)
  HIGHEST GUST SPEED    33   HIGHEST GUST DIRECTION    NW (300)
  AVERAGE WIND SPEED    13.0


SKY COVER
  POSSIBLE SUNSHINE  MM
  AVERAGE SKY COVER 0.2


WEATHER CONDITIONS
 THE FOLLOWING WEATHER WAS RECORDED YESTERDAY.
  HAZE


RELATIVE HUMIDITY (PERCENT)
 HIGHEST    88           800 AM
 LOWEST     44           300 PM
 AVERAGE    66

..........................................................


THE MITCHELL SD CLIMATE NORMALS FOR TODAY
                         NORMAL    RECORD    YEAR
 MAXIMUM TEMPERATURE (F)   42        72      1897
 MINIMUM TEMPERATURE (F)   22        -5      1914


SUNRISE AND SUNSET
NOVEMBER 19 2017......SUNRISE   732 AM CST   SUNSET   503 PM CST
NOVEMBER 20 2017......SUNRISE   733 AM CST   SUNSET   502 PM CST


-  INDICATES NEGATIVE NUMBERS.
R  INDICATES RECORD WAS SET OR TIED.
MM INDICATES DATA IS MISSING.
T  INDICATES TRACE AMOUNT.




$$
