000
CDUS43 KFSD 230716
CLIMHE


CLIMATE REPORT
NATIONAL WEATHER SERVICE SIOUX FALLS SD
215 AM CDT FRI JUN 23 2017


...................................

...THE MITCHELL SD CLIMATE SUMMARY FOR JUNE 22 2017...

CLIMATE NORMAL PERIOD 1981 TO 2010
CLIMATE RECORD PERIOD 1893 TO 2017


WEATHER ITEM   OBSERVED TIME   RECORD YEAR NORMAL DEPARTURE LAST
                VALUE   (LST)  VALUE       VALUE  FROM      YEAR
                                                  NORMAL
..................................................................
TEMPERATURE (F)
 YESTERDAY
  MAXIMUM         77    507 PM 106    1988  83     -6       86
  MINIMUM         60   1158 PM  39    1905  60      0       64
  AVERAGE         69                        72     -3       75

PRECIPITATION (IN)
  YESTERDAY        T             1.71 1974   0.13  -0.13     0.81
  MONTH TO DATE    0.74                      3.32  -2.58     2.04
  SINCE JUN 1      0.74                      3.32  -2.58     2.04
  SINCE JAN 1      7.76                     10.05  -2.29    14.56

SNOWFALL (IN)
  YESTERDAY        0.0           0.0    MM  MM     MM        0.0
  MONTH TO DATE    0.0                      MM     MM        0.0
  SINCE JUN 1      0.0                      MM     MM        0.0
  SINCE JUL 1     30.6                      MM     MM       46.3
  SNOW DEPTH       0

DEGREE DAYS
 HEATING
  YESTERDAY        0                         0      0        0
  MONTH TO DATE    0                        33    -33        4
  SINCE JUN 1      0                        33    -33        4
  SINCE JUL 1   6283                      7243   -960     6149

 COOLING
  YESTERDAY        4                         7     -3       10
  MONTH TO DATE  198                       101     97      221
  SINCE JUN 1    198                       101     97      221
  SINCE JAN 1    230                       141     89      265
..................................................................


WIND (MPH)
  HIGHEST WIND SPEED    23   HIGHEST WIND DIRECTION     N (20)
  HIGHEST GUST SPEED    30   HIGHEST GUST DIRECTION     N (10)
  AVERAGE WIND SPEED    10.0


SKY COVER
  POSSIBLE SUNSHINE  MM
  AVERAGE SKY COVER 0.6


WEATHER CONDITIONS
 THE FOLLOWING WEATHER WAS RECORDED YESTERDAY.
  LIGHT RAIN


RELATIVE HUMIDITY (PERCENT)
 HIGHEST    90          1200 AM
 LOWEST     36           700 PM
 AVERAGE    63

..........................................................


THE MITCHELL SD CLIMATE NORMALS FOR TODAY
                         NORMAL    RECORD    YEAR
 MAXIMUM TEMPERATURE (F)   84       110      1937
 MINIMUM TEMPERATURE (F)   61        43      1942


SUNRISE AND SUNSET
JUNE 23 2017..........SUNRISE   551 AM CDT   SUNSET   918 PM CDT
JUNE 24 2017..........SUNRISE   551 AM CDT   SUNSET   918 PM CDT


-  INDICATES NEGATIVE NUMBERS.
R  INDICATES RECORD WAS SET OR TIED.
MM INDICATES DATA IS MISSING.
T  INDICATES TRACE AMOUNT.




$$
