000
CDUS43 KFSD 290632
CLIMHE


CLIMATE REPORT
NATIONAL WEATHER SERVICE SIOUX FALLS SD
132 AM CDT SAT AUG 29 2015


...................................

...THE MITCHELL SD CLIMATE SUMMARY FOR AUGUST 28 2015...

CLIMATE NORMAL PERIOD 1981 TO 2010
CLIMATE RECORD PERIOD 1893 TO 2015


WEATHER ITEM   OBSERVED TIME   RECORD YEAR NORMAL DEPARTURE LAST
                VALUE   (LST)  VALUE       VALUE  FROM      YEAR
                                                  NORMAL
..................................................................
TEMPERATURE (F)
 YESTERDAY
  MAXIMUM         80    311 PM 102    1937  82     -2       78
  MINIMUM         62   1156 PM  34    1911  58      4       68
  AVERAGE         71                        70      1       73

PRECIPITATION (IN)
  YESTERDAY        0.01          1.12 1932   0.08  -0.07     0.90
  MONTH TO DATE    3.66                      2.17   1.49     4.71
  SINCE JUN 1      9.84                      9.41   0.43    10.26
  SINCE JAN 1     16.93                     16.14   0.79    14.99

SNOWFALL (IN)
  YESTERDAY        0.0           0.0    MM  MM     MM        0.0
  MONTH TO DATE    0.0                      MM     MM        0.0
  SINCE JUN 1      0.0                      MM     MM        0.0
  SINCE JUL 1      0.0                      MM     MM        0.0
  SNOW DEPTH       0

DEGREE DAYS
 HEATING
  YESTERDAY        0                         1     -1        0
  MONTH TO DATE   26                         3     23        3
  SINCE JUN 1     31                        43    -12       38
  SINCE JUL 1     28                         8     20       12

 COOLING
  YESTERDAY        6                         6      0        8
  MONTH TO DATE  177                       213    -36      178
  SINCE JUN 1    667                       691    -24      552
  SINCE JAN 1    698                       731    -33      630
..................................................................


WIND (MPH)
  HIGHEST WIND SPEED    13   HIGHEST WIND DIRECTION     E (70)
  HIGHEST GUST SPEED    19   HIGHEST GUST DIRECTION     E (70)
  AVERAGE WIND SPEED     6.6


SKY COVER
  POSSIBLE SUNSHINE  MM
  AVERAGE SKY COVER 0.6


WEATHER CONDITIONS
 THE FOLLOWING WEATHER WAS RECORDED YESTERDAY.
  LIGHT RAIN
  FOG


RELATIVE HUMIDITY (PERCENT)
 HIGHEST   100          1200 AM
 LOWEST     62           200 PM
 AVERAGE    81

..........................................................


THE MITCHELL SD CLIMATE NORMALS FOR TODAY
                         NORMAL    RECORD    YEAR
 MAXIMUM TEMPERATURE (F)   81       103      2012
 MINIMUM TEMPERATURE (F)   58        37      1946


SUNRISE AND SUNSET
AUGUST 29 2015........SUNRISE   652 AM CDT   SUNSET   813 PM CDT
AUGUST 30 2015........SUNRISE   653 AM CDT   SUNSET   812 PM CDT


-  INDICATES NEGATIVE NUMBERS.
R  INDICATES RECORD WAS SET OR TIED.
MM INDICATES DATA IS MISSING.
T  INDICATES TRACE AMOUNT.




$$
