000
CDUS43 KFSD 082228
CLIMHE


CLIMATE REPORT
NATIONAL WEATHER SERVICE SIOUX FALLS SD
428 PM CST FRI DEC 8 2017


...................................

...THE MITCHELL SD CLIMATE SUMMARY FOR DECEMBER 8 2017...
VALID TODAY AS OF 0400 PM LOCAL TIME.

CLIMATE NORMAL PERIOD 1981 TO 2010
CLIMATE RECORD PERIOD 1893 TO 2017


WEATHER ITEM   OBSERVED TIME   RECORD YEAR NORMAL DEPARTURE LAST
                VALUE   (LST)  VALUE       VALUE  FROM      YEAR
                                                  NORMAL
..................................................................
TEMPERATURE (F)
 TODAY
  MAXIMUM         34    359 PM  62    1939  32      2       20
  MINIMUM         28   1211 PM -23    1927  13     15        1
  AVERAGE         31                        22      9       11

PRECIPITATION (IN)
  TODAY            0.00          0.28 1924   0.02  -0.02     0.00
  MONTH TO DATE    0.29                      0.19   0.10     0.03
  SINCE DEC 1      0.29                      0.19   0.10     0.03
  SINCE JAN 1     19.89                     21.26  -1.37    25.24

SNOWFALL (IN)
  TODAY            0.0           6.0  1963  MM     MM        0.0
  MONTH TO DATE    2.3                      MM     MM         T
  SINCE DEC 1      2.3                      MM     MM         T
  SINCE JUL 1      3.5                      MM     MM        5.5
  SNOW DEPTH       2

DEGREE DAYS
 HEATING
  TODAY           34                        43     -9       54
  MONTH TO DATE  274                       330    -56      312
  SINCE DEC 1    274                       330    -56      312
  SINCE JUL 1   1663                      1898   -235     1406

 COOLING
  TODAY            0                         0      0        0
  MONTH TO DATE    0                         0      0        0
  SINCE DEC 1      0                         0      0        0
  SINCE JAN 1    890                       824     66     1036
..................................................................


WIND (MPH)
  HIGHEST WIND SPEED    21   HIGHEST WIND DIRECTION     N (340)
  HIGHEST GUST SPEED    25   HIGHEST GUST DIRECTION     N (340)
  AVERAGE WIND SPEED    12.5


SKY COVER
  POSSIBLE SUNSHINE  MM
  AVERAGE SKY COVER 0.7


WEATHER CONDITIONS
 THE FOLLOWING WEATHER WAS RECORDED TODAY.
  HAZE


RELATIVE HUMIDITY (PERCENT)
 HIGHEST    85           300 AM
 LOWEST     72           100 PM
 AVERAGE    79

..........................................................


THE MITCHELL SD CLIMATE NORMALS FOR TOMORROW
                         NORMAL    RECORD    YEAR
 MAXIMUM TEMPERATURE (F)   31        64      1957
 MINIMUM TEMPERATURE (F)   13       -23      1955


SUNRISE AND SUNSET
DECEMBER  8 2017......SUNRISE   754 AM CST   SUNSET   455 PM CST
DECEMBER  9 2017......SUNRISE   754 AM CST   SUNSET   455 PM CST


-  INDICATES NEGATIVE NUMBERS.
R  INDICATES RECORD WAS SET OR TIED.
MM INDICATES DATA IS MISSING.
T  INDICATES TRACE AMOUNT.




$$
