000
CDUS43 KFSD 260621
CLIMHE


CLIMATE REPORT
NATIONAL WEATHER SERVICE SIOUX FALLS SD
120 AM CDT MON SEP 26 2016


...................................

...THE MITCHELL SD CLIMATE SUMMARY FOR SEPTEMBER 25 2016...

CLIMATE NORMAL PERIOD 1981 TO 2010
CLIMATE RECORD PERIOD 1893 TO 2016


WEATHER ITEM   OBSERVED TIME   RECORD YEAR NORMAL DEPARTURE LAST
                VALUE   (LST)  VALUE       VALUE  FROM      YEAR
                                                  NORMAL
..................................................................
TEMPERATURE (F)
 YESTERDAY
  MAXIMUM         71    215 PM  93    1938  72     -1       83
  MINIMUM         48   1159 PM  20    1926  45      3       56
  AVERAGE         60                        58      2       70

PRECIPITATION (IN)
  YESTERDAY        0.00          1.85 1908   0.07  -0.07     0.00
  MONTH TO DATE    2.15                      1.96   0.19     1.33
  SINCE SEP 1      2.15                      1.96   0.19     1.33
  SINCE JAN 1     21.56                     18.31   3.25    18.26

SNOWFALL (IN)
  YESTERDAY        0.0           T    1984  MM     MM        0.0
  MONTH TO DATE    0.0                      MM     MM        0.0
  SINCE SEP 1      0.0                      MM     MM        0.0
  SINCE JUL 1      0.0                      MM     MM        0.0
  SNOW DEPTH       0

DEGREE DAYS
 HEATING
  YESTERDAY        5                         7     -2        0
  MONTH TO DATE   40                        98    -58       47
  SINCE SEP 1     40                        98    -58       47
  SINCE JUL 1     48                       115    -67       75

 COOLING
  YESTERDAY        0                         1     -1        5
  MONTH TO DATE   99                        68     31      144
  SINCE SEP 1     99                        68     31      144
  SINCE JAN 1   1031                       813    218      868
..................................................................


WIND (MPH)
  HIGHEST WIND SPEED    30   HIGHEST WIND DIRECTION    NW (320)
  HIGHEST GUST SPEED    39   HIGHEST GUST DIRECTION    NW (300)
  AVERAGE WIND SPEED    15.0


SKY COVER
  POSSIBLE SUNSHINE  MM
  AVERAGE SKY COVER 0.4


WEATHER CONDITIONS
 THE FOLLOWING WEATHER WAS RECORDED YESTERDAY.
  NO SIGNIFICANT WEATHER WAS OBSERVED.


RELATIVE HUMIDITY (PERCENT)
 HIGHEST    67           500 AM
 LOWEST     23           300 PM
 AVERAGE    45

..........................................................


THE MITCHELL SD CLIMATE NORMALS FOR TODAY
                         NORMAL    RECORD    YEAR
 MAXIMUM TEMPERATURE (F)   71        96      1974
 MINIMUM TEMPERATURE (F)   45        24      1965


SUNRISE AND SUNSET
SEPTEMBER 26 2016.....SUNRISE   725 AM CDT   SUNSET   721 PM CDT
SEPTEMBER 27 2016.....SUNRISE   726 AM CDT   SUNSET   719 PM CDT


-  INDICATES NEGATIVE NUMBERS.
R  INDICATES RECORD WAS SET OR TIED.
MM INDICATES DATA IS MISSING.
T  INDICATES TRACE AMOUNT.




$$
