000
CDUS43 KFSD 180635
CLIMHE


CLIMATE REPORT
NATIONAL WEATHER SERVICE SIOUX FALLS SD
1235 AM CST SAT FEB 18 2017


...................................

...THE MITCHELL SD CLIMATE SUMMARY FOR FEBRUARY 17 2017...

CLIMATE NORMAL PERIOD 1981 TO 2010
CLIMATE RECORD PERIOD 1893 TO 2017


WEATHER ITEM   OBSERVED TIME   RECORD YEAR NORMAL DEPARTURE LAST
                VALUE   (LST)  VALUE       VALUE  FROM      YEAR
                                                  NORMAL
..................................................................
TEMPERATURE (F)
 YESTERDAY
  MAXIMUM         62    322 PM  70    1913  34     28       34
  MINIMUM         32    747 AM -21    1903  15     17       30
  AVERAGE         47                        24     23       32

PRECIPITATION (IN)
  YESTERDAY        0.00          0.85 1992   0.01  -0.01     0.00
  MONTH TO DATE    0.18                      0.21  -0.03     0.24
  SINCE DEC 1      2.05                      0.88   1.17     1.72
  SINCE JAN 1      0.94                      0.43   0.51     0.69

SNOWFALL (IN)
  YESTERDAY        0.0           4.0  1962  MM     MM        0.0
  MONTH TO DATE    T                        MM     MM        2.7
  SINCE DEC 1     17.5                      MM     MM       23.8
  SINCE JUL 1     23.0                      MM     MM       37.0
  SNOW DEPTH       0

DEGREE DAYS
 HEATING
  YESTERDAY       18                        41    -23       33
  MONTH TO DATE  594                       730   -136      666
  SINCE DEC 1   3349                      3529   -180     3284
  SINCE JUL 1   4443                      5097   -654     4467

 COOLING
  YESTERDAY        0                         0      0        0
  MONTH TO DATE    0                         0      0        0
  SINCE DEC 1      0                         0      0        0
  SINCE JAN 1      0                         0      0        0
..................................................................


WIND (MPH)
  HIGHEST WIND SPEED    28   HIGHEST WIND DIRECTION    NW (320)
  HIGHEST GUST SPEED    35   HIGHEST GUST DIRECTION    NW (320)
  AVERAGE WIND SPEED    10.6


SKY COVER
  POSSIBLE SUNSHINE  MM
  AVERAGE SKY COVER 0.0


WEATHER CONDITIONS
 THE FOLLOWING WEATHER WAS RECORDED YESTERDAY.
  NO SIGNIFICANT WEATHER WAS OBSERVED.


RELATIVE HUMIDITY (PERCENT)
 HIGHEST    96           300 AM
 LOWEST     39           300 PM
 AVERAGE    68

..........................................................


THE MITCHELL SD CLIMATE NORMALS FOR TODAY
                         NORMAL    RECORD    YEAR
 MAXIMUM TEMPERATURE (F)   35        71      1930
 MINIMUM TEMPERATURE (F)   15       -25      1938


SUNRISE AND SUNSET
FEBRUARY 18 2017......SUNRISE   726 AM CST   SUNSET   607 PM CST
FEBRUARY 19 2017......SUNRISE   724 AM CST   SUNSET   608 PM CST


-  INDICATES NEGATIVE NUMBERS.
R  INDICATES RECORD WAS SET OR TIED.
MM INDICATES DATA IS MISSING.
T  INDICATES TRACE AMOUNT.




$$
