000
CDUS43 KFSD 250636
CLIMHE


CLIMATE REPORT
NATIONAL WEATHER SERVICE SIOUX FALLS SD
1233 AM CST THU DEC 25 2014


...................................

...THE MITCHELL SD CLIMATE SUMMARY FOR DECEMBER 24 2014...

CLIMATE NORMAL PERIOD 1981 TO 2010
CLIMATE RECORD PERIOD 1893 TO 2014


WEATHER ITEM   OBSERVED TIME   RECORD YEAR NORMAL DEPARTURE LAST
                VALUE   (LST)  VALUE       VALUE  FROM      YEAR
                                                  NORMAL
..................................................................
TEMPERATURE (F)
 YESTERDAY
  MAXIMUM         30    423 PM  51    2011  28      2       24
                                      1936
  MINIMUM         25   1018 AM -29    1990  10     15       -6
  AVERAGE         28                        19      9        9

PRECIPITATION (IN)
  YESTERDAY        0.00          0.44 2009   0.01  -0.01     0.05
  MONTH TO DATE    0.93                      0.37   0.56     0.55
  SINCE DEC 1      0.93                      0.37   0.56     0.55
  SINCE JAN 1     18.91                     21.44  -2.53    26.21

SNOWFALL (IN)
  YESTERDAY        0.0           6.4  2009  MM     MM        0.6
  MONTH TO DATE    4.5                      MM     MM        9.8
  SINCE DEC 1      4.5                      MM     MM        9.8
  SINCE JUL 1     10.1                      MM     MM       13.8
  SNOW DEPTH       2

DEGREE DAYS
 HEATING
  YESTERDAY       37                        46     -9       56
  MONTH TO DATE  856                      1044   -188     1271
  SINCE DEC 1    856                      1044   -188     1271
  SINCE JUL 1   2512                      2612   -100     2779

 COOLING
  YESTERDAY        0                         0      0        0
  MONTH TO DATE    0                         0      0        0
  SINCE DEC 1      0                         0      0        0
  SINCE JAN 1    724                       824   -100      946
..................................................................


WIND (MPH)
  HIGHEST WIND SPEED    20   HIGHEST WIND DIRECTION    NW (320)
  HIGHEST GUST SPEED    25   HIGHEST GUST DIRECTION    NW (320)
  AVERAGE WIND SPEED    10.2


SKY COVER
  POSSIBLE SUNSHINE  MM
  AVERAGE SKY COVER 0.7


WEATHER CONDITIONS
 THE FOLLOWING WEATHER WAS RECORDED YESTERDAY.
  FOG


RELATIVE HUMIDITY (PERCENT)
 HIGHEST   100           800 AM
 LOWEST     85          1200 AM
 AVERAGE    93

..........................................................


THE MITCHELL SD CLIMATE NORMALS FOR TODAY
                         NORMAL    RECORD    YEAR
 MAXIMUM TEMPERATURE (F)   28        58      1943
                                             1938
 MINIMUM TEMPERATURE (F)   10       -23      1983


SUNRISE AND SUNSET
DECEMBER 25 2014......SUNRISE   805 AM CST   SUNSET   500 PM CST
DECEMBER 26 2014......SUNRISE   805 AM CST   SUNSET   501 PM CST


-  INDICATES NEGATIVE NUMBERS.
R  INDICATES RECORD WAS SET OR TIED.
MM INDICATES DATA IS MISSING.
T  INDICATES TRACE AMOUNT.




$$
