000
CDUS43 KFSD 130627
CLIMHE


CLIMATE REPORT
NATIONAL WEATHER SERVICE SIOUX FALLS SD
126 AM CDT FRI OCT 13 2017


...................................

...THE MITCHELL SD CLIMATE SUMMARY FOR OCTOBER 12 2017...

CLIMATE NORMAL PERIOD 1981 TO 2010
CLIMATE RECORD PERIOD 1893 TO 2017


WEATHER ITEM   OBSERVED TIME   RECORD YEAR NORMAL DEPARTURE LAST
                VALUE   (LST)  VALUE       VALUE  FROM      YEAR
                                                  NORMAL
..................................................................
TEMPERATURE (F)
 YESTERDAY
  MAXIMUM         72    416 PM  87    1956  64      8       46
  MINIMUM         44    443 AM  14    1917  39      5       32
  AVERAGE         58                        51      7       39

PRECIPITATION (IN)
  YESTERDAY        0.00          1.10 1914   0.06  -0.06     0.04
  MONTH TO DATE    2.86                      0.76   2.10     1.93
  SINCE SEP 1      5.47                      3.08   2.39     4.08
  SINCE JAN 1     19.29                     19.43  -0.14    23.49

SNOWFALL (IN)
  YESTERDAY        0.0           0.5  2009  MM     MM        0.0
  MONTH TO DATE    0.0                      MM     MM         T
  SINCE SEP 1      0.0                      MM     MM         T
  SINCE JUL 1      0.0                      MM     MM         T
  SNOW DEPTH       0

DEGREE DAYS
 HEATING
  YESTERDAY        7                        14     -7       26
  MONTH TO DATE  136                       144     -8      135
  SINCE SEP 1    230                       285    -55      211
  SINCE JUL 1    232                       302    -70      219

 COOLING
  YESTERDAY        0                         0      0        0
  MONTH TO DATE    5                         7     -2        4
  SINCE SEP 1    118                        79     39      103
  SINCE JAN 1    888                       824     64     1035
..................................................................


WIND (MPH)
  HIGHEST WIND SPEED    25   HIGHEST WIND DIRECTION     S (170)
  HIGHEST GUST SPEED    31   HIGHEST GUST DIRECTION     S (170)
  AVERAGE WIND SPEED    15.0


SKY COVER
  POSSIBLE SUNSHINE  MM
  AVERAGE SKY COVER 0.0


WEATHER CONDITIONS
 THE FOLLOWING WEATHER WAS RECORDED YESTERDAY.
  NO SIGNIFICANT WEATHER WAS OBSERVED.


RELATIVE HUMIDITY (PERCENT)
 HIGHEST    83           700 AM
 LOWEST     47           200 PM
 AVERAGE    65

..........................................................


THE MITCHELL SD CLIMATE NORMALS FOR TODAY
                         NORMAL    RECORD    YEAR
 MAXIMUM TEMPERATURE (F)   64        93      1958
 MINIMUM TEMPERATURE (F)   38        14      1909


SUNRISE AND SUNSET
OCTOBER 13 2017.......SUNRISE   744 AM CDT   SUNSET   651 PM CDT
OCTOBER 14 2017.......SUNRISE   746 AM CDT   SUNSET   650 PM CDT


-  INDICATES NEGATIVE NUMBERS.
R  INDICATES RECORD WAS SET OR TIED.
MM INDICATES DATA IS MISSING.
T  INDICATES TRACE AMOUNT.




$$
