000
CDUS43 KFSD 282220
CLIMHE


CLIMATE REPORT
NATIONAL WEATHER SERVICE SIOUX FALLS SD
520 PM CDT SUN SEP 28 2014


...................................

...THE MITCHELL SD CLIMATE SUMMARY FOR SEPTEMBER 28 2014...
VALID TODAY AS OF 0500 PM LOCAL TIME.

CLIMATE NORMAL PERIOD 1981 TO 2010
CLIMATE RECORD PERIOD 1893 TO 2014


WEATHER ITEM   OBSERVED TIME   RECORD YEAR NORMAL DEPARTURE LAST
                VALUE   (LST)  VALUE       VALUE  FROM      YEAR
                                                  NORMAL
..................................................................
TEMPERATURE (F)
 TODAY
  MAXIMUM         82    312 PM  93    2011  71     11       68
                                      1897
  MINIMUM         61    534 AM  23    1951  44     17       49
  AVERAGE         72                        57     15       59

PRECIPITATION (IN)
  TODAY            0.00          0.49 2013   0.07  -0.07     0.49
  MONTH TO DATE    1.59                      2.17  -0.58     2.44
  SINCE SEP 1      1.59                      2.17  -0.58     2.44
  SINCE JAN 1     16.69                     18.52  -1.83    20.93

SNOWFALL (IN)
  TODAY            0.0           0.0    MM  MM     MM        0.0
  MONTH TO DATE    0.0                      MM     MM        0.0
  SINCE SEP 1      0.0                      MM     MM        0.0
  SINCE JUL 1      0.0                      MM     MM        0.0
  SNOW DEPTH       0

DEGREE DAYS
 HEATING
  TODAY            0                         9     -9        6
  MONTH TO DATE  118                       123     -5       35
  SINCE SEP 1    118                       123     -5       35
  SINCE JUL 1    130                       140    -10       58

 COOLING
  TODAY            7                         1      6        0
  MONTH TO DATE   75                        71      4      158
  SINCE SEP 1     75                        71      4      158
  SINCE JAN 1    721                       816    -95      939
..................................................................


WIND (MPH)
  HIGHEST WIND SPEED    16   HIGHEST WIND DIRECTION     S (170)
  HIGHEST GUST SPEED    21   HIGHEST GUST DIRECTION     S (180)
  AVERAGE WIND SPEED     9.4


SKY COVER
  POSSIBLE SUNSHINE  MM
  AVERAGE SKY COVER 0.0


WEATHER CONDITIONS
 THE FOLLOWING WEATHER WAS RECORDED TODAY.
  NO SIGNIFICANT WEATHER WAS OBSERVED.


RELATIVE HUMIDITY (PERCENT)
 HIGHEST    84           400 AM
 LOWEST     51           100 PM
 AVERAGE    68

..........................................................


THE MITCHELL SD CLIMATE NORMALS FOR TOMORROW
                         NORMAL    RECORD    YEAR
 MAXIMUM TEMPERATURE (F)   70        93      1991
 MINIMUM TEMPERATURE (F)   43        11      1899


SUNRISE AND SUNSET
SEPTEMBER 28 2014.....SUNRISE   726 AM CDT   SUNSET   718 PM CDT
SEPTEMBER 29 2014.....SUNRISE   727 AM CDT   SUNSET   717 PM CDT


-  INDICATES NEGATIVE NUMBERS.
R  INDICATES RECORD WAS SET OR TIED.
MM INDICATES DATA IS MISSING.
T  INDICATES TRACE AMOUNT.




$$
