000
CDUS43 KFSD 280029 RRA
CLIMHE

CLIMATE REPORT
NATIONAL WEATHER SERVICE SIOUX FALLS SD
724 PM CDT WED AUG 27 2014


...................................

...THE MITCHELL SD CLIMATE SUMMARY FOR AUGUST 27 2014...
VALID AS OF 0700 PM LOCAL TIME.

CLIMATE NORMAL PERIOD 1981 TO 2010
CLIMATE RECORD PERIOD 1893 TO 2014


WEATHER ITEM   OBSERVED TIME   RECORD YEAR NORMAL DEPARTURE LAST
                VALUE   (LST)  VALUE       VALUE  FROM      YEAR
                                                  NORMAL
..................................................................
TEMPERATURE (F)
 TODAY
  MAXIMUM         79   1241 PM 104    1926  82     -3       96
  MINIMUM         57    430 AM  40    1896  58     -1       69
  AVERAGE         68                        70     -2       83

PRECIPITATION (IN)
  TODAY            0.00          1.12 1977   0.07  -0.07      T
  MONTH TO DATE    3.81                      2.09   1.72     2.54
  SINCE JUN 1      9.36                      9.33   0.03     8.54
  SINCE JAN 1     14.09                     16.06  -1.97    18.49

SNOWFALL (IN)
  TODAY            0.0           0.0    MM  MM     MM        0.0
  MONTH TO DATE    0.0                      MM     MM        0.0
  SINCE JUN 1      0.0                      MM     MM        0.0
  SINCE JUL 1      0.0                      MM     MM        0.0
  SNOW DEPTH       0

DEGREE DAYS
 HEATING
  TODAY            0                         1     -1        0
  MONTH TO DATE    3                         2      1        3
  SINCE JUN 1     38                        42     -4       73
  SINCE JUL 1     12                         7      5       23

 COOLING
  TODAY            3                         6     -3       18
  MONTH TO DATE  170                       207    -37      202
  SINCE JUN 1    544                       685   -141      657
  SINCE JAN 1    622                       725   -103      714
..................................................................


WIND (MPH)
  HIGHEST WIND SPEED    18   HIGHEST WIND DIRECTION     S (160)
  HIGHEST GUST SPEED    22   HIGHEST GUST DIRECTION     S (160)
  AVERAGE WIND SPEED     8.7


SKY COVER
  POSSIBLE SUNSHINE  MM
  AVERAGE SKY COVER 0.6


WEATHER CONDITIONS
 THE FOLLOWING WEATHER WAS RECORDED TODAY.
  NO SIGNIFICANT WEATHER WAS OBSERVED.


RELATIVE HUMIDITY (PERCENT)
 HIGHEST   100           300 AM
 LOWEST     67           200 PM
 AVERAGE    84

..........................................................


THE MITCHELL SD CLIMATE NORMALS FOR TOMORROW
                         NORMAL    RECORD    YEAR
 MAXIMUM TEMPERATURE (F)   82       102      1937
 MINIMUM TEMPERATURE (F)   58        34      1911


SUNRISE AND SUNSET
AUGUST 27 2014........SUNRISE   650 AM CDT   SUNSET   816 PM CDT
AUGUST 28 2014........SUNRISE   651 AM CDT   SUNSET   815 PM CDT


-  INDICATES NEGATIVE NUMBERS.
R  INDICATES RECORD WAS SET OR TIED.
MM INDICATES DATA IS MISSING.
T  INDICATES TRACE AMOUNT.




$$
