427
CDUS43 KFSD 180635
CLIMHE


CLIMATE REPORT
NATIONAL WEATHER SERVICE SIOUX FALLS SD
133 AM CDT TUE JUL 18 2017


...................................

...THE MITCHELL SD CLIMATE SUMMARY FOR JULY 17 2017...

CLIMATE NORMAL PERIOD 1981 TO 2010
CLIMATE RECORD PERIOD 1893 TO 2017


WEATHER ITEM   OBSERVED TIME   RECORD YEAR NORMAL DEPARTURE LAST
                VALUE   (LST)  VALUE       VALUE  FROM      YEAR
                                                  NORMAL
..................................................................
TEMPERATURE (F)
 YESTERDAY
  MAXIMUM         98    439 PM 113    1936  87     11       85
  MINIMUM         70   1111 PM  48    1906  63      7       62
                                      1900
  AVERAGE         84                        75      9       74

PRECIPITATION (IN)
  YESTERDAY        0.57          1.92 1993   0.10   0.47     0.13
  MONTH TO DATE    1.74                      1.82  -0.08     0.85
  SINCE JUN 1      2.49                      5.95  -3.46     2.89
  SINCE JAN 1      9.51                     12.68  -3.17    15.41

SNOWFALL (IN)
  YESTERDAY        0.0           T    2010  MM     MM        0.0
  MONTH TO DATE    0.0                      MM     MM        0.0
  SINCE JUN 1      0.0                      MM     MM        0.0
  SINCE JUL 1      0.0                      MM     MM        0.0
  SNOW DEPTH       0

DEGREE DAYS
 HEATING
  YESTERDAY        0                         0      0        0
  MONTH TO DATE    0                         0      0        3
  SINCE JUN 1     12                        35    -23        7
  SINCE JUL 1      0                         0      0        3

 COOLING
  YESTERDAY       19                        10      9        9
  MONTH TO DATE  226                       168     58      141
  SINCE JUN 1    444                       338    106      425
  SINCE JAN 1    476                       378     98      469
..................................................................


WIND (MPH)
  HIGHEST WIND SPEED    24   HIGHEST WIND DIRECTION     W (280)
  HIGHEST GUST SPEED    34   HIGHEST GUST DIRECTION     W (270)
  AVERAGE WIND SPEED    12.7


SKY COVER
  POSSIBLE SUNSHINE  MM
  AVERAGE SKY COVER 0.0


WEATHER CONDITIONS
 THE FOLLOWING WEATHER WAS RECORDED YESTERDAY.
  THUNDERSTORM
  HEAVY RAIN
  RAIN
  LIGHT RAIN
  FOG


RELATIVE HUMIDITY (PERCENT)
 HIGHEST    84           500 AM
 LOWEST     33           100 PM
 AVERAGE    59

..........................................................


THE MITCHELL SD CLIMATE NORMALS FOR TODAY
                         NORMAL    RECORD    YEAR
 MAXIMUM TEMPERATURE (F)   87       107      1936
                                             1926
 MINIMUM TEMPERATURE (F)   63        50      1922
                                             1900


SUNRISE AND SUNSET
JULY 18 2017..........SUNRISE   607 AM CDT   SUNSET   909 PM CDT
JULY 19 2017..........SUNRISE   608 AM CDT   SUNSET   908 PM CDT


-  INDICATES NEGATIVE NUMBERS.
R  INDICATES RECORD WAS SET OR TIED.
MM INDICATES DATA IS MISSING.
T  INDICATES TRACE AMOUNT.




$$
