757
CDUS43 KFSD 070640
CLIMHE


CLIMATE REPORT
NATIONAL WEATHER SERVICE SIOUX FALLS SD
1239 AM CST SUN FEB 7 2016


...................................

...THE MITCHELL SD CLIMATE SUMMARY FOR FEBRUARY 6 2016...

CLIMATE NORMAL PERIOD 1981 TO 2010
CLIMATE RECORD PERIOD 1893 TO 2016


WEATHER ITEM   OBSERVED TIME   RECORD YEAR NORMAL DEPARTURE LAST
                VALUE   (LST)  VALUE       VALUE  FROM      YEAR
                                                  NORMAL
..................................................................
TEMPERATURE (F)
 YESTERDAY
  MAXIMUM         43    959 PM  58    1987  31     12       46
  MINIMUM         24    127 AM -25    1899  11     13       18
  AVERAGE         34                        21     13       32

PRECIPITATION (IN)
  YESTERDAY        0.00          0.54 1928   0.02  -0.02     0.00
  MONTH TO DATE    0.06                      0.08  -0.02     0.18
  SINCE DEC 1      1.54                      0.75   0.79     1.93
  SINCE JAN 1      0.51                      0.30   0.21     0.71

SNOWFALL (IN)
  YESTERDAY        0.0           4.0  1948  MM     MM        0.0
  MONTH TO DATE    0.9                      MM     MM        2.6
  SINCE DEC 1     22.0                      MM     MM       16.1
  SINCE JUL 1     35.2                      MM     MM       21.7
  SNOW DEPTH       1

DEGREE DAYS
 HEATING
  YESTERDAY       31                        44    -13       33
  MONTH TO DATE  227                       266    -39      307
  SINCE DEC 1   2845                      3065   -220     2845
  SINCE JUL 1   4028                      4633   -605     4501

 COOLING
  YESTERDAY        0                         0      0        0
  MONTH TO DATE    0                         0      0        0
  SINCE DEC 1      0                         0      0        0
  SINCE JAN 1      0                         0      0        0
..................................................................


WIND (MPH)
  HIGHEST WIND SPEED    20   HIGHEST WIND DIRECTION     W (280)
  HIGHEST GUST SPEED    28   HIGHEST GUST DIRECTION     W (280)
  AVERAGE WIND SPEED    11.6


SKY COVER
  POSSIBLE SUNSHINE  MM
  AVERAGE SKY COVER 0.1


WEATHER CONDITIONS
 THE FOLLOWING WEATHER WAS RECORDED YESTERDAY.
  NO SIGNIFICANT WEATHER WAS OBSERVED.


RELATIVE HUMIDITY (PERCENT)
 HIGHEST    92          1200 AM
 LOWEST     62           300 PM
 AVERAGE    77

..........................................................


THE MITCHELL SD CLIMATE NORMALS FOR TODAY
                         NORMAL    RECORD    YEAR
 MAXIMUM TEMPERATURE (F)   31        66      1987
 MINIMUM TEMPERATURE (F)   12       -25      1914


SUNRISE AND SUNSET
FEBRUARY  7 2016......SUNRISE   742 AM CST   SUNSET   551 PM CST
FEBRUARY  8 2016......SUNRISE   741 AM CST   SUNSET   552 PM CST


-  INDICATES NEGATIVE NUMBERS.
R  INDICATES RECORD WAS SET OR TIED.
MM INDICATES DATA IS MISSING.
T  INDICATES TRACE AMOUNT.




$$
