000
CDUS43 KFSD 120635
CLIMHE


CLIMATE REPORT
NATIONAL WEATHER SERVICE SIOUX FALLS SD
134 AM CDT TUE SEP 12 2017


...................................

...THE MITCHELL SD CLIMATE SUMMARY FOR SEPTEMBER 11 2017...

CLIMATE NORMAL PERIOD 1981 TO 2010
CLIMATE RECORD PERIOD 1893 TO 2017


WEATHER ITEM   OBSERVED TIME   RECORD YEAR NORMAL DEPARTURE LAST
                VALUE   (LST)  VALUE       VALUE  FROM      YEAR
                                                  NORMAL
..................................................................
TEMPERATURE (F)
 YESTERDAY
  MAXIMUM         85    353 PM 101    1931  78      7       85
  MINIMUM         58    621 AM  31    1955  52      6       53
  AVERAGE         72                        65      7       69

PRECIPITATION (IN)
  YESTERDAY        0.00          1.90 1901   0.08  -0.08     0.00
  MONTH TO DATE    0.13                      0.88  -0.75     1.71
  SINCE SEP 1      0.13                      0.88  -0.75     1.71
  SINCE JAN 1     13.95                     17.23  -3.28    21.12

SNOWFALL (IN)
  YESTERDAY        0.0           0.0    MM  MM     MM        0.0
  MONTH TO DATE    0.0                      MM     MM        0.0
  SINCE SEP 1      0.0                      MM     MM        0.0
  SINCE JUL 1      0.0                      MM     MM        0.0
  SNOW DEPTH       0

DEGREE DAYS
 HEATING
  YESTERDAY        0                         3     -3        0
  MONTH TO DATE   16                        25     -9        5
  SINCE SEP 1     16                        25     -9        5
  SINCE JUL 1     18                        42    -24       13

 COOLING
  YESTERDAY        7                         3      4        4
  MONTH TO DATE   43                        45     -2       47
  SINCE SEP 1     43                        45     -2       47
  SINCE JAN 1    813                       790     23      979
..................................................................


WIND (MPH)
  HIGHEST WIND SPEED    14   HIGHEST WIND DIRECTION     E (100)
  HIGHEST GUST SPEED    19   HIGHEST GUST DIRECTION     S (170)
  AVERAGE WIND SPEED     6.5


SKY COVER
  POSSIBLE SUNSHINE  MM
  AVERAGE SKY COVER 0.0


WEATHER CONDITIONS
 THE FOLLOWING WEATHER WAS RECORDED YESTERDAY.
  FOG


RELATIVE HUMIDITY (PERCENT)
 HIGHEST    93           600 AM
 LOWEST     44           300 PM
 AVERAGE    69

..........................................................


THE MITCHELL SD CLIMATE NORMALS FOR TODAY
                         NORMAL    RECORD    YEAR
 MAXIMUM TEMPERATURE (F)   77       100      1939
                                             1908
 MINIMUM TEMPERATURE (F)   51        24      1902


SUNRISE AND SUNSET
SEPTEMBER 12 2017.....SUNRISE   708 AM CDT   SUNSET   747 PM CDT
SEPTEMBER 13 2017.....SUNRISE   709 AM CDT   SUNSET   746 PM CDT


-  INDICATES NEGATIVE NUMBERS.
R  INDICATES RECORD WAS SET OR TIED.
MM INDICATES DATA IS MISSING.
T  INDICATES TRACE AMOUNT.




$$
