750
CDUS43 KFSD 170654
CLIMHE


CLIMATE REPORT
NATIONAL WEATHER SERVICE SIOUX FALLS SD
143 AM CDT MON JUL 17 2017


...................................

...THE MITCHELL SD CLIMATE SUMMARY FOR JULY 16 2017...

CLIMATE NORMAL PERIOD 1981 TO 2010
CLIMATE RECORD PERIOD 1893 TO 2017


WEATHER ITEM   OBSERVED TIME   RECORD YEAR NORMAL DEPARTURE LAST
                VALUE   (LST)  VALUE       VALUE  FROM      YEAR
                                                  NORMAL
..................................................................
TEMPERATURE (F)
 YESTERDAY
  MAXIMUM         91    451 PM 111    1936  87      4       87
  MINIMUM         63    536 AM  44    1912  63      0       58
  AVERAGE         77                        75      2       73

PRECIPITATION (IN)
  YESTERDAY        0.00          1.95 1999   0.10  -0.10     0.02
  MONTH TO DATE    1.17                      1.72  -0.55     0.72
  SINCE JUN 1      1.92                      5.85  -3.93     2.76
  SINCE JAN 1      8.94                     12.58  -3.64    15.28

SNOWFALL (IN)
  YESTERDAY        0.0           0.0    MM  MM     MM        0.0
  MONTH TO DATE    0.0                      MM     MM        0.0
  SINCE JUN 1      0.0                      MM     MM        0.0
  SINCE JUL 1      0.0                      MM     MM        0.0
  SNOW DEPTH       0

DEGREE DAYS
 HEATING
  YESTERDAY        0                         0      0        0
  MONTH TO DATE    0                         0      0        3
  SINCE JUN 1     12                        35    -23        7
  SINCE JUL 1      0                         0      0        3

 COOLING
  YESTERDAY       12                        10      2        8
  MONTH TO DATE  207                       158     49      132
  SINCE JUN 1    425                       328     97      416
  SINCE JAN 1    457                       368     89      460
..................................................................


WIND (MPH)
  HIGHEST WIND SPEED    17   HIGHEST WIND DIRECTION    SE (150)
  HIGHEST GUST SPEED    23   HIGHEST GUST DIRECTION    SE (130)
  AVERAGE WIND SPEED     8.1


SKY COVER
  POSSIBLE SUNSHINE  MM
  AVERAGE SKY COVER 0.0


WEATHER CONDITIONS
 THE FOLLOWING WEATHER WAS RECORDED YESTERDAY.
  NO SIGNIFICANT WEATHER WAS OBSERVED.


RELATIVE HUMIDITY (PERCENT)
 HIGHEST   100           400 AM
 LOWEST     41           200 PM
 AVERAGE    71

..........................................................


THE MITCHELL SD CLIMATE NORMALS FOR TODAY
                         NORMAL    RECORD    YEAR
 MAXIMUM TEMPERATURE (F)   87       113      1936
 MINIMUM TEMPERATURE (F)   63        48      1906
                                             1900


SUNRISE AND SUNSET
JULY 17 2017..........SUNRISE   606 AM CDT   SUNSET   910 PM CDT
JULY 18 2017..........SUNRISE   607 AM CDT   SUNSET   909 PM CDT


-  INDICATES NEGATIVE NUMBERS.
R  INDICATES RECORD WAS SET OR TIED.
MM INDICATES DATA IS MISSING.
T  INDICATES TRACE AMOUNT.




$$
