000
CDUS43 KFSD 250633
CLIMHE


CLIMATE REPORT
NATIONAL WEATHER SERVICE SIOUX FALLS SD
131 AM CDT TUE AUG 25 2015


...................................

...THE MITCHELL SD CLIMATE SUMMARY FOR AUGUST 24 2015...

CLIMATE NORMAL PERIOD 1981 TO 2010
CLIMATE RECORD PERIOD 1893 TO 2015


WEATHER ITEM   OBSERVED TIME   RECORD YEAR NORMAL DEPARTURE LAST
                VALUE   (LST)  VALUE       VALUE  FROM      YEAR
                                                  NORMAL
..................................................................
TEMPERATURE (F)
 YESTERDAY
  MAXIMUM         74        MM 110    1936  82     -8       82
  MINIMUM         45    600 AM  40    1896  59    -14       64
  AVERAGE         60                        71    -11       73

PRECIPITATION (IN)
  YESTERDAY        0.00          1.97 1954   0.07  -0.07     0.00
  MONTH TO DATE    3.49                      1.89   1.60     3.81
  SINCE JUN 1      9.67                      9.13   0.54     9.36
  SINCE JAN 1     16.76                     15.86   0.90    14.09

SNOWFALL (IN)
  YESTERDAY        0.0           0.0    MM  MM     MM        0.0
  MONTH TO DATE    0.0                      MM     MM        0.0
  SINCE JUN 1      0.0                      MM     MM        0.0
  SINCE JUL 1      0.0                      MM     MM        0.0
  SNOW DEPTH       0

DEGREE DAYS
 HEATING
  YESTERDAY        5                         0      5        0
  MONTH TO DATE   22                         0     22        0
  SINCE JUN 1     27                        40    -13       35
  SINCE JUL 1     24                         5     19        9

 COOLING
  YESTERDAY        0                         6     -6        8
  MONTH TO DATE  162                       189    -27      167
  SINCE JUN 1    652                       667    -15      541
  SINCE JAN 1    683                       707    -24      619
..................................................................


WIND (MPH)
  HIGHEST WIND SPEED    MM   HIGHEST WIND DIRECTION    MM
  HIGHEST GUST SPEED    MM   HIGHEST GUST DIRECTION    MM
  AVERAGE WIND SPEED    MM


SKY COVER
  POSSIBLE SUNSHINE  MM
  AVERAGE SKY COVER 0.0


WEATHER CONDITIONS
 THE FOLLOWING WEATHER WAS RECORDED YESTERDAY.
  NO SIGNIFICANT WEATHER WAS OBSERVED.


RELATIVE HUMIDITY (PERCENT)
 HIGHEST    89           600 AM
 LOWEST     99
 AVERAGE    94

..........................................................


THE MITCHELL SD CLIMATE NORMALS FOR TODAY
                         NORMAL    RECORD    YEAR
 MAXIMUM TEMPERATURE (F)   82       108      1973
 MINIMUM TEMPERATURE (F)   59        41      1964
                                             1911


SUNRISE AND SUNSET
AUGUST 25 2015........SUNRISE   648 AM CDT   SUNSET   820 PM CDT
AUGUST 26 2015........SUNRISE   649 AM CDT   SUNSET   818 PM CDT


-  INDICATES NEGATIVE NUMBERS.
R  INDICATES RECORD WAS SET OR TIED.
MM INDICATES DATA IS MISSING.
T  INDICATES TRACE AMOUNT.




$$
