000
CDUS43 KFSD 162225
CLIMHE


CLIMATE REPORT
NATIONAL WEATHER SERVICE SIOUX FALLS SD
525 PM CDT TUE AUG 16 2016


...................................

...THE MITCHELL SD CLIMATE SUMMARY FOR AUGUST 16 2016...
VALID TODAY AS OF 0500 PM LOCAL TIME.

CLIMATE NORMAL PERIOD 1981 TO 2010
CLIMATE RECORD PERIOD 1893 TO 2016


WEATHER ITEM   OBSERVED TIME   RECORD YEAR NORMAL DEPARTURE LAST
                VALUE   (LST)  VALUE       VALUE  FROM      YEAR
                                                  NORMAL
..................................................................
TEMPERATURE (F)
 TODAY
  MAXIMUM         87    359 PM 102    1988  83      4       79
                                      1935
                                      1906
  MINIMUM         63    348 AM  38    1897  61      2       60
  AVERAGE         75                        72      3       70

PRECIPITATION (IN)
  TODAY            0.00          1.68 1980   0.08  -0.08     0.02
  MONTH TO DATE    1.78                      1.27   0.51     1.65
  SINCE JUN 1      5.36                      8.51  -3.15     7.83
  SINCE JAN 1     17.88                     15.24   2.64    14.92

SNOWFALL (IN)
  TODAY            0.0           0.0    MM  MM     MM        0.0
  MONTH TO DATE    0.0                      MM     MM        0.0
  SINCE JUN 1      0.0                      MM     MM        0.0
  SINCE JUL 1      0.0                      MM     MM        0.0
  SNOW DEPTH       0

DEGREE DAYS
 HEATING
  TODAY            0                         0      0        0
  MONTH TO DATE    0                         0      0        0
  SINCE JUN 1      7                        40    -33        5
  SINCE JUL 1      3                         5     -2        2

 COOLING
  TODAY           10                         8      2        5
  MONTH TO DATE  165                       135     30      153
  SINCE JUN 1    780                       613    167      643
  SINCE JAN 1    824                       653    171      674
..................................................................


WIND (MPH)
  HIGHEST WIND SPEED    10   HIGHEST WIND DIRECTION     S (160)
  HIGHEST GUST SPEED    13   HIGHEST GUST DIRECTION     S (170)
  AVERAGE WIND SPEED     3.9


SKY COVER
  POSSIBLE SUNSHINE  MM
  AVERAGE SKY COVER 0.0


WEATHER CONDITIONS
 THE FOLLOWING WEATHER WAS RECORDED TODAY.
  FOG


RELATIVE HUMIDITY (PERCENT)
 HIGHEST   100           500 AM
 LOWEST     46           400 PM
 AVERAGE    73

..........................................................


THE MITCHELL SD CLIMATE NORMALS FOR TOMORROW
                         NORMAL    RECORD    YEAR
 MAXIMUM TEMPERATURE (F)   83       102      1936
 MINIMUM TEMPERATURE (F)   61        40      1943
                                             1897


SUNRISE AND SUNSET
AUGUST 16 2016........SUNRISE   638 AM CDT   SUNSET   834 PM CDT
AUGUST 17 2016........SUNRISE   639 AM CDT   SUNSET   832 PM CDT


-  INDICATES NEGATIVE NUMBERS.
R  INDICATES RECORD WAS SET OR TIED.
MM INDICATES DATA IS MISSING.
T  INDICATES TRACE AMOUNT.




$$
