000
CDUS43 KFSD 190634
CLIMHE


CLIMATE REPORT
NATIONAL WEATHER SERVICE SIOUX FALLS SD
133 AM CDT TUE AUG 19 2014


...................................

...THE MITCHELL SD CLIMATE SUMMARY FOR AUGUST 18 2014...

CLIMATE NORMAL PERIOD 1981 TO 2010
CLIMATE RECORD PERIOD 1893 TO 2014


WEATHER ITEM   OBSERVED TIME   RECORD YEAR NORMAL DEPARTURE LAST
                VALUE   (LST)  VALUE       VALUE  FROM      YEAR
                                                  NORMAL
..................................................................
TEMPERATURE (F)
 YESTERDAY
  MAXIMUM         88    256 PM 103    1934  83      5       82
  MINIMUM         57    602 AM  44    2002  61     -4       62
                                      1966
  AVERAGE         73                        72      1       72

PRECIPITATION (IN)
  YESTERDAY        0.00          1.34 2006   0.09  -0.09     0.00
  MONTH TO DATE    1.69                      1.45   0.24     2.54
  SINCE JUN 1      7.24                      8.69  -1.45     8.54
  SINCE JAN 1     11.97                     15.42  -3.45    18.49

SNOWFALL (IN)
  YESTERDAY        0.0           0.0    MM  MM     MM        0.0
  MONTH TO DATE    0.0                      MM     MM        0.0
  SINCE JUN 1      0.0                      MM     MM        0.0
  SINCE JUL 1      0.0                      MM     MM        0.0
  SNOW DEPTH       0

DEGREE DAYS
 HEATING
  YESTERDAY        0                         0      0        0
  MONTH TO DATE    0                         0      0        3
  SINCE JUN 1     35                        40     -5       73
  SINCE JUL 1      9                         5      4       23

 COOLING
  YESTERDAY        8                         7      1        7
  MONTH TO DATE  109                       149    -40       65
  SINCE JUN 1    483                       627   -144      520
  SINCE JAN 1    561                       667   -106      577
..................................................................


WIND (MPH)
  HIGHEST WIND SPEED    21   HIGHEST WIND DIRECTION    NW (310)
  HIGHEST GUST SPEED    29   HIGHEST GUST DIRECTION    NW (300)
  AVERAGE WIND SPEED     7.0


SKY COVER
  POSSIBLE SUNSHINE  MM
  AVERAGE SKY COVER 0.0


WEATHER CONDITIONS
 THE FOLLOWING WEATHER WAS RECORDED YESTERDAY.
  NO SIGNIFICANT WEATHER WAS OBSERVED.


RELATIVE HUMIDITY (PERCENT)
 HIGHEST    97           400 AM
 LOWEST     40           300 PM
 AVERAGE    69

..........................................................


THE MITCHELL SD CLIMATE NORMALS FOR TODAY
                         NORMAL    RECORD    YEAR
 MAXIMUM TEMPERATURE (F)   83       101      1906
 MINIMUM TEMPERATURE (F)   61        44      2002
                                             1967


SUNRISE AND SUNSET
AUGUST 19 2014........SUNRISE   641 AM CDT   SUNSET   830 PM CDT
AUGUST 20 2014........SUNRISE   642 AM CDT   SUNSET   828 PM CDT


-  INDICATES NEGATIVE NUMBERS.
R  INDICATES RECORD WAS SET OR TIED.
MM INDICATES DATA IS MISSING.
T  INDICATES TRACE AMOUNT.




$$
