313
CDUS43 KFSD 160702
CLIMHE


CLIMATE REPORT
NATIONAL WEATHER SERVICE SIOUX FALLS SD
1252 AM CST THU NOV 16 2017


...................................

...THE MITCHELL SD CLIMATE SUMMARY FOR NOVEMBER 15 2017...

CLIMATE NORMAL PERIOD 1981 TO 2010
CLIMATE RECORD PERIOD 1893 TO 2017


WEATHER ITEM   OBSERVED TIME   RECORD YEAR NORMAL DEPARTURE LAST
                VALUE   (LST)  VALUE       VALUE  FROM      YEAR
                                                  NORMAL
..................................................................
TEMPERATURE (F)
 YESTERDAY
  MAXIMUM         40    234 AM  81    1953  45     -5       66
  MINIMUM         18   1155 PM   0    1940  24     -6       36
  AVERAGE         29                        34     -5       51

PRECIPITATION (IN)
  YESTERDAY        0.00          0.38 1947   0.02  -0.02     0.00
  MONTH TO DATE    0.10                      0.51  -0.41      T
  SINCE SEP 1      5.78                      4.45   1.33     4.10
  SINCE JAN 1     19.60                     20.80  -1.20    23.51

SNOWFALL (IN)
  YESTERDAY        0.0           4.7  2014  MM     MM        0.0
  MONTH TO DATE    1.2                      MM     MM        0.0
  SINCE SEP 1      1.2                      MM     MM         T
  SINCE JUL 1      1.2                      MM     MM         T
  SNOW DEPTH       0

DEGREE DAYS
 HEATING
  YESTERDAY       36                        31      5       14
  MONTH TO DATE  466                       397     69      197
  SINCE SEP 1   1004                      1021    -17      640
  SINCE JUL 1   1006                      1038    -32      648

 COOLING
  YESTERDAY        0                         0      0        0
  MONTH TO DATE    0                         0      0        0
  SINCE SEP 1    120                        79     41      104
  SINCE JAN 1    890                       824     66     1036
..................................................................


WIND (MPH)
  HIGHEST WIND SPEED    30   HIGHEST WIND DIRECTION    NW (330)
  HIGHEST GUST SPEED    39   HIGHEST GUST DIRECTION    NW (330)
  AVERAGE WIND SPEED    12.7


SKY COVER
  POSSIBLE SUNSHINE  MM
  AVERAGE SKY COVER 0.2


WEATHER CONDITIONS
 THE FOLLOWING WEATHER WAS RECORDED YESTERDAY.
  NO SIGNIFICANT WEATHER WAS OBSERVED.


RELATIVE HUMIDITY (PERCENT)
 HIGHEST    89           600 AM
 LOWEST     44           200 PM
 AVERAGE    67

..........................................................


THE MITCHELL SD CLIMATE NORMALS FOR TODAY
                         NORMAL    RECORD    YEAR
 MAXIMUM TEMPERATURE (F)   44        75      1941
 MINIMUM TEMPERATURE (F)   24        -7      1959


SUNRISE AND SUNSET
NOVEMBER 16 2017......SUNRISE   728 AM CST   SUNSET   505 PM CST
NOVEMBER 17 2017......SUNRISE   729 AM CST   SUNSET   504 PM CST


-  INDICATES NEGATIVE NUMBERS.
R  INDICATES RECORD WAS SET OR TIED.
MM INDICATES DATA IS MISSING.
T  INDICATES TRACE AMOUNT.




$$
