000
CDUS43 KFSD 270622
CLIMHE


CLIMATE REPORT
NATIONAL WEATHER SERVICE SIOUX FALLS SD
1222 AM CST TUE JAN 27 2015


...................................

...THE MITCHELL SD CLIMATE SUMMARY FOR JANUARY 26 2015...

CLIMATE NORMAL PERIOD 1981 TO 2010
CLIMATE RECORD PERIOD 1893 TO 2015


WEATHER ITEM   OBSERVED TIME   RECORD YEAR NORMAL DEPARTURE LAST
                VALUE   (LST)  VALUE       VALUE  FROM      YEAR
                                                  NORMAL
..................................................................
TEMPERATURE (F)
 YESTERDAY
  MAXIMUM         53    355 PM  63    2006  29     24       48
  MINIMUM         32   1139 PM -28    1897  10     22       -1
  AVERAGE         43                        19     24       24

PRECIPITATION (IN)
  YESTERDAY        0.00          0.27 1997   0.01  -0.01      T
  MONTH TO DATE    0.40                      0.19   0.21     0.06
  SINCE DEC 1      1.62                      0.64   0.98     0.71
  SINCE JAN 1      0.40                      0.19   0.21     0.06

SNOWFALL (IN)
  YESTERDAY        0.0           4.0  1997  MM     MM         T
  MONTH TO DATE    5.2                      MM     MM        0.4
  SINCE DEC 1     12.9                      MM     MM       11.8
  SINCE JUL 1     18.5                      MM     MM       15.8
  SNOW DEPTH       0

DEGREE DAYS
 HEATING
  YESTERDAY       22                        46    -24       41
  MONTH TO DATE 1151                      1207    -56     1187
  SINCE DEC 1   2376                      2574   -198     2793
  SINCE JUL 1   4032                      4142   -110     4301

 COOLING
  YESTERDAY        0                         0      0        0
  MONTH TO DATE    0                         0      0        0
  SINCE DEC 1      0                         0      0        0
  SINCE JAN 1      0                         0      0        0
..................................................................


WIND (MPH)
  HIGHEST WIND SPEED    23   HIGHEST WIND DIRECTION    NW (320)
  HIGHEST GUST SPEED    29   HIGHEST GUST DIRECTION    NW (320)
  AVERAGE WIND SPEED    10.8


SKY COVER
  POSSIBLE SUNSHINE  MM
  AVERAGE SKY COVER 0.0


WEATHER CONDITIONS
 THE FOLLOWING WEATHER WAS RECORDED YESTERDAY.
  NO SIGNIFICANT WEATHER WAS OBSERVED.


RELATIVE HUMIDITY (PERCENT)
 HIGHEST    96          1200 AM
 LOWEST     54           300 PM
 AVERAGE    75

..........................................................


THE MITCHELL SD CLIMATE NORMALS FOR TODAY
                         NORMAL    RECORD    YEAR
 MAXIMUM TEMPERATURE (F)   29        66      1989
 MINIMUM TEMPERATURE (F)   10       -25      1897


SUNRISE AND SUNSET
JANUARY 27 2015.......SUNRISE   754 AM CST   SUNSET   536 PM CST
JANUARY 28 2015.......SUNRISE   753 AM CST   SUNSET   537 PM CST


-  INDICATES NEGATIVE NUMBERS.
R  INDICATES RECORD WAS SET OR TIED.
MM INDICATES DATA IS MISSING.
T  INDICATES TRACE AMOUNT.




$$
