000
CDUS43 KFSD 090900
CLIMHE


CLIMATE REPORT
NATIONAL WEATHER SERVICE SIOUX FALLS SD
359 AM CDT MON OCT 9 2017


...................................

...THE MITCHELL SD CLIMATE SUMMARY FOR OCTOBER 8 2017...

CLIMATE NORMAL PERIOD 1981 TO 2010
CLIMATE RECORD PERIOD 1893 TO 2017


WEATHER ITEM   OBSERVED TIME   RECORD YEAR NORMAL DEPARTURE LAST
                VALUE   (LST)  VALUE       VALUE  FROM      YEAR
                                                  NORMAL
..................................................................
TEMPERATURE (F)
 YESTERDAY
  MAXIMUM         66    323 PM  89    1980  66      0       61
  MINIMUM         46   1045 PM  17    2000  40      6       34
  AVERAGE         56                        53      3       48

PRECIPITATION (IN)
  YESTERDAY        0.00          1.03 1959   0.07  -0.07     0.00
  MONTH TO DATE    2.86                      0.52   2.34     1.87
  SINCE SEP 1      5.47                      2.84   2.63     4.02
  SINCE JAN 1     19.29                     19.19   0.10    23.43

SNOWFALL (IN)
  YESTERDAY        0.0           T    1970  MM     MM        0.0
  MONTH TO DATE    0.0                      MM     MM         T
  SINCE SEP 1      0.0                      MM     MM         T
  SINCE JUL 1      0.0                      MM     MM         T
  SNOW DEPTH       0

DEGREE DAYS
 HEATING
  YESTERDAY        9                        13     -4       17
  MONTH TO DATE   67                        90    -23       80
  SINCE SEP 1    161                       231    -70      156
  SINCE JUL 1    163                       248    -85      164

 COOLING
  YESTERDAY        0                         0      0        0
  MONTH TO DATE    5                         7     -2        4
  SINCE SEP 1    118                        79     39      103
  SINCE JAN 1    888                       824     64     1035
..................................................................


WIND (MPH)
  HIGHEST WIND SPEED    23   HIGHEST WIND DIRECTION     N (350)
  HIGHEST GUST SPEED    33   HIGHEST GUST DIRECTION     N (350)
  AVERAGE WIND SPEED    13.2


SKY COVER
  POSSIBLE SUNSHINE  MM
  AVERAGE SKY COVER 0.0


WEATHER CONDITIONS
 THE FOLLOWING WEATHER WAS RECORDED YESTERDAY.
  HAZE


RELATIVE HUMIDITY (PERCENT)
 HIGHEST    93           400 AM
 LOWEST     30           400 PM
 AVERAGE    62

..........................................................


THE MITCHELL SD CLIMATE NORMALS FOR TODAY
                         NORMAL    RECORD    YEAR
 MAXIMUM TEMPERATURE (F)   65        91      1928
 MINIMUM TEMPERATURE (F)   40        19      1964


SUNRISE AND SUNSET
OCTOBER  9 2017.......SUNRISE   740 AM CDT   SUNSET   658 PM CDT
OCTOBER 10 2017.......SUNRISE   741 AM CDT   SUNSET   657 PM CDT


-  INDICATES NEGATIVE NUMBERS.
R  INDICATES RECORD WAS SET OR TIED.
MM INDICATES DATA IS MISSING.
T  INDICATES TRACE AMOUNT.




$$
