000
CDUS43 KFSD 140621
CLIMHE


CLIMATE REPORT
NATIONAL WEATHER SERVICE SIOUX FALLS SD
121 AM CDT SUN AUG 14 2016


...................................

...THE MITCHELL SD CLIMATE SUMMARY FOR AUGUST 13 2016...

CLIMATE NORMAL PERIOD 1981 TO 2010
CLIMATE RECORD PERIOD 1893 TO 2016


WEATHER ITEM   OBSERVED TIME   RECORD YEAR NORMAL DEPARTURE LAST
                VALUE   (LST)  VALUE       VALUE  FROM      YEAR
                                                  NORMAL
..................................................................
TEMPERATURE (F)
 YESTERDAY
  MAXIMUM         84    338 PM 105    1938  84      0       84
  MINIMUM         61    529 AM  41    1964  62     -1       68
  AVERAGE         73                        73      0       76

PRECIPITATION (IN)
  YESTERDAY        0.00          1.81 1966   0.09  -0.09     0.01
  MONTH TO DATE    1.43                      1.02   0.41     1.63
  SINCE JUN 1      5.01                      8.26  -3.25     7.81
  SINCE JAN 1     17.53                     14.99   2.54    14.90

SNOWFALL (IN)
  YESTERDAY        0.0           0.0    MM  MM     MM        0.0
  MONTH TO DATE    0.0                      MM     MM        0.0
  SINCE JUN 1      0.0                      MM     MM        0.0
  SINCE JUL 1      0.0                      MM     MM        0.0
  SNOW DEPTH       0

DEGREE DAYS
 HEATING
  YESTERDAY        0                         0      0        0
  MONTH TO DATE    0                         0      0        0
  SINCE JUN 1      7                        40    -33        5
  SINCE JUL 1      3                         5     -2        2

 COOLING
  YESTERDAY        8                         8      0       11
  MONTH TO DATE  140                       111     29      117
  SINCE JUN 1    755                       589    166      607
  SINCE JAN 1    799                       629    170      638
..................................................................


WIND (MPH)
  HIGHEST WIND SPEED    17   HIGHEST WIND DIRECTION    NW (310)
  HIGHEST GUST SPEED    23   HIGHEST GUST DIRECTION    NW (310)
  AVERAGE WIND SPEED     6.7


SKY COVER
  POSSIBLE SUNSHINE  MM
  AVERAGE SKY COVER 0.1


WEATHER CONDITIONS
 THE FOLLOWING WEATHER WAS RECORDED YESTERDAY.
  NO SIGNIFICANT WEATHER WAS OBSERVED.


RELATIVE HUMIDITY (PERCENT)
 HIGHEST    93           400 AM
 LOWEST     37           500 PM
 AVERAGE    65

..........................................................


THE MITCHELL SD CLIMATE NORMALS FOR TODAY
                         NORMAL    RECORD    YEAR
 MAXIMUM TEMPERATURE (F)   84       102      1937
                                             1935
 MINIMUM TEMPERATURE (F)   61        42      1929


SUNRISE AND SUNSET
AUGUST 14 2016........SUNRISE   636 AM CDT   SUNSET   837 PM CDT
AUGUST 15 2016........SUNRISE   637 AM CDT   SUNSET   835 PM CDT


-  INDICATES NEGATIVE NUMBERS.
R  INDICATES RECORD WAS SET OR TIED.
MM INDICATES DATA IS MISSING.
T  INDICATES TRACE AMOUNT.




$$
