000
CDUS43 KFSD 150650
CLIMHE


CLIMATE REPORT
NATIONAL WEATHER SERVICE SIOUX FALLS SD
149 AM CDT FRI SEP 15 2017


...................................

...THE MITCHELL SD CLIMATE SUMMARY FOR SEPTEMBER 14 2017...

CLIMATE NORMAL PERIOD 1981 TO 2010
CLIMATE RECORD PERIOD 1893 TO 2017


WEATHER ITEM   OBSERVED TIME   RECORD YEAR NORMAL DEPARTURE LAST
                VALUE   (LST)  VALUE       VALUE  FROM      YEAR
                                                  NORMAL
..................................................................
TEMPERATURE (F)
 YESTERDAY
  MAXIMUM         89    424 PM 100    1939  77     12       72
  MINIMUM         59    502 AM  33    1903  50      9       38
  AVERAGE         74                        64     10       55

PRECIPITATION (IN)
  YESTERDAY        0.00          2.25 1936   0.08  -0.08     0.00
  MONTH TO DATE    0.13                      1.11  -0.98     1.71
  SINCE SEP 1      0.13                      1.11  -0.98     1.71
  SINCE JAN 1     13.95                     17.46  -3.51    21.12

SNOWFALL (IN)
  YESTERDAY        0.0           0.0    MM  MM     MM        0.0
  MONTH TO DATE    0.0                      MM     MM        0.0
  SINCE SEP 1      0.0                      MM     MM        0.0
  SINCE JUL 1      0.0                      MM     MM        0.0
  SNOW DEPTH       0

DEGREE DAYS
 HEATING
  YESTERDAY        0                         4     -4       10
  MONTH TO DATE   16                        36    -20       35
  SINCE SEP 1     16                        36    -20       35
  SINCE JUL 1     18                        53    -35       43

 COOLING
  YESTERDAY        9                         2      7        0
  MONTH TO DATE   78                        53     25       47
  SINCE SEP 1     78                        53     25       47
  SINCE JAN 1    848                       798     50      979
..................................................................


WIND (MPH)
  HIGHEST WIND SPEED    13   HIGHEST WIND DIRECTION     N (350)
  HIGHEST GUST SPEED    19   HIGHEST GUST DIRECTION     N (350)
  AVERAGE WIND SPEED     5.3


SKY COVER
  POSSIBLE SUNSHINE  MM
  AVERAGE SKY COVER 0.0


WEATHER CONDITIONS
 THE FOLLOWING WEATHER WAS RECORDED YESTERDAY.
  NO SIGNIFICANT WEATHER WAS OBSERVED.


RELATIVE HUMIDITY (PERCENT)
 HIGHEST    93           200 AM
 LOWEST     39           300 PM
 AVERAGE    66

..........................................................


THE MITCHELL SD CLIMATE NORMALS FOR TODAY
                         NORMAL    RECORD    YEAR
 MAXIMUM TEMPERATURE (F)   76       103      1955
 MINIMUM TEMPERATURE (F)   50        29      1916


SUNRISE AND SUNSET
SEPTEMBER 15 2017.....SUNRISE   712 AM CDT   SUNSET   742 PM CDT
SEPTEMBER 16 2017.....SUNRISE   713 AM CDT   SUNSET   740 PM CDT


-  INDICATES NEGATIVE NUMBERS.
R  INDICATES RECORD WAS SET OR TIED.
MM INDICATES DATA IS MISSING.
T  INDICATES TRACE AMOUNT.




$$
