000
CDUS43 KFSD 252233
CLIMHE


CLIMATE REPORT
NATIONAL WEATHER SERVICE SIOUX FALLS SD
530 PM CDT WED MAY 25 2016


...................................

...THE MITCHELL SD CLIMATE SUMMARY FOR MAY 25 2016...
VALID TODAY AS OF 0500 PM LOCAL TIME.

CLIMATE NORMAL PERIOD 1981 TO 2010
CLIMATE RECORD PERIOD 1893 TO 2016


WEATHER ITEM   OBSERVED TIME   RECORD YEAR NORMAL DEPARTURE LAST
                VALUE   (LST)  VALUE       VALUE  FROM      YEAR
                                                  NORMAL
..................................................................
TEMPERATURE (F)
 TODAY
  MAXIMUM         77    359 PM 104    1967  73      4       69
  MINIMUM         60    513 AM  30    1901  51      9       56
  AVERAGE         69                        62      7       63

PRECIPITATION (IN)
  TODAY            0.51          2.30 1909   0.12   0.39     0.01
  MONTH TO DATE    2.67                      2.04   0.63     4.46
  SINCE MAR 1      9.40                      5.28   4.12     6.01
  SINCE JAN 1     10.63                      5.84   4.79     6.78

SNOWFALL (IN)
  TODAY            0.0           0.0    MM  MM     MM        0.0
  MONTH TO DATE    0.0                      MM     MM        0.0
  SINCE MAR 1      3.9                      MM     MM        0.7
  SINCE JUL 1     46.3                      MM     MM       22.6
  SNOW DEPTH       0

DEGREE DAYS
 HEATING
  TODAY            0                         4     -4        2
  MONTH TO DATE  161                       187    -26      188
  SINCE MAR 1   1354                      1665   -311     1352
  SINCE JUL 1   6143                      7187  -1044     6842

 COOLING
  TODAY            4                         2      2        0
  MONTH TO DATE   27                        24      3       11
  SINCE MAR 1     31                        26      5       17
  SINCE JAN 1     31                        26      5       17
..................................................................


WIND (MPH)
  HIGHEST WIND SPEED    32   HIGHEST WIND DIRECTION     S (180)
  HIGHEST GUST SPEED    48   HIGHEST GUST DIRECTION     S (180)
  AVERAGE WIND SPEED     9.1


SKY COVER
  POSSIBLE SUNSHINE  MM
  AVERAGE SKY COVER 0.5


WEATHER CONDITIONS
 THE FOLLOWING WEATHER WAS RECORDED TODAY.
  THUNDERSTORM
  HEAVY RAIN
  RAIN
  LIGHT RAIN
  FOG


RELATIVE HUMIDITY (PERCENT)
 HIGHEST    93           600 AM
 LOWEST     60           400 PM
 AVERAGE    77

..........................................................


THE MITCHELL SD CLIMATE NORMALS FOR TOMORROW
                         NORMAL    RECORD    YEAR
 MAXIMUM TEMPERATURE (F)   74       102      1967
 MINIMUM TEMPERATURE (F)   51        32      1971


SUNRISE AND SUNSET
MAY 25 2016...........SUNRISE   557 AM CDT   SUNSET   902 PM CDT
MAY 26 2016...........SUNRISE   556 AM CDT   SUNSET   903 PM CDT


-  INDICATES NEGATIVE NUMBERS.
R  INDICATES RECORD WAS SET OR TIED.
MM INDICATES DATA IS MISSING.
T  INDICATES TRACE AMOUNT.




$$
