000
CDUS43 KFSD 152240
CLIMHE


CLIMATE REPORT
NATIONAL WEATHER SERVICE SIOUX FALLS SD
440 PM CST SAT NOV 15 2014


...................................

...THE MITCHELL SD CLIMATE SUMMARY FOR NOVEMBER 15 2014...
VALID TODAY AS OF 0400 PM LOCAL TIME.

CLIMATE NORMAL PERIOD 1981 TO 2010
CLIMATE RECORD PERIOD 1893 TO 2014


WEATHER ITEM   OBSERVED TIME   RECORD YEAR NORMAL DEPARTURE LAST
                VALUE   (LST)  VALUE       VALUE  FROM      YEAR
                                                  NORMAL
..................................................................
TEMPERATURE (F)
 TODAY
  MAXIMUM         24    156 PM  81    1953  45    -21       59
  MINIMUM         18    359 PM   0    1940  24     -6       26
  AVERAGE         21                        34    -13       43

PRECIPITATION (IN)
  TODAY           MM             0.38 1947   0.02  MM        0.00
  MONTH TO DATE    0.16                      0.51  -0.35     0.34
  SINCE SEP 1      2.54                      4.45  -1.91     7.12
  SINCE JAN 1     17.64                     20.80  -3.16    25.61

SNOWFALL (IN)
  TODAY            4.6 R         4.0  1985  MM     MM        0.0
                                      1956
                                      1947
  MONTH TO DATE    5.0                      MM     MM        3.4
  SINCE SEP 1      5.0                      MM     MM        3.4
  SINCE JUL 1      5.0                      MM     MM        3.4
  SNOW DEPTH       0

DEGREE DAYS
 HEATING
  TODAY           44                        31     13       22
  MONTH TO DATE  467                       397     70      397
  SINCE SEP 1    995                      1021    -26      957
  SINCE JUL 1   1007                      1038    -31      980

 COOLING
  TODAY            0                         0      0        0
  MONTH TO DATE    0                         0      0        0
  SINCE SEP 1     78                        79     -1      165
  SINCE JAN 1    724                       824   -100      946
..................................................................


WIND (MPH)
  HIGHEST WIND SPEED    21   HIGHEST WIND DIRECTION    NW (330)
  HIGHEST GUST SPEED    24   HIGHEST GUST DIRECTION    NW (330)
  AVERAGE WIND SPEED     9.3


SKY COVER
  POSSIBLE SUNSHINE  MM
  AVERAGE SKY COVER 1.0


WEATHER CONDITIONS
 THE FOLLOWING WEATHER WAS RECORDED TODAY.
  SNOW
  LIGHT SNOW
  FOG
  FOG W/VISIBILITY <= 1/4 MILE
  HAZE


RELATIVE HUMIDITY (PERCENT)
 HIGHEST    92           800 AM
 LOWEST     57          1200 AM
 AVERAGE    75

..........................................................


THE MITCHELL SD CLIMATE NORMALS FOR TOMORROW
                         NORMAL    RECORD    YEAR
 MAXIMUM TEMPERATURE (F)   44        75      1941
 MINIMUM TEMPERATURE (F)   24        -7      1959


SUNRISE AND SUNSET
NOVEMBER 15 2014......SUNRISE   727 AM CST   SUNSET   507 PM CST
NOVEMBER 16 2014......SUNRISE   728 AM CST   SUNSET   506 PM CST


-  INDICATES NEGATIVE NUMBERS.
R  INDICATES RECORD WAS SET OR TIED.
MM INDICATES DATA IS MISSING.
T  INDICATES TRACE AMOUNT.




$$
