420
CDUS43 KFSD 160629
CLIMHE


CLIMATE REPORT
NATIONAL WEATHER SERVICE SIOUX FALLS SD
1228 AM CST THU FEB 16 2017


...................................

...THE MITCHELL SD CLIMATE SUMMARY FOR FEBRUARY 15 2017...

CLIMATE NORMAL PERIOD 1981 TO 2010
CLIMATE RECORD PERIOD 1893 TO 2017


WEATHER ITEM   OBSERVED TIME   RECORD YEAR NORMAL DEPARTURE LAST
                VALUE   (LST)  VALUE       VALUE  FROM      YEAR
                                                  NORMAL
..................................................................
TEMPERATURE (F)
 YESTERDAY
  MAXIMUM         49    451 PM  66    1921  34     15       44
  MINIMUM         24    719 AM -21    1936  14     10       22
                                      1909
                                      1903
  AVERAGE         37                        24     13       33

PRECIPITATION (IN)
  YESTERDAY        0.00          0.46 1969   0.01  -0.01     0.06
  MONTH TO DATE    0.18                      0.19  -0.01     0.24
  SINCE DEC 1      2.05                      0.86   1.19     1.72
  SINCE JAN 1      0.94                      0.41   0.53     0.69

SNOWFALL (IN)
  YESTERDAY        0.0           6.0  1990  MM     MM        0.0
                                      1938
  MONTH TO DATE    T                        MM     MM        2.7
  SINCE DEC 1     17.5                      MM     MM       23.8
  SINCE JUL 1     23.0                      MM     MM       37.0
  SNOW DEPTH       0

DEGREE DAYS
 HEATING
  YESTERDAY       28                        41    -13       32
  MONTH TO DATE  557                       648    -91      603
  SINCE DEC 1   3312                      3447   -135     3221
  SINCE JUL 1   4406                      5015   -609     4404

 COOLING
  YESTERDAY        0                         0      0        0
  MONTH TO DATE    0                         0      0        0
  SINCE DEC 1      0                         0      0        0
  SINCE JAN 1      0                         0      0        0
..................................................................


WIND (MPH)
  HIGHEST WIND SPEED    18   HIGHEST WIND DIRECTION     S (170)
  HIGHEST GUST SPEED    25   HIGHEST GUST DIRECTION     S (160)
  AVERAGE WIND SPEED     8.9


SKY COVER
  POSSIBLE SUNSHINE  MM
  AVERAGE SKY COVER 0.0


WEATHER CONDITIONS
 THE FOLLOWING WEATHER WAS RECORDED YESTERDAY.
  NO SIGNIFICANT WEATHER WAS OBSERVED.


RELATIVE HUMIDITY (PERCENT)
 HIGHEST   100           800 AM
 LOWEST     65           100 PM
 AVERAGE    83

..........................................................


THE MITCHELL SD CLIMATE NORMALS FOR TODAY
                         NORMAL    RECORD    YEAR
 MAXIMUM TEMPERATURE (F)   34        64      1981
 MINIMUM TEMPERATURE (F)   14       -34      1936


SUNRISE AND SUNSET
FEBRUARY 16 2017......SUNRISE   729 AM CST   SUNSET   604 PM CST
FEBRUARY 17 2017......SUNRISE   727 AM CST   SUNSET   605 PM CST


-  INDICATES NEGATIVE NUMBERS.
R  INDICATES RECORD WAS SET OR TIED.
MM INDICATES DATA IS MISSING.
T  INDICATES TRACE AMOUNT.




$$
