903
CDUS43 KFSD 122228
CLIMHE


CLIMATE REPORT
NATIONAL WEATHER SERVICE SIOUX FALLS SD
428 PM CST FRI JAN 12 2018


...................................

...THE MITCHELL SD CLIMATE SUMMARY FOR JANUARY 12 2018...
VALID TODAY AS OF 0400 PM LOCAL TIME.

CLIMATE NORMAL PERIOD 1981 TO 2010
CLIMATE RECORD PERIOD 1893 TO 2018


WEATHER ITEM   OBSERVED TIME   RECORD YEAR NORMAL DEPARTURE LAST
                VALUE   (LST)  VALUE       VALUE  FROM      YEAR
                                                  NORMAL
..................................................................
TEMPERATURE (F)
 TODAY
  MAXIMUM          7    340 PM  53    1987  28    -21       16
                                      1953
  MINIMUM         -5    613 AM -37    1912   9    -14       -4
  AVERAGE          1                        18    -17        6

PRECIPITATION (IN)
  TODAY            0.00          0.31 1968   0.00   0.00     0.00
  MONTH TO DATE    0.07                      0.08  -0.01     0.10
  SINCE DEC 1      0.69                      0.53   0.16     1.21
  SINCE JAN 1      0.07                      0.08  -0.01     0.10

SNOWFALL (IN)
  TODAY            0.0           8.0  1979  MM     MM        0.0
  MONTH TO DATE    1.0                      MM     MM        1.4
  SINCE DEC 1     11.5                      MM     MM        9.5
  SINCE JUL 1     12.7                      MM     MM       15.0
  SNOW DEPTH       4

DEGREE DAYS
 HEATING
  TODAY           64                        47     17       59
  MONTH TO DATE  622                       561     61      652
  SINCE DEC 1   1916                      1928    -12     2040
  SINCE JUL 1   3305                      3496   -191     3134

 COOLING
  TODAY            0                         0      0        0
  MONTH TO DATE    0                         0      0        0
  SINCE DEC 1      0                         0      0        0
  SINCE JAN 1      0                         0      0        0
..................................................................


WIND (MPH)
  HIGHEST WIND SPEED    13   HIGHEST WIND DIRECTION    NE (30)
  HIGHEST GUST SPEED    16   HIGHEST GUST DIRECTION     N (360)
  AVERAGE WIND SPEED     8.7


SKY COVER
  POSSIBLE SUNSHINE  MM
  AVERAGE SKY COVER 0.7


WEATHER CONDITIONS
 THE FOLLOWING WEATHER WAS RECORDED TODAY.
  NO SIGNIFICANT WEATHER WAS OBSERVED.


RELATIVE HUMIDITY (PERCENT)
 HIGHEST    82           500 AM
 LOWEST     63           400 PM
 AVERAGE    73

..........................................................


THE MITCHELL SD CLIMATE NORMALS FOR TOMORROW
                         NORMAL    RECORD    YEAR
 MAXIMUM TEMPERATURE (F)   28        63      1987
 MINIMUM TEMPERATURE (F)    9       -37      1916


SUNRISE AND SUNSET
JANUARY 12 2018.......SUNRISE   804 AM CST   SUNSET   517 PM CST
JANUARY 13 2018.......SUNRISE   804 AM CST   SUNSET   518 PM CST


-  INDICATES NEGATIVE NUMBERS.
R  INDICATES RECORD WAS SET OR TIED.
MM INDICATES DATA IS MISSING.
T  INDICATES TRACE AMOUNT.




$$
