000
CDUS43 KFSD 060621
CLIMHE


CLIMATE REPORT
NATIONAL WEATHER SERVICE SIOUX FALLS SD
120 AM CDT SUN AUG 6 2017


...................................

...THE MITCHELL SD CLIMATE SUMMARY FOR AUGUST 5 2017...

CLIMATE NORMAL PERIOD 1981 TO 2010
CLIMATE RECORD PERIOD 1893 TO 2017


WEATHER ITEM   OBSERVED TIME   RECORD YEAR NORMAL DEPARTURE LAST
                VALUE   (LST)  VALUE       VALUE  FROM      YEAR
                                                  NORMAL
..................................................................
TEMPERATURE (F)
 YESTERDAY
  MAXIMUM         72    321 PM 104    1937  85    -13       83
  MINIMUM         59    305 AM  40    1974  62     -3       57
  AVERAGE         66                        74     -8       70

PRECIPITATION (IN)
  YESTERDAY        0.02          3.29 2000   0.08  -0.06     0.00
  MONTH TO DATE    0.19                      0.33  -0.14     0.41
  SINCE JUN 1      3.96                      7.57  -3.61     3.99
  SINCE JAN 1     10.98                     14.30  -3.32    16.51

SNOWFALL (IN)
  YESTERDAY        0.0           0.0    MM  MM     MM        0.0
  MONTH TO DATE    0.0                      MM     MM        0.0
  SINCE JUN 1      0.0                      MM     MM        0.0
  SINCE JUL 1      0.0                      MM     MM        0.0
  SNOW DEPTH       0

DEGREE DAYS
 HEATING
  YESTERDAY        0                         0      0        0
  MONTH TO DATE    1                         0      1        0
  SINCE JUN 1     13                        40    -27        7
  SINCE JUL 1      1                         5     -4        3

 COOLING
  YESTERDAY        1                         9     -8        5
  MONTH TO DATE   15                        45    -30       53
  SINCE JUN 1    627                       523    104      668
  SINCE JAN 1    659                       563     96      712
..................................................................


WIND (MPH)
  HIGHEST WIND SPEED    16   HIGHEST WIND DIRECTION    SE (130)
  HIGHEST GUST SPEED    22   HIGHEST GUST DIRECTION     E (110)
  AVERAGE WIND SPEED     8.4


SKY COVER
  POSSIBLE SUNSHINE  MM
  AVERAGE SKY COVER 0.7


WEATHER CONDITIONS
 THE FOLLOWING WEATHER WAS RECORDED YESTERDAY.
  THUNDERSTORM
  LIGHT RAIN


RELATIVE HUMIDITY (PERCENT)
 HIGHEST    90           800 AM
 LOWEST     66           500 PM
 AVERAGE    78

..........................................................


THE MITCHELL SD CLIMATE NORMALS FOR TODAY
                         NORMAL    RECORD    YEAR
 MAXIMUM TEMPERATURE (F)   85       103      1933
 MINIMUM TEMPERATURE (F)   62        45      1902


SUNRISE AND SUNSET
AUGUST  6 2017........SUNRISE   627 AM CDT   SUNSET   849 PM CDT
AUGUST  7 2017........SUNRISE   628 AM CDT   SUNSET   847 PM CDT


-  INDICATES NEGATIVE NUMBERS.
R  INDICATES RECORD WAS SET OR TIED.
MM INDICATES DATA IS MISSING.
T  INDICATES TRACE AMOUNT.




$$
