000
CDUS43 KFSD 210643
CLIMHE


CLIMATE REPORT
NATIONAL WEATHER SERVICE SIOUX FALLS SD
1242 AM CST WED JAN 21 2015


...................................

...THE MITCHELL SD CLIMATE SUMMARY FOR JANUARY 20 2015...

CLIMATE NORMAL PERIOD 1981 TO 2010
CLIMATE RECORD PERIOD 1893 TO 2015


WEATHER ITEM   OBSERVED TIME   RECORD YEAR NORMAL DEPARTURE LAST
                VALUE   (LST)  VALUE       VALUE  FROM      YEAR
                                                  NORMAL
..................................................................
TEMPERATURE (F)
 YESTERDAY
  MAXIMUM         40   1206 PM  65    1944  28     12       38
  MINIMUM         30   1159 PM -25    1985   9     21       -3
  AVERAGE         35                        19     16       18

PRECIPITATION (IN)
  YESTERDAY        T             0.34 1937   0.01  -0.01      T
  MONTH TO DATE    0.34                      0.14   0.20     0.06
  SINCE DEC 1      1.56                      0.59   0.97     0.71
  SINCE JAN 1      0.34                      0.14   0.20     0.06

SNOWFALL (IN)
  YESTERDAY        T             4.2  2012  MM     MM         T
  MONTH TO DATE    4.7                      MM     MM        0.4
  SINCE DEC 1     12.4                      MM     MM       11.8
  SINCE JUL 1     18.0                      MM     MM       15.8
  SNOW DEPTH       0

DEGREE DAYS
 HEATING
  YESTERDAY       30                        46    -16       47
  MONTH TO DATE  973                       931     42      915
  SINCE DEC 1   2198                      2298   -100     2521
  SINCE JUL 1   3854                      3866    -12     4029

 COOLING
  YESTERDAY        0                         0      0        0
  MONTH TO DATE    0                         0      0        0
  SINCE DEC 1      0                         0      0        0
  SINCE JAN 1      0                         0      0        0
..................................................................


WIND (MPH)
  HIGHEST WIND SPEED    29   HIGHEST WIND DIRECTION    NW (300)
  HIGHEST GUST SPEED    37   HIGHEST GUST DIRECTION    NW (300)
  AVERAGE WIND SPEED    14.1


SKY COVER
  POSSIBLE SUNSHINE  MM
  AVERAGE SKY COVER 1.0


WEATHER CONDITIONS
 THE FOLLOWING WEATHER WAS RECORDED YESTERDAY.
  LIGHT SNOW
  FOG


RELATIVE HUMIDITY (PERCENT)
 HIGHEST    92           500 PM
 LOWEST     70          1200 PM
 AVERAGE    81

..........................................................


THE MITCHELL SD CLIMATE NORMALS FOR TODAY
                         NORMAL    RECORD    YEAR
 MAXIMUM TEMPERATURE (F)   28        64      1900
 MINIMUM TEMPERATURE (F)    9       -26      1954


SUNRISE AND SUNSET
JANUARY 21 2015.......SUNRISE   759 AM CST   SUNSET   528 PM CST
JANUARY 22 2015.......SUNRISE   759 AM CST   SUNSET   529 PM CST


-  INDICATES NEGATIVE NUMBERS.
R  INDICATES RECORD WAS SET OR TIED.
MM INDICATES DATA IS MISSING.
T  INDICATES TRACE AMOUNT.




$$
