000
CDUS43 KFSD 152234
CLIMHE


CLIMATE REPORT
NATIONAL WEATHER SERVICE SIOUX FALLS SD
534 PM CDT SAT APR 15 2017


...................................

...THE MITCHELL SD CLIMATE SUMMARY FOR APRIL 15 2017...
VALID TODAY AS OF 0500 PM LOCAL TIME.

CLIMATE NORMAL PERIOD 1981 TO 2010
CLIMATE RECORD PERIOD 1893 TO 2017


WEATHER ITEM   OBSERVED TIME   RECORD YEAR NORMAL DEPARTURE LAST
                VALUE   (LST)  VALUE       VALUE  FROM      YEAR
                                                  NORMAL
..................................................................
TEMPERATURE (F)
 TODAY
  MAXIMUM         67   1252 PM  88    1898  60      7       69
  MINIMUM         56    305 AM  18    2014  35     21       51
  AVERAGE         62                        48     14       60

PRECIPITATION (IN)
  TODAY            0.13          1.65 2012   0.08   0.05     0.08
  MONTH TO DATE    2.00                      0.79   1.21     0.15
  SINCE MAR 1      2.34                      1.85   0.49     1.51
  SINCE JAN 1      3.50                      2.41   1.09     2.74

SNOWFALL (IN)
  TODAY            0.0           3.9  2011  MM     MM        0.0
  MONTH TO DATE    1.6                      MM     MM        0.2
  SINCE MAR 1      5.2                      MM     MM        3.9
  SINCE JUL 1     30.6                      MM     MM       46.3
  SNOW DEPTH       0

DEGREE DAYS
 HEATING
  TODAY            3                        17    -14        5
  MONTH TO DATE  211                       311   -100      271
  SINCE MAR 1   1080                      1269   -189      976
  SINCE JUL 1   5814                      6791   -977     5765

 COOLING
  TODAY            0                         0      0        0
  MONTH TO DATE    0                         0      0        0
  SINCE MAR 1      0                         0      0        0
  SINCE JAN 1      0                         0      0        0
..................................................................


WIND (MPH)
  HIGHEST WIND SPEED    26   HIGHEST WIND DIRECTION    SE (120)
  HIGHEST GUST SPEED    30   HIGHEST GUST DIRECTION    SE (120)
  AVERAGE WIND SPEED     8.2


SKY COVER
  POSSIBLE SUNSHINE  MM
  AVERAGE SKY COVER 0.9


WEATHER CONDITIONS
 THE FOLLOWING WEATHER WAS RECORDED TODAY.
  THUNDERSTORM
  LIGHT RAIN
  FOG
  FOG W/VISIBILITY <= 1/4 MILE


RELATIVE HUMIDITY (PERCENT)
 HIGHEST   100          1200 AM
 LOWEST     68           100 PM
 AVERAGE    84

..........................................................


THE MITCHELL SD CLIMATE NORMALS FOR TOMORROW
                         NORMAL    RECORD    YEAR
 MAXIMUM TEMPERATURE (F)   61        92      1964
 MINIMUM TEMPERATURE (F)   36        11      1907
                                             1904


SUNRISE AND SUNSET
APRIL 15 2017.........SUNRISE   649 AM CDT   SUNSET   816 PM CDT
APRIL 16 2017.........SUNRISE   647 AM CDT   SUNSET   817 PM CDT


-  INDICATES NEGATIVE NUMBERS.
R  INDICATES RECORD WAS SET OR TIED.
MM INDICATES DATA IS MISSING.
T  INDICATES TRACE AMOUNT.




$$
