000
CDUS43 KFSD 290626
CLIMHE


CLIMATE REPORT
NATIONAL WEATHER SERVICE SIOUX FALLS SD
126 AM CDT MON JUN 29 2015


...................................

...THE MITCHELL SD CLIMATE SUMMARY FOR JUNE 28 2015...

CLIMATE NORMAL PERIOD 1981 TO 2010
CLIMATE RECORD PERIOD 1893 TO 2015


WEATHER ITEM   OBSERVED TIME   RECORD YEAR NORMAL DEPARTURE LAST
                VALUE   (LST)  VALUE       VALUE  FROM      YEAR
                                                  NORMAL
..................................................................
TEMPERATURE (F)
 YESTERDAY
  MAXIMUM         84    514 PM 110    1931  85     -1       81
  MINIMUM         65    637 AM  44    1898  62      3       65
                                      1896
  AVERAGE         75                        74      1       73

PRECIPITATION (IN)
  YESTERDAY        0.00          2.15 1928   0.09  -0.09     0.02
  MONTH TO DATE    2.72                      3.93  -1.21     4.18
  SINCE JUN 1      2.72                      3.93  -1.21     4.18
  SINCE JAN 1      9.81                     10.66  -0.85     8.91

SNOWFALL (IN)
  YESTERDAY        0.0           0.0    MM  MM     MM        0.0
  MONTH TO DATE    0.0                      MM     MM        0.0
  SINCE JUN 1      0.0                      MM     MM        0.0
  SINCE JUL 1     22.6                      MM     MM       30.8
  SNOW DEPTH       0

DEGREE DAYS
 HEATING
  YESTERDAY        0                         0      0        0
  MONTH TO DATE    3                        33    -30       26
  SINCE JUN 1      3                        33    -30       26
  SINCE JUL 1   6876                      7243   -367     7791

 COOLING
  YESTERDAY       10                         9      1        8
  MONTH TO DATE  182                       151     31      140
  SINCE JUN 1    182                       151     31      140
  SINCE JAN 1    213                       191     22      218
..................................................................


WIND (MPH)
  HIGHEST WIND SPEED    22   HIGHEST WIND DIRECTION     N (340)
  HIGHEST GUST SPEED    28   HIGHEST GUST DIRECTION    NW (330)
  AVERAGE WIND SPEED    10.6


SKY COVER
  POSSIBLE SUNSHINE  MM
  AVERAGE SKY COVER 0.0


WEATHER CONDITIONS
 THE FOLLOWING WEATHER WAS RECORDED YESTERDAY.
  NO SIGNIFICANT WEATHER WAS OBSERVED.


RELATIVE HUMIDITY (PERCENT)
 HIGHEST    87           100 AM
 LOWEST     40           500 PM
 AVERAGE    64

..........................................................


THE MITCHELL SD CLIMATE NORMALS FOR TODAY
                         NORMAL    RECORD    YEAR
 MAXIMUM TEMPERATURE (F)   86       106      1931
 MINIMUM TEMPERATURE (F)   62        42      1923


SUNRISE AND SUNSET
JUNE 29 2015..........SUNRISE   553 AM CDT   SUNSET   918 PM CDT
JUNE 30 2015..........SUNRISE   553 AM CDT   SUNSET   918 PM CDT


-  INDICATES NEGATIVE NUMBERS.
R  INDICATES RECORD WAS SET OR TIED.
MM INDICATES DATA IS MISSING.
T  INDICATES TRACE AMOUNT.




$$
