000
CDUS43 KFSD 100634
CLIMHE


CLIMATE REPORT
NATIONAL WEATHER SERVICE SIOUX FALLS SD
132 AM CDT TUE OCT 10 2017


...................................

...THE MITCHELL SD CLIMATE SUMMARY FOR OCTOBER 9 2017...

CLIMATE NORMAL PERIOD 1981 TO 2010
CLIMATE RECORD PERIOD 1893 TO 2017


WEATHER ITEM   OBSERVED TIME   RECORD YEAR NORMAL DEPARTURE LAST
                VALUE   (LST)  VALUE       VALUE  FROM      YEAR
                                                  NORMAL
..................................................................
TEMPERATURE (F)
 YESTERDAY
  MAXIMUM         52    209 AM  91    1928  65    -13       71
  MINIMUM         33   1123 PM  19    1964  40     -7       35
  AVERAGE         43                        52     -9       53

PRECIPITATION (IN)
  YESTERDAY        T             1.57 1982   0.06  -0.06     0.00
  MONTH TO DATE    2.86                      0.58   2.28     1.87
  SINCE SEP 1      5.47                      2.90   2.57     4.02
  SINCE JAN 1     19.29                     19.25   0.04    23.43

SNOWFALL (IN)
  YESTERDAY        0.0           1.8  1932  MM     MM        0.0
  MONTH TO DATE    0.0                      MM     MM         T
  SINCE SEP 1      0.0                      MM     MM         T
  SINCE JUL 1      0.0                      MM     MM         T
  SNOW DEPTH       0

DEGREE DAYS
 HEATING
  YESTERDAY       22                        13      9       12
  MONTH TO DATE   89                       103    -14       92
  SINCE SEP 1    183                       244    -61      168
  SINCE JUL 1    185                       261    -76      176

 COOLING
  YESTERDAY        0                         0      0        0
  MONTH TO DATE    5                         7     -2        4
  SINCE SEP 1    118                        79     39      103
  SINCE JAN 1    888                       824     64     1035
..................................................................


WIND (MPH)
  HIGHEST WIND SPEED    22   HIGHEST WIND DIRECTION     N (350)
  HIGHEST GUST SPEED    27   HIGHEST GUST DIRECTION     N (350)
  AVERAGE WIND SPEED     9.4


SKY COVER
  POSSIBLE SUNSHINE  MM
  AVERAGE SKY COVER 0.5


WEATHER CONDITIONS
 THE FOLLOWING WEATHER WAS RECORDED YESTERDAY.
  LIGHT RAIN


RELATIVE HUMIDITY (PERCENT)
 HIGHEST    85          1000 PM
 LOWEST     42           400 PM
 AVERAGE    64

..........................................................


THE MITCHELL SD CLIMATE NORMALS FOR TODAY
                         NORMAL    RECORD    YEAR
 MAXIMUM TEMPERATURE (F)   65        93      1928
 MINIMUM TEMPERATURE (F)   39        15      1906


SUNRISE AND SUNSET
OCTOBER 10 2017.......SUNRISE   741 AM CDT   SUNSET   657 PM CDT
OCTOBER 11 2017.......SUNRISE   742 AM CDT   SUNSET   655 PM CDT


-  INDICATES NEGATIVE NUMBERS.
R  INDICATES RECORD WAS SET OR TIED.
MM INDICATES DATA IS MISSING.
T  INDICATES TRACE AMOUNT.




$$
