000
CDUS43 KFSD 112223
CLIMHE


CLIMATE REPORT
NATIONAL WEATHER SERVICE SIOUX FALLS SD
522 PM CDT SUN SEP 11 2016


...................................

...THE MITCHELL SD CLIMATE SUMMARY FOR SEPTEMBER 11 2016...
VALID TODAY AS OF 0500 PM LOCAL TIME.

CLIMATE NORMAL PERIOD 1981 TO 2010
CLIMATE RECORD PERIOD 1893 TO 2016


WEATHER ITEM   OBSERVED TIME   RECORD YEAR NORMAL DEPARTURE LAST
                VALUE   (LST)  VALUE       VALUE  FROM      YEAR
                                                  NORMAL
..................................................................
TEMPERATURE (F)
 TODAY
  MAXIMUM         85    359 PM 101    1931  78      7       68
  MINIMUM         53    343 AM  31    1955  52      1       41
  AVERAGE         69                        65      4       55

PRECIPITATION (IN)
  TODAY            0.00          1.90 1901   0.08  -0.08     0.00
  MONTH TO DATE    1.71                      0.88   0.83      T
  SINCE SEP 1      1.71                      0.88   0.83      T
  SINCE JAN 1     21.12                     17.23   3.89    16.93

SNOWFALL (IN)
  TODAY            0.0           0.0    MM  MM     MM        0.0
  MONTH TO DATE    0.0                      MM     MM        0.0
  SINCE SEP 1      0.0                      MM     MM        0.0
  SINCE JUL 1      0.0                      MM     MM        0.0
  SNOW DEPTH       0

DEGREE DAYS
 HEATING
  TODAY            0                         3     -3       10
  MONTH TO DATE    5                        25    -20       14
  SINCE SEP 1      5                        25    -20       14
  SINCE JUL 1     13                        42    -29       42

 COOLING
  TODAY            4                         3      1        0
  MONTH TO DATE   47                        45      2       78
  SINCE SEP 1     47                        45      2       78
  SINCE JAN 1    979                       790    189      802
..................................................................


WIND (MPH)
  HIGHEST WIND SPEED    20   HIGHEST WIND DIRECTION     S (170)
  HIGHEST GUST SPEED    28   HIGHEST GUST DIRECTION     S (160)
  AVERAGE WIND SPEED    12.0


SKY COVER
  POSSIBLE SUNSHINE  MM
  AVERAGE SKY COVER 0.0


WEATHER CONDITIONS
 THE FOLLOWING WEATHER WAS RECORDED TODAY.
  NO SIGNIFICANT WEATHER WAS OBSERVED.


RELATIVE HUMIDITY (PERCENT)
 HIGHEST    89           200 AM
 LOWEST     37           200 PM
 AVERAGE    63

..........................................................


THE MITCHELL SD CLIMATE NORMALS FOR TOMORROW
                         NORMAL    RECORD    YEAR
 MAXIMUM TEMPERATURE (F)   77       100      1939
                                             1908
 MINIMUM TEMPERATURE (F)   51        24      1902


SUNRISE AND SUNSET
SEPTEMBER 11 2016.....SUNRISE   707 AM CDT   SUNSET   749 PM CDT
SEPTEMBER 12 2016.....SUNRISE   709 AM CDT   SUNSET   747 PM CDT


-  INDICATES NEGATIVE NUMBERS.
R  INDICATES RECORD WAS SET OR TIED.
MM INDICATES DATA IS MISSING.
T  INDICATES TRACE AMOUNT.




$$
