000
CDUS43 KFSD 152227
CLIMHE


CLIMATE REPORT
NATIONAL WEATHER SERVICE SIOUX FALLS SD
427 PM CST THU FEB 15 2018


...................................

...THE MITCHELL SD CLIMATE SUMMARY FOR FEBRUARY 15 2018...
VALID TODAY AS OF 0400 PM LOCAL TIME.

CLIMATE NORMAL PERIOD 1981 TO 2010
CLIMATE RECORD PERIOD 1893 TO 2018


WEATHER ITEM   OBSERVED TIME   RECORD YEAR NORMAL DEPARTURE LAST
                VALUE   (LST)  VALUE       VALUE  FROM      YEAR
                                                  NORMAL
..................................................................
TEMPERATURE (F)
 TODAY
  MAXIMUM         33   1048 AM  66    1921  34     -1       49
  MINIMUM         21    359 PM -21    1936  14      7       24
                                      1909
                                      1903
  AVERAGE         27                        24      3       37

PRECIPITATION (IN)
  TODAY           MM             0.46 1969   0.01  MM        0.00
  MONTH TO DATE    0.33                      0.19   0.14     0.18
  SINCE DEC 1      1.11                      0.86   0.25     2.05
  SINCE JAN 1      0.49                      0.41   0.08     0.94

SNOWFALL (IN)
  TODAY           MM             6.0  1990  MM     MM        0.0
                                      1938
  MONTH TO DATE    4.9                      MM     MM         T
  SINCE DEC 1     17.4                      MM     MM       17.5
  SINCE JUL 1     18.6                      MM     MM       23.0
  SNOW DEPTH       4

DEGREE DAYS
 HEATING
  TODAY           38                        41     -3       28
  MONTH TO DATE  807                       648    159      557
  SINCE DEC 1   3538                      3447     91     3312
  SINCE JUL 1   4927                      5015    -88     4406

 COOLING
  TODAY            0                         0      0        0
  MONTH TO DATE    0                         0      0        0
  SINCE DEC 1      0                         0      0        0
  SINCE JAN 1      0                         0      0        0
..................................................................


WIND (MPH)
  HIGHEST WIND SPEED    25   HIGHEST WIND DIRECTION     N (350)
  HIGHEST GUST SPEED    34   HIGHEST GUST DIRECTION     N (350)
  AVERAGE WIND SPEED    12.2


SKY COVER
  POSSIBLE SUNSHINE  MM
  AVERAGE SKY COVER 0.5


WEATHER CONDITIONS
 THE FOLLOWING WEATHER WAS RECORDED TODAY.
  LIGHT SNOW
  FOG


RELATIVE HUMIDITY (PERCENT)
 HIGHEST    89          1000 AM
 LOWEST     78          1200 AM
 AVERAGE    84

..........................................................


THE MITCHELL SD CLIMATE NORMALS FOR TOMORROW
                         NORMAL    RECORD    YEAR
 MAXIMUM TEMPERATURE (F)   34        58      1913
 MINIMUM TEMPERATURE (F)   14       -34      1936


SUNRISE AND SUNSET
FEBRUARY 15 2018......SUNRISE   731 AM CST   SUNSET   602 PM CST
FEBRUARY 16 2018......SUNRISE   729 AM CST   SUNSET   604 PM CST


-  INDICATES NEGATIVE NUMBERS.
R  INDICATES RECORD WAS SET OR TIED.
MM INDICATES DATA IS MISSING.
T  INDICATES TRACE AMOUNT.




$$
