000
CDUS43 KFSD 160650
CLIMHE


CLIMATE REPORT
NATIONAL WEATHER SERVICE SIOUX FALLS SD
149 AM CDT SAT APR 16 2016


...................................

...THE MITCHELL SD CLIMATE SUMMARY FOR APRIL 15 2016...

CLIMATE NORMAL PERIOD 1981 TO 2010
CLIMATE RECORD PERIOD 1893 TO 2016


WEATHER ITEM   OBSERVED TIME   RECORD YEAR NORMAL DEPARTURE LAST
                VALUE   (LST)  VALUE       VALUE  FROM      YEAR
                                                  NORMAL
..................................................................
TEMPERATURE (F)
 YESTERDAY
  MAXIMUM         69    525 PM  88    1898  60      9       69
  MINIMUM         51    659 AM  18    2014  35     16       44
  AVERAGE         60                        48     12       57

PRECIPITATION (IN)
  YESTERDAY        0.08          1.65 2012   0.08   0.00     0.00
  MONTH TO DATE    0.15                      0.79  -0.64     0.26
  SINCE MAR 1      1.51                      1.85  -0.34     0.39
  SINCE JAN 1      2.74                      2.41   0.33     1.16

SNOWFALL (IN)
  YESTERDAY        0.0           3.9  2011  MM     MM        0.0
  MONTH TO DATE    0.2                      MM     MM        0.0
  SINCE MAR 1      3.9                      MM     MM        0.7
  SINCE JUL 1     46.3                      MM     MM       22.6
  SNOW DEPTH       0

DEGREE DAYS
 HEATING
  YESTERDAY        5                        17    -12        8
  MONTH TO DATE  271                       311    -40      220
  SINCE MAR 1    976                      1269   -293      988
  SINCE JUL 1   5765                      6791  -1026     6478

 COOLING
  YESTERDAY        0                         0      0        0
  MONTH TO DATE    0                         0      0        0
  SINCE MAR 1      0                         0      0        4
  SINCE JAN 1      0                         0      0        4
..................................................................


WIND (MPH)
  HIGHEST WIND SPEED    30   HIGHEST WIND DIRECTION    SE (150)
  HIGHEST GUST SPEED    39   HIGHEST GUST DIRECTION    SE (150)
  AVERAGE WIND SPEED    15.0


SKY COVER
  POSSIBLE SUNSHINE  MM
  AVERAGE SKY COVER 0.6


WEATHER CONDITIONS
 THE FOLLOWING WEATHER WAS RECORDED YESTERDAY.
  THUNDERSTORM
  RAIN
  LIGHT RAIN
  FOG


RELATIVE HUMIDITY (PERCENT)
 HIGHEST    83           700 AM
 LOWEST     42          1200 AM
 AVERAGE    63

..........................................................


THE MITCHELL SD CLIMATE NORMALS FOR TODAY
                         NORMAL    RECORD    YEAR
 MAXIMUM TEMPERATURE (F)   61        92      1964
 MINIMUM TEMPERATURE (F)   36        11      1907
                                             1904


SUNRISE AND SUNSET
APRIL 16 2016.........SUNRISE   647 AM CDT   SUNSET   818 PM CDT
APRIL 17 2016.........SUNRISE   645 AM CDT   SUNSET   819 PM CDT


-  INDICATES NEGATIVE NUMBERS.
R  INDICATES RECORD WAS SET OR TIED.
MM INDICATES DATA IS MISSING.
T  INDICATES TRACE AMOUNT.




$$
