000
CDUS43 KFSD 172228
CLIMHE


CLIMATE REPORT
NATIONAL WEATHER SERVICE SIOUX FALLS SD
528 PM CDT TUE MAY 17 2016


...................................

...THE MITCHELL SD CLIMATE SUMMARY FOR MAY 17 2016...
VALID TODAY AS OF 0500 PM LOCAL TIME.

CLIMATE NORMAL PERIOD 1981 TO 2010
CLIMATE RECORD PERIOD 1893 TO 2016


WEATHER ITEM   OBSERVED TIME   RECORD YEAR NORMAL DEPARTURE LAST
                VALUE   (LST)  VALUE       VALUE  FROM      YEAR
                                                  NORMAL
..................................................................
TEMPERATURE (F)
 TODAY
  MAXIMUM         70    359 PM 105    1934  71     -1       66
  MINIMUM         42    537 AM  27    1925  48     -6       42
  AVERAGE         56                        60     -4       54

PRECIPITATION (IN)
  TODAY            0.00          2.30 1898   0.08  -0.08     0.72
  MONTH TO DATE    1.00                      1.30  -0.30     4.01
  SINCE MAR 1      7.73                      4.54   3.19     5.56
  SINCE JAN 1      8.96                      5.10   3.86     6.33

SNOWFALL (IN)
  TODAY            0.0           0.0    MM  MM     MM        0.0
  MONTH TO DATE    0.0                      MM     MM        0.0
  SINCE MAR 1      3.9                      MM     MM        0.7
  SINCE JUL 1     46.3                      MM     MM       22.6
  SNOW DEPTH       0

DEGREE DAYS
 HEATING
  TODAY            9                         7      2       11
  MONTH TO DATE  143                       145     -2      116
  SINCE MAR 1   1336                      1623   -287     1280
  SINCE JUL 1   6125                      7145  -1020     6770

 COOLING
  TODAY            0                         1     -1        0
  MONTH TO DATE    8                        14     -6       11
  SINCE MAR 1     12                        16     -4       17
  SINCE JAN 1     12                        16     -4       17
..................................................................


WIND (MPH)
  HIGHEST WIND SPEED    16   HIGHEST WIND DIRECTION     E (80)
  HIGHEST GUST SPEED    21   HIGHEST GUST DIRECTION    NE (50)
  AVERAGE WIND SPEED     5.1


SKY COVER
  POSSIBLE SUNSHINE  MM
  AVERAGE SKY COVER 0.1


WEATHER CONDITIONS
 THE FOLLOWING WEATHER WAS RECORDED TODAY.
  NO SIGNIFICANT WEATHER WAS OBSERVED.


RELATIVE HUMIDITY (PERCENT)
 HIGHEST    89           600 AM
 LOWEST     25           400 PM
 AVERAGE    57

..........................................................


THE MITCHELL SD CLIMATE NORMALS FOR TOMORROW
                         NORMAL    RECORD    YEAR
 MAXIMUM TEMPERATURE (F)   72       104      1934
 MINIMUM TEMPERATURE (F)   49        29      2002
                                             1915


SUNRISE AND SUNSET
MAY 17 2016...........SUNRISE   604 AM CDT   SUNSET   854 PM CDT
MAY 18 2016...........SUNRISE   603 AM CDT   SUNSET   855 PM CDT


-  INDICATES NEGATIVE NUMBERS.
R  INDICATES RECORD WAS SET OR TIED.
MM INDICATES DATA IS MISSING.
T  INDICATES TRACE AMOUNT.




$$
