000
CDUS43 KFSD 132219
CLIMHE


CLIMATE REPORT
NATIONAL WEATHER SERVICE SIOUX FALLS SD
518 PM CDT THU APR 13 2017


...................................

...THE MITCHELL SD CLIMATE SUMMARY FOR APRIL 13 2017...
VALID TODAY AS OF 0500 PM LOCAL TIME.

CLIMATE NORMAL PERIOD 1981 TO 2010
CLIMATE RECORD PERIOD 1893 TO 2017


WEATHER ITEM   OBSERVED TIME   RECORD YEAR NORMAL DEPARTURE LAST
                VALUE   (LST)  VALUE       VALUE  FROM      YEAR
                                                  NORMAL
..................................................................
TEMPERATURE (F)
 TODAY
  MAXIMUM         67    359 PM  91    1908  59      8       77
  MINIMUM         35    237 AM  15    1950  34      1       33
                                      1909
                                      1907
  AVERAGE         51                        47      4       55

PRECIPITATION (IN)
  TODAY            0.00          2.00 1986   0.08  -0.08     0.00
  MONTH TO DATE    1.87                      0.64   1.23     0.07
  SINCE MAR 1      2.21                      1.70   0.51     1.43
  SINCE JAN 1      3.37                      2.26   1.11     2.66

SNOWFALL (IN)
  TODAY            0.0           2.0  1970  MM     MM        0.0
                                      1905
  MONTH TO DATE    1.6                      MM     MM        0.2
  SINCE MAR 1      5.2                      MM     MM        3.9
  SINCE JUL 1     30.6                      MM     MM       46.3
  SNOW DEPTH       0

DEGREE DAYS
 HEATING
  TODAY           14                        18     -4       10
  MONTH TO DATE  205                       276    -71      262
  SINCE MAR 1   1074                      1234   -160      967
  SINCE JUL 1   5808                      6756   -948     5756

 COOLING
  TODAY            0                         0      0        0
  MONTH TO DATE    0                         0      0        0
  SINCE MAR 1      0                         0      0        0
  SINCE JAN 1      0                         0      0        0
..................................................................


WIND (MPH)
  HIGHEST WIND SPEED    21   HIGHEST WIND DIRECTION    SE (120)
  HIGHEST GUST SPEED    26   HIGHEST GUST DIRECTION     E (110)
  AVERAGE WIND SPEED     8.7


SKY COVER
  POSSIBLE SUNSHINE  MM
  AVERAGE SKY COVER 0.7


WEATHER CONDITIONS
 THE FOLLOWING WEATHER WAS RECORDED TODAY.
  FOG
  FOG W/VISIBILITY <= 1/4 MILE


RELATIVE HUMIDITY (PERCENT)
 HIGHEST   100          1200 AM
 LOWEST     56           300 PM
 AVERAGE    78

..........................................................


THE MITCHELL SD CLIMATE NORMALS FOR TOMORROW
                         NORMAL    RECORD    YEAR
 MAXIMUM TEMPERATURE (F)   60        91      2003
                                             1908
 MINIMUM TEMPERATURE (F)   35         9      1928


SUNRISE AND SUNSET
APRIL 13 2017.........SUNRISE   652 AM CDT   SUNSET   814 PM CDT
APRIL 14 2017.........SUNRISE   650 AM CDT   SUNSET   815 PM CDT


-  INDICATES NEGATIVE NUMBERS.
R  INDICATES RECORD WAS SET OR TIED.
MM INDICATES DATA IS MISSING.
T  INDICATES TRACE AMOUNT.




$$
