000
CDUS43 KFSD 082225
CLIMHE


CLIMATE REPORT
NATIONAL WEATHER SERVICE SIOUX FALLS SD
524 PM CDT TUE AUG 8 2017


...................................

...THE MITCHELL SD CLIMATE SUMMARY FOR AUGUST 8 2017...
VALID TODAY AS OF 0500 PM LOCAL TIME.

CLIMATE NORMAL PERIOD 1981 TO 2010
CLIMATE RECORD PERIOD 1893 TO 2017


WEATHER ITEM   OBSERVED TIME   RECORD YEAR NORMAL DEPARTURE LAST
                VALUE   (LST)  VALUE       VALUE  FROM      YEAR
                                                  NORMAL
..................................................................
TEMPERATURE (F)
 TODAY
  MAXIMUM         83    304 PM 105    1938  84     -1       84
  MINIMUM         52    508 AM  47    1904  62    -10       61
  AVERAGE         68                        73     -5       73

PRECIPITATION (IN)
  TODAY            0.00          1.12 1979   0.09  -0.09     0.00
  MONTH TO DATE    0.19                      0.58  -0.39     0.41
  SINCE JUN 1      3.96                      7.82  -3.86     3.99
  SINCE JAN 1     10.98                     14.55  -3.57    16.51

SNOWFALL (IN)
  TODAY            0.0           0.0    MM  MM     MM        0.0
  MONTH TO DATE    0.0                      MM     MM        0.0
  SINCE JUN 1      0.0                      MM     MM        0.0
  SINCE JUL 1      0.0                      MM     MM        0.0
  SNOW DEPTH       0

DEGREE DAYS
 HEATING
  TODAY            0                         0      0        0
  MONTH TO DATE    1                         0      1        0
  SINCE JUN 1     13                        40    -27        7
  SINCE JUL 1      1                         5     -4        3

 COOLING
  TODAY            3                         8     -5        8
  MONTH TO DATE   22                        71    -49       75
  SINCE JUN 1    634                       549     85      690
  SINCE JAN 1    666                       589     77      734
..................................................................


WIND (MPH)
  HIGHEST WIND SPEED    17   HIGHEST WIND DIRECTION     S (160)
  HIGHEST GUST SPEED    31   HIGHEST GUST DIRECTION    SE (150)
  AVERAGE WIND SPEED     5.6


SKY COVER
  POSSIBLE SUNSHINE  MM
  AVERAGE SKY COVER 0.1


WEATHER CONDITIONS
 THE FOLLOWING WEATHER WAS RECORDED TODAY.
  FOG


RELATIVE HUMIDITY (PERCENT)
 HIGHEST   100           300 AM
 LOWEST     40           300 PM
 AVERAGE    70

..........................................................


THE MITCHELL SD CLIMATE NORMALS FOR TOMORROW
                         NORMAL    RECORD    YEAR
 MAXIMUM TEMPERATURE (F)   84       109      1947
 MINIMUM TEMPERATURE (F)   62        42      1927


SUNRISE AND SUNSET
AUGUST  8 2017........SUNRISE   629 AM CDT   SUNSET   846 PM CDT
AUGUST  9 2017........SUNRISE   630 AM CDT   SUNSET   844 PM CDT


-  INDICATES NEGATIVE NUMBERS.
R  INDICATES RECORD WAS SET OR TIED.
MM INDICATES DATA IS MISSING.
T  INDICATES TRACE AMOUNT.




$$
