918
CDUS43 KFSD 080700
CLIMHE


CLIMATE REPORT
NATIONAL WEATHER SERVICE SIOUX FALLS SD
159 AM CDT FRI MAY 8 2015


...................................

...THE MITCHELL SD CLIMATE SUMMARY FOR MAY 7 2015...

CLIMATE NORMAL PERIOD 1981 TO 2010
CLIMATE RECORD PERIOD 1893 TO 2015


WEATHER ITEM   OBSERVED TIME   RECORD YEAR NORMAL DEPARTURE LAST
                VALUE   (LST)  VALUE       VALUE  FROM      YEAR
                                                  NORMAL
..................................................................
TEMPERATURE (F)
 YESTERDAY
  MAXIMUM         68    101 PM  96    1963  69     -1       72
  MINIMUM         50   1159 PM  23    1943  45      5       53
  AVERAGE         59                        57      2       63

PRECIPITATION (IN)
  YESTERDAY        0.03          1.02 1978   0.07  -0.04     0.20
  MONTH TO DATE    1.43                      0.60   0.83     0.21
  SINCE MAR 1      2.98                      3.84  -0.86     1.78
  SINCE JAN 1      3.75                      4.40  -0.65     2.28

SNOWFALL (IN)
  YESTERDAY        0.0           0.1  1924  MM     MM        0.0
  MONTH TO DATE    0.0                      MM     MM        0.0
  SINCE MAR 1      0.7                      MM     MM        8.6
  SINCE JUL 1     22.6                      MM     MM       30.8
  SNOW DEPTH       0

DEGREE DAYS
 HEATING
  YESTERDAY        6                         9     -3        2
  MONTH TO DATE   22                        69    -47       80
  SINCE MAR 1   1186                      1547   -361     1653
  SINCE JUL 1   6676                      7069   -393     7603

 COOLING
  YESTERDAY        0                         1     -1        0
  MONTH TO DATE    5                         4      1        0
  SINCE MAR 1     11                         6      5        0
  SINCE JAN 1     11                         6      5        0
..................................................................


WIND (MPH)
  HIGHEST WIND SPEED    26   HIGHEST WIND DIRECTION    NW (310)
  HIGHEST GUST SPEED    31   HIGHEST GUST DIRECTION    NW (310)
  AVERAGE WIND SPEED    13.4


SKY COVER
  POSSIBLE SUNSHINE  MM
  AVERAGE SKY COVER 0.9


WEATHER CONDITIONS
 THE FOLLOWING WEATHER WAS RECORDED YESTERDAY.
  LIGHT RAIN
  FOG


RELATIVE HUMIDITY (PERCENT)
 HIGHEST   100           300 AM
 LOWEST     78          1200 PM
 AVERAGE    89

..........................................................


THE MITCHELL SD CLIMATE NORMALS FOR TODAY
                         NORMAL    RECORD    YEAR
 MAXIMUM TEMPERATURE (F)   69       102      1934
 MINIMUM TEMPERATURE (F)   45        25      1945


SUNRISE AND SUNSET
MAY  8 2015...........SUNRISE   615 AM CDT   SUNSET   843 PM CDT
MAY  9 2015...........SUNRISE   614 AM CDT   SUNSET   844 PM CDT


-  INDICATES NEGATIVE NUMBERS.
R  INDICATES RECORD WAS SET OR TIED.
MM INDICATES DATA IS MISSING.
T  INDICATES TRACE AMOUNT.




$$
