000
CDUS43 KFSD 150616
CLIMHE


CLIMATE REPORT
NATIONAL WEATHER SERVICE SIOUX FALLS SD
116 AM CDT WED MAR 15 2017


...................................

...THE MITCHELL SD CLIMATE SUMMARY FOR MARCH 14 2017...

CLIMATE NORMAL PERIOD 1981 TO 2010
CLIMATE RECORD PERIOD 1893 TO 2017


WEATHER ITEM   OBSERVED TIME   RECORD YEAR NORMAL DEPARTURE LAST
                VALUE   (LST)  VALUE       VALUE  FROM      YEAR
                                                  NORMAL
..................................................................
TEMPERATURE (F)
 YESTERDAY
  MAXIMUM         25        MM  78    1935  43    -18       72
  MINIMUM         15        MM -18    1897  23     -8       44
  AVERAGE         20                        33    -13       58

PRECIPITATION (IN)
  YESTERDAY        T             1.37 2002   0.04  -0.04      T
  MONTH TO DATE    0.34                      0.38  -0.04      T
  SINCE MAR 1      0.34                      0.38  -0.04      T
  SINCE JAN 1      1.50                      0.94   0.56     1.23

SNOWFALL (IN)
  YESTERDAY        0.0          13.0  2002  MM     MM        0.0
  MONTH TO DATE    3.6                      MM     MM         T
  SINCE MAR 1      3.6                      MM     MM         T
  SINCE JUL 1     29.0                      MM     MM       42.4
  SNOW DEPTH       2

DEGREE DAYS
 HEATING
  YESTERDAY       45                        32     13        7
  MONTH TO DATE  502                       479     23      294
  SINCE MAR 1    502                       479     23      294
  SINCE JUL 1   5236                      6001   -765     5083

 COOLING
  YESTERDAY        0                         0      0        0
  MONTH TO DATE    0                         0      0        0
  SINCE MAR 1      0                         0      0        0
  SINCE JAN 1      0                         0      0        0
..................................................................


WIND (MPH)
  HIGHEST WIND SPEED    17   HIGHEST WIND DIRECTION    SE (150)
  HIGHEST GUST SPEED    MM   HIGHEST GUST DIRECTION    MM
  AVERAGE WIND SPEED    11.1


SKY COVER
  POSSIBLE SUNSHINE  MM
  AVERAGE SKY COVER 0.8


WEATHER CONDITIONS
 THE FOLLOWING WEATHER WAS RECORDED YESTERDAY.
  LIGHT SNOW
  FOG


RELATIVE HUMIDITY (PERCENT)
 HIGHEST    88           500 AM
 LOWEST     55           300 PM
 AVERAGE    72

..........................................................


THE MITCHELL SD CLIMATE NORMALS FOR TODAY
                         NORMAL    RECORD    YEAR
 MAXIMUM TEMPERATURE (F)   44        82      2015
 MINIMUM TEMPERATURE (F)   23       -16      1897


SUNRISE AND SUNSET
MARCH 15 2017.........SUNRISE   744 AM CDT   SUNSET   739 PM CDT
MARCH 16 2017.........SUNRISE   742 AM CDT   SUNSET   740 PM CDT


-  INDICATES NEGATIVE NUMBERS.
R  INDICATES RECORD WAS SET OR TIED.
MM INDICATES DATA IS MISSING.
T  INDICATES TRACE AMOUNT.




$$
