000
CDUS43 KFSD 102221
CLIMHE


CLIMATE REPORT
NATIONAL WEATHER SERVICE SIOUX FALLS SD
521 PM CDT WED AUG 10 2016


...................................

...THE MITCHELL SD CLIMATE SUMMARY FOR AUGUST 10 2016...
VALID TODAY AS OF 0500 PM LOCAL TIME.

CLIMATE NORMAL PERIOD 1981 TO 2010
CLIMATE RECORD PERIOD 1893 TO 2016


WEATHER ITEM   OBSERVED TIME   RECORD YEAR NORMAL DEPARTURE LAST
                VALUE   (LST)  VALUE       VALUE  FROM      YEAR
                                                  NORMAL
..................................................................
TEMPERATURE (F)
 TODAY
  MAXIMUM         97    332 PM 105    1947  84     13       83
  MINIMUM         74    552 AM  42    1903  62     12       60
  AVERAGE         86                        73     13       72

PRECIPITATION (IN)
  TODAY            0.00          2.18 2013   0.09  -0.09     0.00
  MONTH TO DATE    0.41                      0.76  -0.35     1.62
  SINCE JUN 1      3.99                      8.00  -4.01     7.80
  SINCE JAN 1     16.51                     14.73   1.78    14.89

SNOWFALL (IN)
  TODAY            0.0           0.0    MM  MM     MM        0.0
  MONTH TO DATE    0.0                      MM     MM        0.0
  SINCE JUN 1      0.0                      MM     MM        0.0
  SINCE JUL 1      0.0                      MM     MM        0.0
  SNOW DEPTH       0

DEGREE DAYS
 HEATING
  TODAY            0                         0      0        0
  MONTH TO DATE    0                         0      0        0
  SINCE JUN 1      7                        40    -33        5
  SINCE JUL 1      3                         5     -2        2

 COOLING
  TODAY           21                         8     13        7
  MONTH TO DATE  114                        87     27       86
  SINCE JUN 1    729                       565    164      576
  SINCE JAN 1    773                       605    168      607
..................................................................


WIND (MPH)
  HIGHEST WIND SPEED    25   HIGHEST WIND DIRECTION     S (170)
  HIGHEST GUST SPEED    34   HIGHEST GUST DIRECTION     S (180)
  AVERAGE WIND SPEED    15.3


SKY COVER
  POSSIBLE SUNSHINE  MM
  AVERAGE SKY COVER 0.0


WEATHER CONDITIONS
 THE FOLLOWING WEATHER WAS RECORDED TODAY.
  NO SIGNIFICANT WEATHER WAS OBSERVED.


RELATIVE HUMIDITY (PERCENT)
 HIGHEST    94           400 AM
 LOWEST     38           300 PM
 AVERAGE    66

..........................................................


THE MITCHELL SD CLIMATE NORMALS FOR TOMORROW
                         NORMAL    RECORD    YEAR
 MAXIMUM TEMPERATURE (F)   84       103      1936
 MINIMUM TEMPERATURE (F)   62        37      1902


SUNRISE AND SUNSET
AUGUST 10 2016........SUNRISE   631 AM CDT   SUNSET   843 PM CDT
AUGUST 11 2016........SUNRISE   633 AM CDT   SUNSET   841 PM CDT


-  INDICATES NEGATIVE NUMBERS.
R  INDICATES RECORD WAS SET OR TIED.
MM INDICATES DATA IS MISSING.
T  INDICATES TRACE AMOUNT.




$$
