000
CDUS43 KFSD 092126
CLIMHE


CLIMATE REPORT
NATIONAL WEATHER SERVICE SIOUX FALLS SD
426 PM CDT TUE MAY 9 2017


...................................

...THE MITCHELL SD CLIMATE SUMMARY FOR MAY 9 2017...
VALID TODAY AS OF 0400 PM LOCAL TIME.

CLIMATE NORMAL PERIOD 1981 TO 2010
CLIMATE RECORD PERIOD 1893 TO 2017


WEATHER ITEM   OBSERVED TIME   RECORD YEAR NORMAL DEPARTURE LAST
                VALUE   (LST)  VALUE       VALUE  FROM      YEAR
                                                  NORMAL
..................................................................
TEMPERATURE (F)
 TODAY
  MAXIMUM         68   1141 AM  97    1928  70     -2       71
                                      1911
  MINIMUM         47    535 AM  22    1966  45      2       54
  AVERAGE         58                        57      1       63

PRECIPITATION (IN)
  TODAY            T             1.77 1995   0.07  -0.07     0.12
  MONTH TO DATE    0.24                      0.73  -0.49     0.43
  SINCE MAR 1      3.75                      3.97  -0.22     7.16
  SINCE JAN 1      4.91                      4.53   0.38     8.39

SNOWFALL (IN)
  TODAY            0.0           T    1933  MM     MM        0.0
  MONTH TO DATE    0.0                      MM     MM        0.0
  SINCE MAR 1      5.2                      MM     MM        3.9
  SINCE JUL 1     30.6                      MM     MM       46.3
  SNOW DEPTH       0

DEGREE DAYS
 HEATING
  TODAY            7                         8     -1        2
  MONTH TO DATE   60                        86    -26       57
  SINCE MAR 1   1405                      1564   -159     1250
  SINCE JUL 1   6139                      7086   -947     6039

 COOLING
  TODAY            0                         1     -1        0
  MONTH TO DATE    7                         6      1        8
  SINCE MAR 1      7                         8     -1       12
  SINCE JAN 1      7                         8     -1       12
..................................................................


WIND (MPH)
  HIGHEST WIND SPEED    20   HIGHEST WIND DIRECTION     N (10)
  HIGHEST GUST SPEED    23   HIGHEST GUST DIRECTION    NE (30)
  AVERAGE WIND SPEED     8.6


SKY COVER
  POSSIBLE SUNSHINE  MM
  AVERAGE SKY COVER 0.2


WEATHER CONDITIONS
 THE FOLLOWING WEATHER WAS RECORDED TODAY.
  LIGHT RAIN


RELATIVE HUMIDITY (PERCENT)
 HIGHEST    93           100 AM
 LOWEST     40          1200 PM
 AVERAGE    67

..........................................................


THE MITCHELL SD CLIMATE NORMALS FOR TOMORROW
                         NORMAL    RECORD    YEAR
 MAXIMUM TEMPERATURE (F)   70        92      1987
 MINIMUM TEMPERATURE (F)   46        26      1981


SUNRISE AND SUNSET
MAY  9 2017...........SUNRISE   613 AM CDT   SUNSET   845 PM CDT
MAY 10 2017...........SUNRISE   612 AM CDT   SUNSET   846 PM CDT


-  INDICATES NEGATIVE NUMBERS.
R  INDICATES RECORD WAS SET OR TIED.
MM INDICATES DATA IS MISSING.
T  INDICATES TRACE AMOUNT.




$$
