305
CDUS43 KFSD 192224
CLIMHE


CLIMATE REPORT
NATIONAL WEATHER SERVICE SIOUX FALLS SD
524 PM CDT MON JUN 19 2017


...................................

...THE MITCHELL SD CLIMATE SUMMARY FOR JUNE 19 2017...
VALID TODAY AS OF 0500 PM LOCAL TIME.

CLIMATE NORMAL PERIOD 1981 TO 2010
CLIMATE RECORD PERIOD 1893 TO 2017


WEATHER ITEM   OBSERVED TIME   RECORD YEAR NORMAL DEPARTURE LAST
                VALUE   (LST)  VALUE       VALUE  FROM      YEAR
                                                  NORMAL
..................................................................
TEMPERATURE (F)
 TODAY
  MAXIMUM         84    329 PM 104    1933  82      2       97
  MINIMUM         56    529 AM  42    1948  60     -4       72
  AVERAGE         70                        71     -1       85

PRECIPITATION (IN)
  TODAY            0.00          1.09 1924   0.14  -0.14     0.00
  MONTH TO DATE    0.49                      2.90  -2.41     1.23
  SINCE JUN 1      0.49                      2.90  -2.41     1.23
  SINCE JAN 1      7.51                      9.63  -2.12    13.75

SNOWFALL (IN)
  TODAY            0.0           0.0    MM  MM     MM        0.0
  MONTH TO DATE    0.0                      MM     MM        0.0
  SINCE JUN 1      0.0                      MM     MM        0.0
  SINCE JUL 1     30.6                      MM     MM       46.3
  SNOW DEPTH       0

DEGREE DAYS
 HEATING
  TODAY            0                         1     -1        0
  MONTH TO DATE    0                        31    -31        4
  SINCE JUN 1      0                        31    -31        4
  SINCE JUL 1   6283                      7241   -958     6149

 COOLING
  TODAY            5                         6     -1       20
  MONTH TO DATE  178                        80     98      194
  SINCE JUN 1    178                        80     98      194
  SINCE JAN 1    210                       120     90      238
..................................................................


WIND (MPH)
  HIGHEST WIND SPEED    20   HIGHEST WIND DIRECTION     N (340)
  HIGHEST GUST SPEED    23   HIGHEST GUST DIRECTION     N (340)
  AVERAGE WIND SPEED     9.4


SKY COVER
  POSSIBLE SUNSHINE  MM
  AVERAGE SKY COVER 0.0


WEATHER CONDITIONS
 THE FOLLOWING WEATHER WAS RECORDED TODAY.
  NO SIGNIFICANT WEATHER WAS OBSERVED.


RELATIVE HUMIDITY (PERCENT)
 HIGHEST    77           500 AM
 LOWEST     28           300 PM
 AVERAGE    53

..........................................................


THE MITCHELL SD CLIMATE NORMALS FOR TOMORROW
                         NORMAL    RECORD    YEAR
 MAXIMUM TEMPERATURE (F)   83       105      1968
 MINIMUM TEMPERATURE (F)   60        41      1969


SUNRISE AND SUNSET
JUNE 19 2017..........SUNRISE   550 AM CDT   SUNSET   917 PM CDT
JUNE 20 2017..........SUNRISE   550 AM CDT   SUNSET   918 PM CDT


-  INDICATES NEGATIVE NUMBERS.
R  INDICATES RECORD WAS SET OR TIED.
MM INDICATES DATA IS MISSING.
T  INDICATES TRACE AMOUNT.




$$
