000
CDUS43 KFSD 282236
CLIMHE


CLIMATE REPORT
NATIONAL WEATHER SERVICE SIOUX FALLS SD
435 PM CST WED JAN 28 2015


...................................

...THE MITCHELL SD CLIMATE SUMMARY FOR JANUARY 28 2015...
VALID TODAY AS OF 0400 PM LOCAL TIME.

CLIMATE NORMAL PERIOD 1981 TO 2010
CLIMATE RECORD PERIOD 1893 TO 2015


WEATHER ITEM   OBSERVED TIME   RECORD YEAR NORMAL DEPARTURE LAST
                VALUE   (LST)  VALUE       VALUE  FROM      YEAR
                                                  NORMAL
..................................................................
TEMPERATURE (F)
 TODAY
  MAXIMUM         47    359 PM  60    1906  29     18       14
  MINIMUM         34    900 AM -20    1997  10     24       -9
  AVERAGE         41                        20     21        3

PRECIPITATION (IN)
  TODAY            0.00          0.33 1925   0.00   0.00     0.00
  MONTH TO DATE    0.40                      0.20   0.20     0.06
  SINCE DEC 1      1.62                      0.65   0.97     0.71
  SINCE JAN 1      0.40                      0.20   0.20     0.06

SNOWFALL (IN)
  TODAY            0.0           4.0  1925  MM     MM        0.0
  MONTH TO DATE    5.2                      MM     MM        0.4
  SINCE DEC 1     12.9                      MM     MM       11.8
  SINCE JUL 1     18.5                      MM     MM       15.8
  SNOW DEPTH       0

DEGREE DAYS
 HEATING
  TODAY           24                        45    -21       62
  MONTH TO DATE 1201                      1298    -97     1315
  SINCE DEC 1   2426                      2665   -239     2921
  SINCE JUL 1   4082                      4233   -151     4429

 COOLING
  TODAY            0                         0      0        0
  MONTH TO DATE    0                         0      0        0
  SINCE DEC 1      0                         0      0        0
  SINCE JAN 1      0                         0      0        0
..................................................................


WIND (MPH)
  HIGHEST WIND SPEED    20   HIGHEST WIND DIRECTION     S (160)
  HIGHEST GUST SPEED    23   HIGHEST GUST DIRECTION     N (340)
  AVERAGE WIND SPEED    12.6


SKY COVER
  POSSIBLE SUNSHINE  MM
  AVERAGE SKY COVER 0.0


WEATHER CONDITIONS
 THE FOLLOWING WEATHER WAS RECORDED TODAY.
  NO SIGNIFICANT WEATHER WAS OBSERVED.


RELATIVE HUMIDITY (PERCENT)
 HIGHEST    89          1200 AM
 LOWEST     70          1200 PM
 AVERAGE    80

..........................................................


THE MITCHELL SD CLIMATE NORMALS FOR TOMORROW
                         NORMAL    RECORD    YEAR
 MAXIMUM TEMPERATURE (F)   30        67      1931
 MINIMUM TEMPERATURE (F)   10       -31      1966


SUNRISE AND SUNSET
JANUARY 28 2015.......SUNRISE   753 AM CST   SUNSET   537 PM CST
JANUARY 29 2015.......SUNRISE   752 AM CST   SUNSET   539 PM CST


-  INDICATES NEGATIVE NUMBERS.
R  INDICATES RECORD WAS SET OR TIED.
MM INDICATES DATA IS MISSING.
T  INDICATES TRACE AMOUNT.




$$
