000
CDUS43 KFSD 232220
CLIMHE


CLIMATE REPORT
NATIONAL WEATHER SERVICE SIOUX FALLS SD
518 PM CDT SUN JUL 23 2017


...................................

...THE MITCHELL SD CLIMATE SUMMARY FOR JULY 23 2017...
VALID TODAY AS OF 0500 PM LOCAL TIME.

CLIMATE NORMAL PERIOD 1981 TO 2010
CLIMATE RECORD PERIOD 1893 TO 2017


WEATHER ITEM   OBSERVED TIME   RECORD YEAR NORMAL DEPARTURE LAST
                VALUE   (LST)  VALUE       VALUE  FROM      YEAR
                                                  NORMAL
..................................................................
TEMPERATURE (F)
 TODAY
  MAXIMUM         83    323 PM 109    2005  87     -4       98
                                      1934
  MINIMUM         61    441 AM  46    1904  63     -2       71
  AVERAGE         72                        75     -3       85

PRECIPITATION (IN)
  TODAY            0.00          0.79 1981   0.10  -0.10     0.59
  MONTH TO DATE    1.77                      2.37  -0.60     1.51
  SINCE JUN 1      2.52                      6.50  -3.98     3.55
  SINCE JAN 1      9.54                     13.23  -3.69    16.07

SNOWFALL (IN)
  TODAY            0.0           0.0    MM  MM     MM        0.0
  MONTH TO DATE    0.0                      MM     MM        0.0
  SINCE JUN 1      0.0                      MM     MM        0.0
  SINCE JUL 1      0.0                      MM     MM        0.0
  SNOW DEPTH       0

DEGREE DAYS
 HEATING
  TODAY            0                         0      0        0
  MONTH TO DATE    0                         0      0        3
  SINCE JUN 1     12                        35    -23        7
  SINCE JUL 1      0                         0      0        3

 COOLING
  TODAY            7                        10     -3       20
  MONTH TO DATE  305                       228     77      254
  SINCE JUN 1    523                       398    125      538
  SINCE JAN 1    555                       438    117      582
..................................................................


WIND (MPH)
  HIGHEST WIND SPEED    16   HIGHEST WIND DIRECTION    NW (330)
  HIGHEST GUST SPEED    23   HIGHEST GUST DIRECTION     N (20)
  AVERAGE WIND SPEED     9.1


SKY COVER
  POSSIBLE SUNSHINE  MM
  AVERAGE SKY COVER 0.0


WEATHER CONDITIONS
 THE FOLLOWING WEATHER WAS RECORDED TODAY.
  NO SIGNIFICANT WEATHER WAS OBSERVED.


RELATIVE HUMIDITY (PERCENT)
 HIGHEST    90           500 AM
 LOWEST     43           300 PM
 AVERAGE    67

..........................................................


THE MITCHELL SD CLIMATE NORMALS FOR TOMORROW
                         NORMAL    RECORD    YEAR
 MAXIMUM TEMPERATURE (F)   86       116      1940
 MINIMUM TEMPERATURE (F)   63        45      1905


SUNRISE AND SUNSET
JULY 23 2017..........SUNRISE   612 AM CDT   SUNSET   905 PM CDT
JULY 24 2017..........SUNRISE   613 AM CDT   SUNSET   904 PM CDT


-  INDICATES NEGATIVE NUMBERS.
R  INDICATES RECORD WAS SET OR TIED.
MM INDICATES DATA IS MISSING.
T  INDICATES TRACE AMOUNT.




$$
