000
CDUS43 KFSD 230658
CLIMHE


CLIMATE REPORT
NATIONAL WEATHER SERVICE SIOUX FALLS SD
158 AM CDT TUE JUN 23 2015


...................................

...THE MITCHELL SD CLIMATE SUMMARY FOR JUNE 22 2015...

CLIMATE NORMAL PERIOD 1981 TO 2010
CLIMATE RECORD PERIOD 1893 TO 2015


WEATHER ITEM   OBSERVED TIME   RECORD YEAR NORMAL DEPARTURE LAST
                VALUE   (LST)  VALUE       VALUE  FROM      YEAR
                                                  NORMAL
..................................................................
TEMPERATURE (F)
 YESTERDAY
  MAXIMUM         80    117 PM 100    1922  83     -3       83
  MINIMUM         61   1159 PM  39    1905  60      1       63
  AVERAGE         71                        72     -1       73

PRECIPITATION (IN)
  YESTERDAY       MM             1.71 1974   0.13  MM        0.04
  MONTH TO DATE    2.12                      3.32  -1.20     3.77
  SINCE JUN 1      2.12                      3.32  -1.20     3.77
  SINCE JAN 1      9.21                     10.05  -0.84     8.50

SNOWFALL (IN)
  YESTERDAY        0.0           0.0    MM  MM     MM        0.0
  MONTH TO DATE    0.0                      MM     MM        0.0
  SINCE JUN 1      0.0                      MM     MM        0.0
  SINCE JUL 1     22.6                      MM     MM       30.8
  SNOW DEPTH       0

DEGREE DAYS
 HEATING
  YESTERDAY        0                         0      0        0
  MONTH TO DATE    3                        33    -30       26
  SINCE JUN 1      3                        33    -30       26
  SINCE JUL 1   6876                      7243   -367     7791

 COOLING
  YESTERDAY        6                         7     -1        8
  MONTH TO DATE  138                       101     37       90
  SINCE JUN 1    138                       101     37       90
  SINCE JAN 1    169                       141     28      168
..................................................................


WIND (MPH)
  HIGHEST WIND SPEED    43   HIGHEST WIND DIRECTION    NE (30)
  HIGHEST GUST SPEED    53   HIGHEST GUST DIRECTION    NE (30)
  AVERAGE WIND SPEED    15.7


SKY COVER
  POSSIBLE SUNSHINE  MM
  AVERAGE SKY COVER 0.0


WEATHER CONDITIONS
 THE FOLLOWING WEATHER WAS RECORDED YESTERDAY.
  THUNDERSTORM
  HEAVY RAIN
  RAIN
  LIGHT RAIN
  FOG


RELATIVE HUMIDITY (PERCENT)
 HIGHEST    84           700 AM
 LOWEST     39           100 PM
 AVERAGE    62

..........................................................


THE MITCHELL SD CLIMATE NORMALS FOR TODAY
                         NORMAL    RECORD    YEAR
 MAXIMUM TEMPERATURE (F)   84       110      1937
 MINIMUM TEMPERATURE (F)   61        43      1942


SUNRISE AND SUNSET
JUNE 23 2015..........SUNRISE   551 AM CDT   SUNSET   918 PM CDT
JUNE 24 2015..........SUNRISE   551 AM CDT   SUNSET   918 PM CDT


-  INDICATES NEGATIVE NUMBERS.
R  INDICATES RECORD WAS SET OR TIED.
MM INDICATES DATA IS MISSING.
T  INDICATES TRACE AMOUNT.




$$
