117
CDUS43 KFSD 270632
CLIMHE


CLIMATE REPORT
NATIONAL WEATHER SERVICE SIOUX FALLS SD
130 AM CDT WED APR 27 2016


...................................

...THE MITCHELL SD CLIMATE SUMMARY FOR APRIL 26 2016...

CLIMATE NORMAL PERIOD 1981 TO 2010
CLIMATE RECORD PERIOD 1893 TO 2016


WEATHER ITEM   OBSERVED TIME   RECORD YEAR NORMAL DEPARTURE LAST
                VALUE   (LST)  VALUE       VALUE  FROM      YEAR
                                                  NORMAL
..................................................................
TEMPERATURE (F)
 YESTERDAY
  MAXIMUM         56    402 PM  93    1901  65     -9       67
  MINIMUM         39    544 AM  23    1931  40     -1       37
  AVERAGE         48                        53     -5       52

PRECIPITATION (IN)
  YESTERDAY        0.30          1.29 1994   0.09   0.21     0.00
  MONTH TO DATE    2.04                      1.78   0.26     1.42
  SINCE MAR 1      3.40                      2.84   0.56     1.55
  SINCE JAN 1      4.63                      3.40   1.23     2.32

SNOWFALL (IN)
  YESTERDAY        0.0           2.0  1988  MM     MM        0.0
  MONTH TO DATE    0.2                      MM     MM        0.0
  SINCE MAR 1      3.9                      MM     MM        0.7
  SINCE JUL 1     46.3                      MM     MM       22.6
  SNOW DEPTH       0

DEGREE DAYS
 HEATING
  YESTERDAY       17                        13      4       13
  MONTH TO DATE  404                       472    -68      360
  SINCE MAR 1   1109                      1430   -321     1128
  SINCE JUL 1   5898                      6952  -1054     6618

 COOLING
  YESTERDAY        0                         0      0        0
  MONTH TO DATE    4                         0      4        2
  SINCE MAR 1      4                         0      4        6
  SINCE JAN 1      4                         0      4        6
..................................................................


WIND (MPH)
  HIGHEST WIND SPEED    26   HIGHEST WIND DIRECTION    NE (60)
  HIGHEST GUST SPEED    32   HIGHEST GUST DIRECTION    NE (60)
  AVERAGE WIND SPEED    12.5


SKY COVER
  POSSIBLE SUNSHINE  MM
  AVERAGE SKY COVER 0.8


WEATHER CONDITIONS
 THE FOLLOWING WEATHER WAS RECORDED YESTERDAY.
  THUNDERSTORM
  LIGHT RAIN
  FOG


RELATIVE HUMIDITY (PERCENT)
 HIGHEST    93           800 PM
 LOWEST     66           900 AM
 AVERAGE    80

..........................................................


THE MITCHELL SD CLIMATE NORMALS FOR TODAY
                         NORMAL    RECORD    YEAR
 MAXIMUM TEMPERATURE (F)   66        89      1952
 MINIMUM TEMPERATURE (F)   40        19      1909


SUNRISE AND SUNSET
APRIL 27 2016.........SUNRISE   629 AM CDT   SUNSET   831 PM CDT
APRIL 28 2016.........SUNRISE   628 AM CDT   SUNSET   832 PM CDT


-  INDICATES NEGATIVE NUMBERS.
R  INDICATES RECORD WAS SET OR TIED.
MM INDICATES DATA IS MISSING.
T  INDICATES TRACE AMOUNT.




$$
