000
CDUS43 KFSD 260638
CLIMHE


CLIMATE REPORT
NATIONAL WEATHER SERVICE SIOUX FALLS SD
137 AM CDT WED AUG 26 2015


...................................

...THE MITCHELL SD CLIMATE SUMMARY FOR AUGUST 25 2015...

CLIMATE NORMAL PERIOD 1981 TO 2010
CLIMATE RECORD PERIOD 1893 TO 2015


WEATHER ITEM   OBSERVED TIME   RECORD YEAR NORMAL DEPARTURE LAST
                VALUE   (LST)  VALUE       VALUE  FROM      YEAR
                                                  NORMAL
..................................................................
TEMPERATURE (F)
 YESTERDAY
  MAXIMUM         76        MM 108    1973  82     -6       76
  MINIMUM         46   1100 PM  41    1964  59    -13       53
                                      1911
  AVERAGE         61                        71    -10       65

PRECIPITATION (IN)
  YESTERDAY        0.00          1.65 1981   0.06  -0.06     0.00
  MONTH TO DATE    3.49                      1.95   1.54     3.81
  SINCE JUN 1      9.67                      9.19   0.48     9.36
  SINCE JAN 1     16.76                     15.92   0.84    14.09

SNOWFALL (IN)
  YESTERDAY        0.0           0.0    MM  MM     MM        0.0
  MONTH TO DATE    0.0                      MM     MM        0.0
  SINCE JUN 1      0.0                      MM     MM        0.0
  SINCE JUL 1      0.0                      MM     MM        0.0
  SNOW DEPTH       0

DEGREE DAYS
 HEATING
  YESTERDAY        4                         0      4        0
  MONTH TO DATE   26                         0     26        0
  SINCE JUN 1     31                        40     -9       35
  SINCE JUL 1     28                         5     23        9

 COOLING
  YESTERDAY        0                         6     -6        0
  MONTH TO DATE  162                       195    -33      167
  SINCE JUN 1    652                       673    -21      541
  SINCE JAN 1    683                       713    -30      619
..................................................................


WIND (MPH)
  HIGHEST WIND SPEED    MM   HIGHEST WIND DIRECTION     S (160)
  HIGHEST GUST SPEED    MM   HIGHEST GUST DIRECTION    MM
  AVERAGE WIND SPEED    MM


SKY COVER
  POSSIBLE SUNSHINE  MM
  AVERAGE SKY COVER 0.0


WEATHER CONDITIONS
 THE FOLLOWING WEATHER WAS RECORDED YESTERDAY.
  NO SIGNIFICANT WEATHER WAS OBSERVED.


RELATIVE HUMIDITY (PERCENT)
 HIGHEST    86          1100 PM
 LOWEST     43           300 PM
 AVERAGE    65

..........................................................


THE MITCHELL SD CLIMATE NORMALS FOR TODAY
                         NORMAL    RECORD    YEAR
 MAXIMUM TEMPERATURE (F)   82       106      1976
 MINIMUM TEMPERATURE (F)   59        39      1910


SUNRISE AND SUNSET
AUGUST 26 2015........SUNRISE   649 AM CDT   SUNSET   818 PM CDT
AUGUST 27 2015........SUNRISE   650 AM CDT   SUNSET   817 PM CDT


-  INDICATES NEGATIVE NUMBERS.
R  INDICATES RECORD WAS SET OR TIED.
MM INDICATES DATA IS MISSING.
T  INDICATES TRACE AMOUNT.




$$
