000
CDUS43 KFSD 120623
CLIMHE


CLIMATE REPORT
NATIONAL WEATHER SERVICE SIOUX FALLS SD
122 AM CDT THU MAY 12 2016


...................................

...THE MITCHELL SD CLIMATE SUMMARY FOR MAY 11 2016...

CLIMATE NORMAL PERIOD 1981 TO 2010
CLIMATE RECORD PERIOD 1893 TO 2016


WEATHER ITEM   OBSERVED TIME   RECORD YEAR NORMAL DEPARTURE LAST
                VALUE   (LST)  VALUE       VALUE  FROM      YEAR
                                                  NORMAL
..................................................................
TEMPERATURE (F)
 YESTERDAY
  MAXIMUM         67    240 PM  96    1906  70     -3       49
                                      1900
  MINIMUM         53   1159 PM  21    1946  46      7       39
  AVERAGE         60                        58      2       44

PRECIPITATION (IN)
  YESTERDAY        0.01          3.05 1985   0.07  -0.06      T
  MONTH TO DATE    0.98                      0.87   0.11     2.94
  SINCE MAR 1      7.71                      4.11   3.60     4.49
  SINCE JAN 1      8.94                      4.67   4.27     5.26

SNOWFALL (IN)
  YESTERDAY        0.0           2.5  1905  MM     MM        0.0
  MONTH TO DATE    0.0                      MM     MM        0.0
  SINCE MAR 1      3.9                      MM     MM        0.7
  SINCE JUL 1     46.3                      MM     MM       22.6
  SNOW DEPTH       0

DEGREE DAYS
 HEATING
  YESTERDAY        5                         8     -3       21
  MONTH TO DATE   63                       102    -39       81
  SINCE MAR 1   1256                      1580   -324     1245
  SINCE JUL 1   6045                      7102  -1057     6735

 COOLING
  YESTERDAY        0                         1     -1        0
  MONTH TO DATE    8                         8      0        5
  SINCE MAR 1     12                        10      2       11
  SINCE JAN 1     12                        10      2       11
..................................................................


WIND (MPH)
  HIGHEST WIND SPEED    28   HIGHEST WIND DIRECTION     W (280)
  HIGHEST GUST SPEED    35   HIGHEST GUST DIRECTION     W (290)
  AVERAGE WIND SPEED     9.4


SKY COVER
  POSSIBLE SUNSHINE  MM
  AVERAGE SKY COVER 0.6


WEATHER CONDITIONS
 THE FOLLOWING WEATHER WAS RECORDED YESTERDAY.
  NO SIGNIFICANT WEATHER WAS OBSERVED.


RELATIVE HUMIDITY (PERCENT)
 HIGHEST    93          1200 AM
 LOWEST     40           200 PM
 AVERAGE    67

..........................................................


THE MITCHELL SD CLIMATE NORMALS FOR TODAY
                         NORMAL    RECORD    YEAR
 MAXIMUM TEMPERATURE (F)   70        90      1915
 MINIMUM TEMPERATURE (F)   47        20      1946


SUNRISE AND SUNSET
MAY 12 2016...........SUNRISE   609 AM CDT   SUNSET   848 PM CDT
MAY 13 2016...........SUNRISE   608 AM CDT   SUNSET   849 PM CDT


-  INDICATES NEGATIVE NUMBERS.
R  INDICATES RECORD WAS SET OR TIED.
MM INDICATES DATA IS MISSING.
T  INDICATES TRACE AMOUNT.




$$
