000
CDUS43 KFSD 190631
CLIMHE


CLIMATE REPORT
NATIONAL WEATHER SERVICE SIOUX FALLS SD
128 AM CDT TUE MAY 19 2015


...................................

...THE MITCHELL SD CLIMATE SUMMARY FOR MAY 18 2015...

CLIMATE NORMAL PERIOD 1981 TO 2010
CLIMATE RECORD PERIOD 1893 TO 2015


WEATHER ITEM   OBSERVED TIME   RECORD YEAR NORMAL DEPARTURE LAST
                VALUE   (LST)  VALUE       VALUE  FROM      YEAR
                                                  NORMAL
..................................................................
TEMPERATURE (F)
 YESTERDAY
  MAXIMUM         53    408 PM 104    1934  72    -19       74
  MINIMUM         37   1141 PM  29    2002  49    -12       49
                                      1915
  AVERAGE         45                        60    -15       62

PRECIPITATION (IN)
  YESTERDAY        T             1.93 1938   0.07  -0.07      T
  MONTH TO DATE    4.01                      1.37   2.64     1.00
  SINCE MAR 1      5.56                      4.61   0.95     2.57
  SINCE JAN 1      6.33                      5.17   1.16     3.07

SNOWFALL (IN)
  YESTERDAY        0.0           T    1968  MM     MM        0.0
  MONTH TO DATE    0.0                      MM     MM        0.0
  SINCE MAR 1      0.7                      MM     MM        8.6
  SINCE JUL 1     22.6                      MM     MM       30.8
  SNOW DEPTH       0

DEGREE DAYS
 HEATING
  YESTERDAY       20                         6     14        3
  MONTH TO DATE  136                       151    -15      236
  SINCE MAR 1   1300                      1629   -329     1809
  SINCE JUL 1   6790                      7151   -361     7759

 COOLING
  YESTERDAY        0                         1     -1        0
  MONTH TO DATE   11                        15     -4        0
  SINCE MAR 1     17                        17      0        0
  SINCE JAN 1     17                        17      0        0
..................................................................


WIND (MPH)
  HIGHEST WIND SPEED    35   HIGHEST WIND DIRECTION    NW (320)
  HIGHEST GUST SPEED    42   HIGHEST GUST DIRECTION    NW (320)
  AVERAGE WIND SPEED    20.1


SKY COVER
  POSSIBLE SUNSHINE  MM
  AVERAGE SKY COVER 0.9


WEATHER CONDITIONS
 THE FOLLOWING WEATHER WAS RECORDED YESTERDAY.
  FOG


RELATIVE HUMIDITY (PERCENT)
 HIGHEST    85           300 AM
 LOWEST     56           600 PM
 AVERAGE    71

..........................................................


THE MITCHELL SD CLIMATE NORMALS FOR TODAY
                         NORMAL    RECORD    YEAR
 MAXIMUM TEMPERATURE (F)   72       104      1934
 MINIMUM TEMPERATURE (F)   49        29      2002


SUNRISE AND SUNSET
MAY 19 2015...........SUNRISE   603 AM CDT   SUNSET   855 PM CDT
MAY 20 2015...........SUNRISE   602 AM CDT   SUNSET   856 PM CDT


-  INDICATES NEGATIVE NUMBERS.
R  INDICATES RECORD WAS SET OR TIED.
MM INDICATES DATA IS MISSING.
T  INDICATES TRACE AMOUNT.




$$
