000
CDUS43 KFSD 270637
CLIMHE


CLIMATE REPORT
NATIONAL WEATHER SERVICE SIOUX FALLS SD
136 AM CDT MON JUL 27 2015


...................................

...THE MITCHELL SD CLIMATE SUMMARY FOR JULY 26 2015...

CLIMATE NORMAL PERIOD 1981 TO 2010
CLIMATE RECORD PERIOD 1893 TO 2015


WEATHER ITEM   OBSERVED TIME   RECORD YEAR NORMAL DEPARTURE LAST
                VALUE   (LST)  VALUE       VALUE  FROM      YEAR
                                                  NORMAL
..................................................................
TEMPERATURE (F)
 YESTERDAY
  MAXIMUM         83    412 PM 110    1930  86     -3       86
  MINIMUM         62    607 AM  46    1962  63     -1       64
                                      1911
  AVERAGE         73                        74     -1       75

PRECIPITATION (IN)
  YESTERDAY        0.00          1.51 1965   0.10  -0.10     0.64
  MONTH TO DATE    1.96                      2.64  -0.68     1.22
  SINCE JUN 1      5.87                      6.77  -0.90     5.41
  SINCE JAN 1     12.96                     13.50  -0.54    10.14

SNOWFALL (IN)
  YESTERDAY        0.0           0.0    MM  MM     MM        0.0
  MONTH TO DATE    0.0                      MM     MM        0.0
  SINCE JUN 1      0.0                      MM     MM        0.0
  SINCE JUL 1      0.0                      MM     MM        0.0
  SNOW DEPTH       0

DEGREE DAYS
 HEATING
  YESTERDAY        0                         0      0        0
  MONTH TO DATE    2                         0      2        9
  SINCE JUN 1      5                        35    -30       35
  SINCE JUL 1      2                         0      2        9

 COOLING
  YESTERDAY        8                        10     -2       10
  MONTH TO DATE  245                       258    -13      203
  SINCE JUN 1    442                       428     14      361
  SINCE JAN 1    473                       468      5      439
..................................................................


WIND (MPH)
  HIGHEST WIND SPEED    12   HIGHEST WIND DIRECTION     E (110)
  HIGHEST GUST SPEED    15   HIGHEST GUST DIRECTION    SE (130)
  AVERAGE WIND SPEED     5.5


SKY COVER
  POSSIBLE SUNSHINE  MM
  AVERAGE SKY COVER 0.3


WEATHER CONDITIONS
 THE FOLLOWING WEATHER WAS RECORDED YESTERDAY.
  FOG
  FOG W/VISIBILITY <= 1/4 MILE


RELATIVE HUMIDITY (PERCENT)
 HIGHEST   100          1200 AM
 LOWEST     65           300 PM
 AVERAGE    83

..........................................................


THE MITCHELL SD CLIMATE NORMALS FOR TODAY
                         NORMAL    RECORD    YEAR
 MAXIMUM TEMPERATURE (F)   86       111      1935
 MINIMUM TEMPERATURE (F)   63        45      2013


SUNRISE AND SUNSET
JULY 27 2015..........SUNRISE   615 AM CDT   SUNSET   901 PM CDT
JULY 28 2015..........SUNRISE   616 AM CDT   SUNSET   900 PM CDT


-  INDICATES NEGATIVE NUMBERS.
R  INDICATES RECORD WAS SET OR TIED.
MM INDICATES DATA IS MISSING.
T  INDICATES TRACE AMOUNT.




$$
