000
CDUS43 KFSD 170646
CLIMHE


CLIMATE REPORT
NATIONAL WEATHER SERVICE SIOUX FALLS SD
1245 AM CST WED DEC 17 2014


...................................

...THE MITCHELL SD CLIMATE SUMMARY FOR DECEMBER 16 2014...

CLIMATE NORMAL PERIOD 1981 TO 2010
CLIMATE RECORD PERIOD 1893 TO 2014


WEATHER ITEM   OBSERVED TIME   RECORD YEAR NORMAL DEPARTURE LAST
                VALUE   (LST)  VALUE       VALUE  FROM      YEAR
                                                  NORMAL
..................................................................
TEMPERATURE (F)
 YESTERDAY
  MAXIMUM         22    359 AM  65    1939  29     -7       37
  MINIMUM          6   1030 PM -24    1901  12     -6        5
  AVERAGE         14                        20     -6       21

PRECIPITATION (IN)
  YESTERDAY        T             0.53 1915   0.01  -0.01     0.00
  MONTH TO DATE    0.87                      0.28   0.59     0.49
  SINCE DEC 1      0.87                      0.28   0.59     0.49
  SINCE JAN 1     18.85                     21.35  -2.50    26.15

SNOWFALL (IN)
  YESTERDAY        T             6.0  1915  MM     MM        0.0
  MONTH TO DATE    4.2                      MM     MM        9.0
  SINCE DEC 1      4.2                      MM     MM        9.0
  SINCE JUL 1      9.8                      MM     MM       13.0
  SNOW DEPTH       4

DEGREE DAYS
 HEATING
  YESTERDAY       51                        45      6       44
  MONTH TO DATE  560                       680   -120      840
  SINCE DEC 1    560                       680   -120      840
  SINCE JUL 1   2216                      2248    -32     2348

 COOLING
  YESTERDAY        0                         0      0        0
  MONTH TO DATE    0                         0      0        0
  SINCE DEC 1      0                         0      0        0
  SINCE JAN 1    724                       824   -100      946
..................................................................


WIND (MPH)
  HIGHEST WIND SPEED    29   HIGHEST WIND DIRECTION     N (340)
  HIGHEST GUST SPEED    40   HIGHEST GUST DIRECTION     N (340)
  AVERAGE WIND SPEED    13.1


SKY COVER
  POSSIBLE SUNSHINE  MM
  AVERAGE SKY COVER 0.6


WEATHER CONDITIONS
 THE FOLLOWING WEATHER WAS RECORDED YESTERDAY.
  FOG


RELATIVE HUMIDITY (PERCENT)
 HIGHEST    92           800 PM
 LOWEST     71           200 PM
 AVERAGE    82

..........................................................


THE MITCHELL SD CLIMATE NORMALS FOR TODAY
                         NORMAL    RECORD    YEAR
 MAXIMUM TEMPERATURE (F)   29        58      1962
 MINIMUM TEMPERATURE (F)   11       -24      1922


SUNRISE AND SUNSET
DECEMBER 17 2014......SUNRISE   801 AM CST   SUNSET   456 PM CST
DECEMBER 18 2014......SUNRISE   801 AM CST   SUNSET   456 PM CST


-  INDICATES NEGATIVE NUMBERS.
R  INDICATES RECORD WAS SET OR TIED.
MM INDICATES DATA IS MISSING.
T  INDICATES TRACE AMOUNT.




$$
