000
CDUS43 KFSD 072322
CLIMHE


CLIMATE REPORT
NATIONAL WEATHER SERVICE SIOUX FALLS SD
520 PM CST TUE MAR 7 2017


...................................

...THE MITCHELL SD CLIMATE SUMMARY FOR MARCH 7 2017...
VALID TODAY AS OF 0500 PM LOCAL TIME.

CLIMATE NORMAL PERIOD 1981 TO 2010
CLIMATE RECORD PERIOD 1893 TO 2017


WEATHER ITEM   OBSERVED TIME   RECORD YEAR NORMAL DEPARTURE LAST
                VALUE   (LST)  VALUE       VALUE  FROM      YEAR
                                                  NORMAL
..................................................................
TEMPERATURE (F)
 TODAY
  MAXIMUM         51    112 PM  81    1987  41     10       73
  MINIMUM         31    658 AM -17    1920  21     10       42
  AVERAGE         41                        31     10       58

PRECIPITATION (IN)
  TODAY            0.00          0.91 1990   0.02  -0.02     0.00
  MONTH TO DATE    0.04                      0.17  -0.13      T
  SINCE MAR 1      0.04                      0.17  -0.13      T
  SINCE JAN 1      1.20                      0.73   0.47     1.23

SNOWFALL (IN)
  TODAY            0.0           6.0  1946  MM     MM        0.0
  MONTH TO DATE    0.4                      MM     MM         T
  SINCE MAR 1      0.4                      MM     MM         T
  SINCE JUL 1     25.8                      MM     MM       42.4
  SNOW DEPTH       0

DEGREE DAYS
 HEATING
  TODAY           24                        34    -10        7
  MONTH TO DATE  190                       248    -58      199
  SINCE MAR 1    190                       248    -58      199
  SINCE JUL 1   4924                      5770   -846     4988

 COOLING
  TODAY            0                         0      0        0
  MONTH TO DATE    0                         0      0        0
  SINCE MAR 1      0                         0      0        0
  SINCE JAN 1      0                         0      0        0
..................................................................


WIND (MPH)
  HIGHEST WIND SPEED    41   HIGHEST WIND DIRECTION    NW (310)
  HIGHEST GUST SPEED    52   HIGHEST GUST DIRECTION    NW (320)
  AVERAGE WIND SPEED    22.3


SKY COVER
  POSSIBLE SUNSHINE  MM
  AVERAGE SKY COVER 0.2


WEATHER CONDITIONS
 THE FOLLOWING WEATHER WAS RECORDED TODAY.
  NO SIGNIFICANT WEATHER WAS OBSERVED.


RELATIVE HUMIDITY (PERCENT)
 HIGHEST    69           700 AM
 LOWEST     24           200 PM
 AVERAGE    47

..........................................................


THE MITCHELL SD CLIMATE NORMALS FOR TOMORROW
                         NORMAL    RECORD    YEAR
 MAXIMUM TEMPERATURE (F)   41        75      1900
 MINIMUM TEMPERATURE (F)   21       -16      1995


SUNRISE AND SUNSET
MARCH  7 2017.........SUNRISE   658 AM CST   SUNSET   629 PM CST
MARCH  8 2017.........SUNRISE   656 AM CST   SUNSET   630 PM CST


-  INDICATES NEGATIVE NUMBERS.
R  INDICATES RECORD WAS SET OR TIED.
MM INDICATES DATA IS MISSING.
T  INDICATES TRACE AMOUNT.




$$
