000
CDUS43 KFSD 090634
CLIMHE


CLIMATE REPORT
NATIONAL WEATHER SERVICE SIOUX FALLS SD
134 AM CDT SAT SEP 9 2017


...................................

...THE MITCHELL SD CLIMATE SUMMARY FOR SEPTEMBER 8 2017...

CLIMATE NORMAL PERIOD 1981 TO 2010
CLIMATE RECORD PERIOD 1893 TO 2017


WEATHER ITEM   OBSERVED TIME   RECORD YEAR NORMAL DEPARTURE LAST
                VALUE   (LST)  VALUE       VALUE  FROM      YEAR
                                                  NORMAL
..................................................................
TEMPERATURE (F)
 YESTERDAY
  MAXIMUM         83    358 PM 102    1908  79      4       77
  MINIMUM         49    610 AM  37    1995  53     -4       55
                                      1992
  AVERAGE         66                        66      0       66

PRECIPITATION (IN)
  YESTERDAY        0.00          2.15 1926   0.07  -0.07      T
  MONTH TO DATE    0.10                      0.66  -0.56     1.62
  SINCE SEP 1      0.10                      0.66  -0.56     1.62
  SINCE JAN 1     13.92                     17.01  -3.09    21.03

SNOWFALL (IN)
  YESTERDAY        0.0           0.0    MM  MM     MM        0.0
  MONTH TO DATE    0.0                      MM     MM        0.0
  SINCE SEP 1      0.0                      MM     MM        0.0
  SINCE JUL 1      0.0                      MM     MM        0.0
  SNOW DEPTH       0

DEGREE DAYS
 HEATING
  YESTERDAY        0                         3     -3        0
  MONTH TO DATE   16                        16      0        0
  SINCE SEP 1     16                        16      0        0
  SINCE JUL 1     18                        33    -15        8

 COOLING
  YESTERDAY        1                         4     -3        1
  MONTH TO DATE   20                        36    -16       43
  SINCE SEP 1     20                        36    -16       43
  SINCE JAN 1    790                       781      9      975
..................................................................


WIND (MPH)
  HIGHEST WIND SPEED    17   HIGHEST WIND DIRECTION     E (110)
  HIGHEST GUST SPEED    23   HIGHEST GUST DIRECTION    SE (130)
  AVERAGE WIND SPEED     8.7


SKY COVER
  POSSIBLE SUNSHINE  MM
  AVERAGE SKY COVER 0.0


WEATHER CONDITIONS
 THE FOLLOWING WEATHER WAS RECORDED YESTERDAY.
  NO SIGNIFICANT WEATHER WAS OBSERVED.


RELATIVE HUMIDITY (PERCENT)
 HIGHEST   100           400 AM
 LOWEST     43           200 PM
 AVERAGE    72

..........................................................


THE MITCHELL SD CLIMATE NORMALS FOR TODAY
                         NORMAL    RECORD    YEAR
 MAXIMUM TEMPERATURE (F)   78       105      1904
 MINIMUM TEMPERATURE (F)   53        31      1910


SUNRISE AND SUNSET
SEPTEMBER  9 2017.....SUNRISE   705 AM CDT   SUNSET   753 PM CDT
SEPTEMBER 10 2017.....SUNRISE   706 AM CDT   SUNSET   751 PM CDT


-  INDICATES NEGATIVE NUMBERS.
R  INDICATES RECORD WAS SET OR TIED.
MM INDICATES DATA IS MISSING.
T  INDICATES TRACE AMOUNT.




$$
