000
CDUS43 KFSD 022231
CLIMHE


CLIMATE REPORT
NATIONAL WEATHER SERVICE SIOUX FALLS SD
530 PM CDT WED AUG 2 2017


...................................

...THE MITCHELL SD CLIMATE SUMMARY FOR AUGUST 2 2017...
VALID TODAY AS OF 0500 PM LOCAL TIME.

CLIMATE NORMAL PERIOD 1981 TO 2010
CLIMATE RECORD PERIOD 1893 TO 2017


WEATHER ITEM   OBSERVED TIME   RECORD YEAR NORMAL DEPARTURE LAST
                VALUE   (LST)  VALUE       VALUE  FROM      YEAR
                                                  NORMAL
..................................................................
TEMPERATURE (F)
 TODAY
  MAXIMUM         80   1234 PM 108    1938  85     -5       89
  MINIMUM         57    547 AM  43    1950  63     -6       69
                                      1907
  AVERAGE         69                        74     -5       79

PRECIPITATION (IN)
  TODAY            0.00          1.55 1909   0.06  -0.06     0.00
  MONTH TO DATE    0.00                      0.12  -0.12     0.36
  SINCE JUN 1      3.77                      7.36  -3.59     3.94
  SINCE JAN 1     10.79                     14.09  -3.30    16.46

SNOWFALL (IN)
  TODAY            0.0           0.0    MM  MM     MM        0.0
  MONTH TO DATE    0.0                      MM     MM        0.0
  SINCE JUN 1      0.0                      MM     MM        0.0
  SINCE JUL 1      0.0                      MM     MM        0.0
  SNOW DEPTH       0

DEGREE DAYS
 HEATING
  TODAY            0                         0      0        0
  MONTH TO DATE    0                         0      0        0
  SINCE JUN 1     12                        40    -28        7
  SINCE JUL 1      0                         5     -5        3

 COOLING
  TODAY            4                         9     -5       14
  MONTH TO DATE   14                        18     -4       24
  SINCE JUN 1    626                       496    130      639
  SINCE JAN 1    658                       536    122      683
..................................................................


WIND (MPH)
  HIGHEST WIND SPEED    12   HIGHEST WIND DIRECTION    NE (50)
  HIGHEST GUST SPEED    17   HIGHEST GUST DIRECTION    NE (40)
  AVERAGE WIND SPEED     4.6


SKY COVER
  POSSIBLE SUNSHINE  MM
  AVERAGE SKY COVER 0.0


WEATHER CONDITIONS
 THE FOLLOWING WEATHER WAS RECORDED TODAY.
  NO SIGNIFICANT WEATHER WAS OBSERVED.


RELATIVE HUMIDITY (PERCENT)
 HIGHEST    93           200 AM
 LOWEST     54          1200 PM
 AVERAGE    74

..........................................................


THE MITCHELL SD CLIMATE NORMALS FOR TOMORROW
                         NORMAL    RECORD    YEAR
 MAXIMUM TEMPERATURE (F)   85       107      1930
 MINIMUM TEMPERATURE (F)   63        42      1907


SUNRISE AND SUNSET
AUGUST  2 2017........SUNRISE   622 AM CDT   SUNSET   854 PM CDT
AUGUST  3 2017........SUNRISE   623 AM CDT   SUNSET   852 PM CDT


-  INDICATES NEGATIVE NUMBERS.
R  INDICATES RECORD WAS SET OR TIED.
MM INDICATES DATA IS MISSING.
T  INDICATES TRACE AMOUNT.




$$
