000
CDUS43 KFSD 050653
CLIMHE


CLIMATE REPORT
NATIONAL WEATHER SERVICE SIOUX FALLS SD
153 AM CDT THU OCT 5 2017


...................................

...THE MITCHELL SD CLIMATE SUMMARY FOR OCTOBER 4 2017...

CLIMATE NORMAL PERIOD 1981 TO 2010
CLIMATE RECORD PERIOD 1893 TO 2017


WEATHER ITEM   OBSERVED TIME   RECORD YEAR NORMAL DEPARTURE LAST
                VALUE   (LST)  VALUE       VALUE  FROM      YEAR
                                                  NORMAL
..................................................................
TEMPERATURE (F)
 YESTERDAY
  MAXIMUM         58    545 PM  96    1922  68    -10       67
  MINIMUM         39    655 AM  21    1935  41     -2       49
  AVERAGE         49                        54     -5       58

PRECIPITATION (IN)
  YESTERDAY        0.00          1.33 2016   0.06  -0.06     1.33
  MONTH TO DATE    2.74                      0.26   2.48     1.33
  SINCE SEP 1      5.35                      2.58   2.77     3.48
  SINCE JAN 1     19.17                     18.93   0.24    22.89

SNOWFALL (IN)
  YESTERDAY        0.0           T    1950  MM     MM        0.0
  MONTH TO DATE    0.0                      MM     MM        0.0
  SINCE SEP 1      0.0                      MM     MM        0.0
  SINCE JUL 1      0.0                      MM     MM        0.0
  SNOW DEPTH       0

DEGREE DAYS
 HEATING
  YESTERDAY       16                        11      5        7
  MONTH TO DATE   35                        42     -7       12
  SINCE SEP 1    129                       183    -54       88
  SINCE JUL 1    131                       200    -69       96

 COOLING
  YESTERDAY        0                         1     -1        0
  MONTH TO DATE    5                         4      1        4
  SINCE SEP 1    118                        76     42      103
  SINCE JAN 1    888                       821     67     1035
..................................................................


WIND (MPH)
  HIGHEST WIND SPEED     9   HIGHEST WIND DIRECTION    NW (300)
  HIGHEST GUST SPEED    12   HIGHEST GUST DIRECTION     W (290)
  AVERAGE WIND SPEED     4.1


SKY COVER
  POSSIBLE SUNSHINE  MM
  AVERAGE SKY COVER 0.5


WEATHER CONDITIONS
 THE FOLLOWING WEATHER WAS RECORDED YESTERDAY.
  NO SIGNIFICANT WEATHER WAS OBSERVED.


RELATIVE HUMIDITY (PERCENT)
 HIGHEST    89          1200 AM
 LOWEST     47           300 PM
 AVERAGE    68

..........................................................


THE MITCHELL SD CLIMATE NORMALS FOR TODAY
                         NORMAL    RECORD    YEAR
 MAXIMUM TEMPERATURE (F)   67        93      1963
 MINIMUM TEMPERATURE (F)   41        18      1898


SUNRISE AND SUNSET
OCTOBER  5 2017.......SUNRISE   735 AM CDT   SUNSET   705 PM CDT
OCTOBER  6 2017.......SUNRISE   736 AM CDT   SUNSET   704 PM CDT


-  INDICATES NEGATIVE NUMBERS.
R  INDICATES RECORD WAS SET OR TIED.
MM INDICATES DATA IS MISSING.
T  INDICATES TRACE AMOUNT.




$$
