000
CDUS43 KFSD 230641
CLIMHE


CLIMATE REPORT
NATIONAL WEATHER SERVICE SIOUX FALLS SD
1240 AM CST WED NOV 23 2016


...................................

...THE MITCHELL SD CLIMATE SUMMARY FOR NOVEMBER 22 2016...

CLIMATE NORMAL PERIOD 1981 TO 2010
CLIMATE RECORD PERIOD 1893 TO 2016


WEATHER ITEM   OBSERVED TIME   RECORD YEAR NORMAL DEPARTURE LAST
                VALUE   (LST)  VALUE       VALUE  FROM      YEAR
                                                  NORMAL
..................................................................
TEMPERATURE (F)
 YESTERDAY
  MAXIMUM         37    332 PM  72    1974  40     -3       42
  MINIMUM         35   1159 PM  -7    1929  20     15       17
                                      1898
  AVERAGE         36                        30      6       30

PRECIPITATION (IN)
  YESTERDAY        T             0.75 1963   0.02  -0.02     0.00
  MONTH TO DATE    0.52                      0.64  -0.12     1.80
  SINCE SEP 1      4.62                      4.58   0.04     4.84
  SINCE JAN 1     24.03                     20.93   3.10    21.77

SNOWFALL (IN)
  YESTERDAY        0.0           6.0  1909  MM     MM        0.0
  MONTH TO DATE    4.2                      MM     MM        6.0
  SINCE SEP 1      4.2                      MM     MM        6.0
  SINCE JUL 1      4.2                      MM     MM        6.0
  SNOW DEPTH       0

DEGREE DAYS
 HEATING
  YESTERDAY       29                        35     -6       35
  MONTH TO DATE  411                       628   -217      465
  SINCE SEP 1    854                      1252   -398      859
  SINCE JUL 1    862                      1269   -407      887

 COOLING
  YESTERDAY        0                         0      0        0
  MONTH TO DATE    0                         0      0        0
  SINCE SEP 1    104                        79     25      170
  SINCE JAN 1   1036                       824    212      894
..................................................................


WIND (MPH)
  HIGHEST WIND SPEED    18   HIGHEST WIND DIRECTION    SE (130)
  HIGHEST GUST SPEED    22   HIGHEST GUST DIRECTION    SE (130)
  AVERAGE WIND SPEED     8.9


SKY COVER
  POSSIBLE SUNSHINE  MM
  AVERAGE SKY COVER 0.9


WEATHER CONDITIONS
 THE FOLLOWING WEATHER WAS RECORDED YESTERDAY.
  LIGHT RAIN
  FOG


RELATIVE HUMIDITY (PERCENT)
 HIGHEST   100          1100 AM
 LOWEST     89          1200 AM
 AVERAGE    95

..........................................................


THE MITCHELL SD CLIMATE NORMALS FOR TODAY
                         NORMAL    RECORD    YEAR
 MAXIMUM TEMPERATURE (F)   39        74      1899
 MINIMUM TEMPERATURE (F)   20       -13      1898


SUNRISE AND SUNSET
NOVEMBER 23 2016......SUNRISE   737 AM CST   SUNSET   500 PM CST
NOVEMBER 24 2016......SUNRISE   739 AM CST   SUNSET   459 PM CST


-  INDICATES NEGATIVE NUMBERS.
R  INDICATES RECORD WAS SET OR TIED.
MM INDICATES DATA IS MISSING.
T  INDICATES TRACE AMOUNT.




$$
