000
CDUS43 KFSD 120635
CLIMHE


CLIMATE REPORT
NATIONAL WEATHER SERVICE SIOUX FALLS SD
1233 AM CST FRI DEC 12 2014


...................................

...THE MITCHELL SD CLIMATE SUMMARY FOR DECEMBER 11 2014...

CLIMATE NORMAL PERIOD 1981 TO 2010
CLIMATE RECORD PERIOD 1893 TO 2014


WEATHER ITEM   OBSERVED TIME   RECORD YEAR NORMAL DEPARTURE LAST
                VALUE   (LST)  VALUE       VALUE  FROM      YEAR
                                                  NORMAL
..................................................................
TEMPERATURE (F)
 YESTERDAY
  MAXIMUM         43    330 PM  65    1968  31     12       10
  MINIMUM         31   1111 PM -18    1917  13     18      -12
  AVERAGE         37                        22     15       -1

PRECIPITATION (IN)
  YESTERDAY        0.00          0.86 1949   0.02  -0.02     0.00
  MONTH TO DATE    0.00                      0.23  -0.23     0.48
  SINCE DEC 1      0.00                      0.23  -0.23     0.48
  SINCE JAN 1     17.98                     21.30  -3.32    26.14

SNOWFALL (IN)
  YESTERDAY        0.0          10.0  1903  MM     MM        0.0
  MONTH TO DATE    0.0                      MM     MM        8.9
  SINCE DEC 1      0.0                      MM     MM        8.9
  SINCE JUL 1      5.6                      MM     MM       12.9
  SNOW DEPTH       0

DEGREE DAYS
 HEATING
  YESTERDAY       28                        43    -15       66
  MONTH TO DATE  411                       459    -48      592
  SINCE DEC 1    411                       459    -48      592
  SINCE JUL 1   2067                      2027     40     2100

 COOLING
  YESTERDAY        0                         0      0        0
  MONTH TO DATE    0                         0      0        0
  SINCE DEC 1      0                         0      0        0
  SINCE JAN 1    724                       824   -100      946
..................................................................


WIND (MPH)
  HIGHEST WIND SPEED    23   HIGHEST WIND DIRECTION     S (170)
  HIGHEST GUST SPEED    28   HIGHEST GUST DIRECTION     S (170)
  AVERAGE WIND SPEED    13.2


SKY COVER
  POSSIBLE SUNSHINE  MM
  AVERAGE SKY COVER 0.5


WEATHER CONDITIONS
 THE FOLLOWING WEATHER WAS RECORDED YESTERDAY.
  FOG
  HAZE


RELATIVE HUMIDITY (PERCENT)
 HIGHEST    96           100 AM
 LOWEST     67           400 PM
 AVERAGE    82

..........................................................


THE MITCHELL SD CLIMATE NORMALS FOR TODAY
                         NORMAL    RECORD    YEAR
 MAXIMUM TEMPERATURE (F)   30        59      1939
                                             1921
 MINIMUM TEMPERATURE (F)   12       -25      1932


SUNRISE AND SUNSET
DECEMBER 12 2014......SUNRISE   757 AM CST   SUNSET   455 PM CST
DECEMBER 13 2014......SUNRISE   758 AM CST   SUNSET   455 PM CST


-  INDICATES NEGATIVE NUMBERS.
R  INDICATES RECORD WAS SET OR TIED.
MM INDICATES DATA IS MISSING.
T  INDICATES TRACE AMOUNT.




$$
