000
CDUS43 KFSD 060634
CLIMHE


CLIMATE REPORT
NATIONAL WEATHER SERVICE SIOUX FALLS SD
1234 AM CST WED DEC 6 2017


...................................

...THE MITCHELL SD CLIMATE SUMMARY FOR DECEMBER 5 2017...

CLIMATE NORMAL PERIOD 1981 TO 2010
CLIMATE RECORD PERIOD 1893 TO 2017


WEATHER ITEM   OBSERVED TIME   RECORD YEAR NORMAL DEPARTURE LAST
                VALUE   (LST)  VALUE       VALUE  FROM      YEAR
                                                  NORMAL
..................................................................
TEMPERATURE (F)
 YESTERDAY
  MAXIMUM         34    731 PM  65    1939  33      1       49
  MINIMUM         17    828 AM -12    2005  14      3       19
  AVERAGE         26                        24      2       34

PRECIPITATION (IN)
  YESTERDAY       MM             0.92 1960   0.03  MM        0.00
  MONTH TO DATE    0.20                      0.13   0.07     0.03
  SINCE DEC 1      0.20                      0.13   0.07     0.03
  SINCE JAN 1     19.80                     21.20  -1.40    25.24

SNOWFALL (IN)
  YESTERDAY       MM             6.0  1936  MM     MM        0.0
  MONTH TO DATE    1.3                      MM     MM         T
  SINCE DEC 1      1.3                      MM     MM         T
  SINCE JUL 1      2.5                      MM     MM        5.5
  SNOW DEPTH      MM

DEGREE DAYS
 HEATING
  YESTERDAY       39                        41     -2       31
  MONTH TO DATE  149                       203    -54      160
  SINCE DEC 1    149                       203    -54      160
  SINCE JUL 1   1538                      1771   -233     1254

 COOLING
  YESTERDAY        0                         0      0        0
  MONTH TO DATE    0                         0      0        0
  SINCE DEC 1      0                         0      0        0
  SINCE JAN 1    890                       824     66     1036
..................................................................


WIND (MPH)
  HIGHEST WIND SPEED    23   HIGHEST WIND DIRECTION    NW (320)
  HIGHEST GUST SPEED    29   HIGHEST GUST DIRECTION    NW (320)
  AVERAGE WIND SPEED    13.9


SKY COVER
  POSSIBLE SUNSHINE  MM
  AVERAGE SKY COVER 0.7


WEATHER CONDITIONS
 THE FOLLOWING WEATHER WAS RECORDED YESTERDAY.
  LIGHT SNOW
  FOG


RELATIVE HUMIDITY (PERCENT)
 HIGHEST    96           600 PM
 LOWEST     59           600 AM
 AVERAGE    78

..........................................................


THE MITCHELL SD CLIMATE NORMALS FOR TODAY
                         NORMAL    RECORD    YEAR
 MAXIMUM TEMPERATURE (F)   32        67      1939
 MINIMUM TEMPERATURE (F)   14       -16      1950


SUNRISE AND SUNSET
DECEMBER  6 2017......SUNRISE   752 AM CST   SUNSET   455 PM CST
DECEMBER  7 2017......SUNRISE   753 AM CST   SUNSET   455 PM CST


-  INDICATES NEGATIVE NUMBERS.
R  INDICATES RECORD WAS SET OR TIED.
MM INDICATES DATA IS MISSING.
T  INDICATES TRACE AMOUNT.




$$
