000
CDUS43 KFSD 120708
CLIMHE


CLIMATE REPORT
NATIONAL WEATHER SERVICE SIOUX FALLS SD
207 AM CDT SAT APR 12 2014


...................................

...THE MITCHELL SD CLIMATE SUMMARY FOR APRIL 11 2014...

CLIMATE NORMAL PERIOD 1981 TO 2010
CLIMATE RECORD PERIOD 1893 TO 2014


WEATHER ITEM   OBSERVED TIME   RECORD YEAR NORMAL DEPARTURE LAST
                VALUE   (LST)  VALUE       VALUE  FROM      YEAR
                                                  NORMAL
..................................................................
TEMPERATURE (F)
 YESTERDAY
  MAXIMUM         73    337 PM  89    1968  58     15       32
  MINIMUM         40    604 AM  14    1997  33      7       29
                                      1939
  AVERAGE         57                        46     11       31

PRECIPITATION (IN)
  YESTERDAY        0.00          1.54 1979   0.07  -0.07     0.48
  MONTH TO DATE    T                         0.49  -0.49     1.56
  SINCE MAR 1      1.04                      1.55  -0.51     2.36
  SINCE JAN 1      1.54                      2.11  -0.57     3.93

SNOWFALL (IN)
  YESTERDAY        0.0           4.0  2013  MM     MM        4.0
  MONTH TO DATE    T                        MM     MM       13.8
  SINCE MAR 1      8.6                      MM     MM       17.2
  SINCE JUL 1     30.8                      MM     MM       45.1
  SNOW DEPTH       0

DEGREE DAYS
 HEATING
  YESTERDAY        8                        19    -11       34
  MONTH TO DATE  230                       239     -9      285
  SINCE MAR 1   1276                      1197     79     1424
  SINCE JUL 1   7226                      6719    507     6889

 COOLING
  YESTERDAY        0                         0      0        0
  MONTH TO DATE    0                         0      0        0
  SINCE MAR 1      0                         0      0        0
  SINCE JAN 1      0                         0      0        0
..................................................................


WIND (MPH)
  HIGHEST WIND SPEED    MM   HIGHEST WIND DIRECTION    MM
  HIGHEST GUST SPEED    MM   HIGHEST GUST DIRECTION    MM
  AVERAGE WIND SPEED     8.1


SKY COVER
  POSSIBLE SUNSHINE  MM
  AVERAGE SKY COVER 0.1


WEATHER CONDITIONS
 THE FOLLOWING WEATHER WAS RECORDED YESTERDAY.
  NO SIGNIFICANT WEATHER WAS OBSERVED.


RELATIVE HUMIDITY (PERCENT)
 HIGHEST    76           700 AM
 LOWEST     22           100 PM
 AVERAGE    49

..........................................................


THE MITCHELL SD CLIMATE NORMALS FOR TODAY
                         NORMAL    RECORD    YEAR
 MAXIMUM TEMPERATURE (F)   59        91      1931
 MINIMUM TEMPERATURE (F)   34        15      1997
                                             1957


SUNRISE AND SUNSET
APRIL 12 2014.........SUNRISE   654 AM CDT   SUNSET   812 PM CDT
APRIL 13 2014.........SUNRISE   653 AM CDT   SUNSET   813 PM CDT


-  INDICATES NEGATIVE NUMBERS.
R  INDICATES RECORD WAS SET OR TIED.
MM INDICATES DATA IS MISSING.
T  INDICATES TRACE AMOUNT.




$$
