692
CDUS43 KFSD 180019
CLIMHE


CLIMATE REPORT
NATIONAL WEATHER SERVICE SIOUX FALLS SD
719 PM CDT SAT SEP 17 2016


...................................

...THE MITCHELL SD CLIMATE SUMMARY FOR SEPTEMBER 17 2016...
VALID TODAY AS OF 0700 PM LOCAL TIME.

CLIMATE NORMAL PERIOD 1981 TO 2010
CLIMATE RECORD PERIOD 1893 TO 2016


WEATHER ITEM   OBSERVED TIME   RECORD YEAR NORMAL DEPARTURE LAST
                VALUE   (LST)  VALUE       VALUE  FROM      YEAR
                                                  NORMAL
..................................................................
TEMPERATURE (F)
 TODAY
  MAXIMUM         79    500 PM  97    1955  75      4       77
                                      1940
  MINIMUM         53    719 AM  30    1916  49      4       49
                                      1899
  AVERAGE         66                        62      4       63

PRECIPITATION (IN)
  TODAY            0.00          0.80 1923   0.08  -0.08     0.00
  MONTH TO DATE    2.12                      1.34   0.78      T
  SINCE SEP 1      2.12                      1.34   0.78      T
  SINCE JAN 1     21.53                     17.69   3.84    16.93

SNOWFALL (IN)
  TODAY            0.0           0.0    MM  MM     MM        0.0
  MONTH TO DATE    0.0                      MM     MM        0.0
  SINCE SEP 1      0.0                      MM     MM        0.0
  SINCE JUL 1      0.0                      MM     MM        0.0
  SNOW DEPTH       0

DEGREE DAYS
 HEATING
  TODAY            0                         5     -5        2
  MONTH TO DATE   35                        49    -14       23
  SINCE SEP 1     35                        49    -14       23
  SINCE JUL 1     43                        66    -23       51

 COOLING
  TODAY            1                         2     -1        0
  MONTH TO DATE   52                        59     -7      120
  SINCE SEP 1     52                        59     -7      120
  SINCE JAN 1    984                       804    180      844
..................................................................


WIND (MPH)
  HIGHEST WIND SPEED    14   HIGHEST WIND DIRECTION     S (170)
  HIGHEST GUST SPEED    18   HIGHEST GUST DIRECTION     S (190)
  AVERAGE WIND SPEED     7.3


SKY COVER
  POSSIBLE SUNSHINE  MM
  AVERAGE SKY COVER 0.4


WEATHER CONDITIONS
 THE FOLLOWING WEATHER WAS RECORDED TODAY.
  NO SIGNIFICANT WEATHER WAS OBSERVED.


RELATIVE HUMIDITY (PERCENT)
 HIGHEST    93          1200 AM
 LOWEST     42           200 PM
 AVERAGE    68

..........................................................


THE MITCHELL SD CLIMATE NORMALS FOR TOMORROW
                         NORMAL    RECORD    YEAR
 MAXIMUM TEMPERATURE (F)   75       100      1940
 MINIMUM TEMPERATURE (F)   48        26      1901


SUNRISE AND SUNSET
SEPTEMBER 17 2016.....SUNRISE   714 AM CDT   SUNSET   738 PM CDT
SEPTEMBER 18 2016.....SUNRISE   715 AM CDT   SUNSET   736 PM CDT


-  INDICATES NEGATIVE NUMBERS.
R  INDICATES RECORD WAS SET OR TIED.
MM INDICATES DATA IS MISSING.
T  INDICATES TRACE AMOUNT.




$$
