157
CDUS43 KFSD 030636
CLIMHE


CLIMATE REPORT
NATIONAL WEATHER SERVICE SIOUX FALLS SD
1234 AM CST SUN DEC 3 2017


...................................

...THE MITCHELL SD CLIMATE SUMMARY FOR DECEMBER 2 2017...

CLIMATE NORMAL PERIOD 1981 TO 2010
CLIMATE RECORD PERIOD 1893 TO 2017


WEATHER ITEM   OBSERVED TIME   RECORD YEAR NORMAL DEPARTURE LAST
                VALUE   (LST)  VALUE       VALUE  FROM      YEAR
                                                  NORMAL
..................................................................
TEMPERATURE (F)
 YESTERDAY
  MAXIMUM         56    308 PM  70    1998  34     22       33
  MINIMUM         23    813 AM -17    1985  16      7       28
  AVERAGE         40                        25     15       31

PRECIPITATION (IN)
  YESTERDAY        0.00          0.55 1909   0.02  -0.02      T
  MONTH TO DATE    0.00                      0.05  -0.05      T
  SINCE DEC 1      0.00                      0.05  -0.05      T
  SINCE JAN 1     19.60                     21.12  -1.52    25.21

SNOWFALL (IN)
  YESTERDAY        0.0           6.0  1978  MM     MM         T
  MONTH TO DATE    0.0                      MM     MM         T
  SINCE DEC 1      0.0                      MM     MM         T
  SINCE JUL 1      1.2                      MM     MM        5.5
  SNOW DEPTH       0

DEGREE DAYS
 HEATING
  YESTERDAY       25                        40    -15       34
  MONTH TO DATE   53                        80    -27       67
  SINCE DEC 1     53                        80    -27       67
  SINCE JUL 1   1442                      1648   -206     1161

 COOLING
  YESTERDAY        0                         0      0        0
  MONTH TO DATE    0                         0      0        0
  SINCE DEC 1      0                         0      0        0
  SINCE JAN 1    890                       824     66     1036
..................................................................


WIND (MPH)
  HIGHEST WIND SPEED    18   HIGHEST WIND DIRECTION    SE (150)
  HIGHEST GUST SPEED    23   HIGHEST GUST DIRECTION    SE (150)
  AVERAGE WIND SPEED     7.6


SKY COVER
  POSSIBLE SUNSHINE  MM
  AVERAGE SKY COVER 0.0


WEATHER CONDITIONS
 THE FOLLOWING WEATHER WAS RECORDED YESTERDAY.
  NO SIGNIFICANT WEATHER WAS OBSERVED.


RELATIVE HUMIDITY (PERCENT)
 HIGHEST    81           800 AM
 LOWEST     27           200 PM
 AVERAGE    54

..........................................................


THE MITCHELL SD CLIMATE NORMALS FOR TODAY
                         NORMAL    RECORD    YEAR
 MAXIMUM TEMPERATURE (F)   34        69      1998
 MINIMUM TEMPERATURE (F)   15        -9      1919


SUNRISE AND SUNSET
DECEMBER  3 2017......SUNRISE   749 AM CST   SUNSET   455 PM CST
DECEMBER  4 2017......SUNRISE   750 AM CST   SUNSET   455 PM CST


-  INDICATES NEGATIVE NUMBERS.
R  INDICATES RECORD WAS SET OR TIED.
MM INDICATES DATA IS MISSING.
T  INDICATES TRACE AMOUNT.




$$
