000
CDUS43 KFSD 110659
CLIMHE


CLIMATE REPORT
NATIONAL WEATHER SERVICE SIOUX FALLS SD
155 AM CDT TUE APR 11 2017


...................................

...THE MITCHELL SD CLIMATE SUMMARY FOR APRIL 10 2017...

CLIMATE NORMAL PERIOD 1981 TO 2010
CLIMATE RECORD PERIOD 1893 TO 2017


WEATHER ITEM   OBSERVED TIME   RECORD YEAR NORMAL DEPARTURE LAST
                VALUE   (LST)  VALUE       VALUE  FROM      YEAR
                                                  NORMAL
..................................................................
TEMPERATURE (F)
 YESTERDAY
  MAXIMUM         44    609 PM  88    1977  58    -14       67
  MINIMUM         29   1007 AM  13    1939  33     -4       31
  AVERAGE         37                        45     -8       49

PRECIPITATION (IN)
  YESTERDAY        1.04          1.25 2008   0.07   0.97     0.00
  MONTH TO DATE    1.76                      0.42   1.34     0.07
  SINCE MAR 1      2.10                      1.48   0.62     1.43
  SINCE JAN 1      3.26                      2.04   1.22     2.66

SNOWFALL (IN)
  YESTERDAY        1.6          11.0  1995  MM     MM        0.0
  MONTH TO DATE    1.6                      MM     MM        0.2
  SINCE MAR 1      5.2                      MM     MM        3.9
  SINCE JUL 1     30.6                      MM     MM       46.3
  SNOW DEPTH       0

DEGREE DAYS
 HEATING
  YESTERDAY       28                        20      8       16
  MONTH TO DATE  154                       220    -66      210
  SINCE MAR 1   1023                      1178   -155      915
  SINCE JUL 1   5757                      6700   -943     5704

 COOLING
  YESTERDAY        0                         0      0        0
  MONTH TO DATE    0                         0      0        0
  SINCE MAR 1      0                         0      0        0
  SINCE JAN 1      0                         0      0        0
..................................................................


WIND (MPH)
  HIGHEST WIND SPEED    32   HIGHEST WIND DIRECTION    NE (30)
  HIGHEST GUST SPEED    42   HIGHEST GUST DIRECTION    NE (30)
  AVERAGE WIND SPEED    15.0


SKY COVER
  POSSIBLE SUNSHINE  MM
  AVERAGE SKY COVER 0.8


WEATHER CONDITIONS
 THE FOLLOWING WEATHER WAS RECORDED YESTERDAY.
  LIGHT RAIN
  FREEZING RAIN
  LT FREEZING RAIN
  LIGHT SNOW
  FOG


RELATIVE HUMIDITY (PERCENT)
 HIGHEST   100           400 AM
 LOWEST     70           500 PM
 AVERAGE    85

..........................................................


THE MITCHELL SD CLIMATE NORMALS FOR TODAY
                         NORMAL    RECORD    YEAR
 MAXIMUM TEMPERATURE (F)   58        89      1968
 MINIMUM TEMPERATURE (F)   33        14      1997
                                             1939


SUNRISE AND SUNSET
APRIL 11 2017.........SUNRISE   656 AM CDT   SUNSET   811 PM CDT
APRIL 12 2017.........SUNRISE   654 AM CDT   SUNSET   813 PM CDT


-  INDICATES NEGATIVE NUMBERS.
R  INDICATES RECORD WAS SET OR TIED.
MM INDICATES DATA IS MISSING.
T  INDICATES TRACE AMOUNT.




$$
