000
CDUS43 KFSD 072222
CLIMHE


CLIMATE REPORT
NATIONAL WEATHER SERVICE SIOUX FALLS SD
519 PM CDT MON JUL 7 2014


...................................

...THE MITCHELL SD CLIMATE SUMMARY FOR JULY 7 2014...
VALID TODAY AS OF 0500 PM LOCAL TIME.

CLIMATE NORMAL PERIOD 1981 TO 2010
CLIMATE RECORD PERIOD 1893 TO 2014


WEATHER ITEM   OBSERVED TIME   RECORD YEAR NORMAL DEPARTURE LAST
                VALUE   (LST)  VALUE       VALUE  FROM      YEAR
                                                  NORMAL
..................................................................
TEMPERATURE (F)
 TODAY
  MAXIMUM         87    241 PM 103    2007  87      0       90
                                      1930
  MINIMUM         61    453 AM  45    1922  63     -2       68
  AVERAGE         74                        75     -1       79

PRECIPITATION (IN)
  TODAY            0.05          2.50 1918   0.12  -0.07     0.12
  MONTH TO DATE    0.06                      0.86  -0.80     0.12
  SINCE JUN 1      4.25                      4.99  -0.74     2.26
  SINCE JAN 1      8.98                     11.72  -2.74    12.21

SNOWFALL (IN)
  TODAY            0.0           0.0    MM  MM     MM        0.0
  MONTH TO DATE    0.0                      MM     MM        0.0
  SINCE JUN 1      0.0                      MM     MM        0.0
  SINCE JUL 1      0.0                      MM     MM        0.0
  SNOW DEPTH       0

DEGREE DAYS
 HEATING
  TODAY            0                         0      0        0
  MONTH TO DATE    3                         0      3        0
  SINCE JUN 1     29                        35     -6       50
  SINCE JUL 1      3                         0      3        0

 COOLING
  TODAY            9                        10     -1       14
  MONTH TO DATE   52                        68    -16       78
  SINCE JUN 1    210                       238    -28      245
  SINCE JAN 1    288                       278     10      302
..................................................................


WIND (MPH)
  HIGHEST WIND SPEED    24   HIGHEST WIND DIRECTION     N (340)
  HIGHEST GUST SPEED    32   HIGHEST GUST DIRECTION     N (340)
  AVERAGE WIND SPEED     7.4


SKY COVER
  POSSIBLE SUNSHINE  MM
  AVERAGE SKY COVER 0.2


WEATHER CONDITIONS
 THE FOLLOWING WEATHER WAS RECORDED TODAY.
  THUNDERSTORM
  LIGHT RAIN
  FOG


RELATIVE HUMIDITY (PERCENT)
 HIGHEST    93           600 AM
 LOWEST     44           200 PM
 AVERAGE    69

..........................................................


THE MITCHELL SD CLIMATE NORMALS FOR TOMORROW
                         NORMAL    RECORD    YEAR
 MAXIMUM TEMPERATURE (F)   87       108      1930
 MINIMUM TEMPERATURE (F)   63        46      1952


SUNRISE AND SUNSET
JULY  7 2014..........SUNRISE   558 AM CDT   SUNSET   916 PM CDT
JULY  8 2014..........SUNRISE   558 AM CDT   SUNSET   916 PM CDT


-  INDICATES NEGATIVE NUMBERS.
R  INDICATES RECORD WAS SET OR TIED.
MM INDICATES DATA IS MISSING.
T  INDICATES TRACE AMOUNT.




$$
