000
CDUS43 KFSD 120635
CLIMHE


CLIMATE REPORT
NATIONAL WEATHER SERVICE SIOUX FALLS SD
134 AM CDT TUE APR 12 2016


...................................

...THE MITCHELL SD CLIMATE SUMMARY FOR APRIL 11 2016...

CLIMATE NORMAL PERIOD 1981 TO 2010
CLIMATE RECORD PERIOD 1893 TO 2016


WEATHER ITEM   OBSERVED TIME   RECORD YEAR NORMAL DEPARTURE LAST
                VALUE   (LST)  VALUE       VALUE  FROM      YEAR
                                                  NORMAL
..................................................................
TEMPERATURE (F)
 YESTERDAY
  MAXIMUM         47    451 PM  89    1968  58    -11       79
  MINIMUM         24    601 AM  14    1997  33     -9       39
                                      1939
  AVERAGE         36                        46    -10       59

PRECIPITATION (IN)
  YESTERDAY        0.00          1.54 1979   0.07  -0.07     0.00
  MONTH TO DATE    0.07                      0.49  -0.42     0.26
  SINCE MAR 1      1.43                      1.55  -0.12     0.39
  SINCE JAN 1      2.66                      2.11   0.55     1.16

SNOWFALL (IN)
  YESTERDAY        0.0           4.0  2013  MM     MM        0.0
  MONTH TO DATE    0.2                      MM     MM        0.0
  SINCE MAR 1      3.9                      MM     MM        0.7
  SINCE JUL 1     46.3                      MM     MM       22.6
  SNOW DEPTH       0

DEGREE DAYS
 HEATING
  YESTERDAY       29                        19     10        6
  MONTH TO DATE  239                       239      0      186
  SINCE MAR 1    944                      1197   -253      954
  SINCE JUL 1   5733                      6719   -986     6444

 COOLING
  YESTERDAY        0                         0      0        0
  MONTH TO DATE    0                         0      0        0
  SINCE MAR 1      0                         0      0        4
  SINCE JAN 1      0                         0      0        4
..................................................................


WIND (MPH)
  HIGHEST WIND SPEED    22   HIGHEST WIND DIRECTION     N (340)
  HIGHEST GUST SPEED    32   HIGHEST GUST DIRECTION     N (360)
  AVERAGE WIND SPEED    10.3


SKY COVER
  POSSIBLE SUNSHINE  MM
  AVERAGE SKY COVER 0.0


WEATHER CONDITIONS
 THE FOLLOWING WEATHER WAS RECORDED YESTERDAY.
  NO SIGNIFICANT WEATHER WAS OBSERVED.


RELATIVE HUMIDITY (PERCENT)
 HIGHEST    74           600 AM
 LOWEST     25           400 PM
 AVERAGE    50

..........................................................


THE MITCHELL SD CLIMATE NORMALS FOR TODAY
                         NORMAL    RECORD    YEAR
 MAXIMUM TEMPERATURE (F)   59        91      1931
 MINIMUM TEMPERATURE (F)   34        15      1997
                                             1957


SUNRISE AND SUNSET
APRIL 12 2016.........SUNRISE   653 AM CDT   SUNSET   813 PM CDT
APRIL 13 2016.........SUNRISE   652 AM CDT   SUNSET   814 PM CDT


-  INDICATES NEGATIVE NUMBERS.
R  INDICATES RECORD WAS SET OR TIED.
MM INDICATES DATA IS MISSING.
T  INDICATES TRACE AMOUNT.




$$
